



{"id":10175,"date":"2017-08-02T00:24:09","date_gmt":"2017-08-01T22:24:09","guid":{"rendered":"https:\/\/www.faustyna.pl\/zmbm\/?page_id=10175"},"modified":"2021-01-12T17:19:22","modified_gmt":"2021-01-12T16:19:22","slug":"archiwum-ostatniej-transmisji-modlitwy-w-godzinie-milosierdzia-i-koronki","status":"publish","type":"page","link":"https:\/\/www.faustyna.pl\/zmbm\/archiwum-ostatniej-transmisji-modlitwy-w-godzinie-milosierdzia-i-koronki\/","title":{"rendered":"Archiwum ostatniej transmisji modlitwy w Godzinie Mi\u0142osierdzia i Koronki"},"content":{"rendered":"<p style=\"text-align: justify\"><strong>Ile razy us\u0142yszysz, jak zegar bije trzeci\u0105 godzin\u0119, zanurzaj si\u0119 ca\u0142a w mi\u0142osierdziu Moim, uwielbiaj\u0105c i wys\u0142awiaj\u0105c je; wzywaj jego wszechmocy dla \u015bwiata ca\u0142ego, a szczeg\u00f3lnie dla biednych grzesznik\u00f3w<\/strong> (Dz. 1572).<\/p>\n<p><a href=\"https:\/\/www.faustyna.pl\/zmbm\/wp-content\/uploads\/2021\/01\/Godzina-Miloserdzia-2020.jpg\" data-gallery><img loading=\"lazy\" decoding=\"async\" class=\"size-medium wp-image-19436 alignnone\" src=\"https:\/\/www.faustyna.pl\/zmbm\/wp-content\/uploads\/2021\/01\/Godzina-Miloserdzia-2020-560x331.jpg\" alt=\"\" width=\"560\" height=\"331\" srcset=\"https:\/\/www.faustyna.pl\/zmbm\/wp-content\/uploads\/2021\/01\/Godzina-Miloserdzia-2020-560x331.jpg 560w, https:\/\/www.faustyna.pl\/zmbm\/wp-content\/uploads\/2021\/01\/Godzina-Miloserdzia-2020-140x83.jpg 140w, https:\/\/www.faustyna.pl\/zmbm\/wp-content\/uploads\/2021\/01\/Godzina-Miloserdzia-2020.jpg 1024w\" sizes=\"auto, (max-width: 560px) 100vw, 560px\" \/><\/a><\/p>\n<p style=\"text-align: left\">Archiwum ostatniej transmisji modlitwy w Godzinie Mi\u0142osierdzia i Koronki.<\/p>\n<p style=\"text-align: center\">\n","protected":false},"excerpt":{"rendered":"<p>Ile razy us\u0142yszysz, jak zegar bije trzeci\u0105 godzin\u0119, zanurzaj si\u0119 ca\u0142a w mi\u0142osierdziu Moim, uwielbiaj\u0105c i wys\u0142awiaj\u0105c je; wzywaj jego wszechmocy dla \u015bwiata ca\u0142ego, a szczeg\u00f3lnie dla biednych grzesznik\u00f3w (Dz. 1572). Archiwum ostatniej transmisji modlitwy w Godzinie Mi\u0142osierdzia i Koronki.<\/p>\n","protected":false},"author":1,"featured_media":0,"parent":0,"menu_order":0,"comment_status":"closed","ping_status":"closed","template":"page_transmisja_archiwum.php","meta":{"footnotes":""},"categories":[106],"tags":[],"class_list":["post-10175","page","type-page","status-publish","hentry","category-transmisja-on-line"],"_links":{"self":[{"href":"https:\/\/www.faustyna.pl\/zmbm\/wp-json\/wp\/v2\/pages\/10175","targetHints":{"allow":["GET"]}}],"collection":[{"href":"https:\/\/www.faustyna.pl\/zmbm\/wp-json\/wp\/v2\/pages"}],"about":[{"href":"https:\/\/www.faustyna.pl\/zmbm\/wp-json\/wp\/v2\/types\/page"}],"author":[{"embeddable":true,"href":"https:\/\/www.faustyna.pl\/zmbm\/wp-json\/wp\/v2\/users\/1"}],"replies":[{"embeddable":true,"href":"https:\/\/www.faustyna.pl\/zmbm\/wp-json\/wp\/v2\/comments?post=10175"}],"version-history":[{"count":14,"href":"https:\/\/www.faustyna.pl\/zmbm\/wp-json\/wp\/v2\/pages\/10175\/revisions"}],"predecessor-version":[{"id":19437,"href":"https:\/\/www.faustyna.pl\/zmbm\/wp-json\/wp\/v2\/pages\/10175\/revisions\/19437"}],"wp:attachment":[{"href":"https:\/\/www.faustyna.pl\/zmbm\/wp-json\/wp\/v2\/media?parent=10175"}],"wp:term":[{"taxonomy":"category","embeddable":true,"href":"https:\/\/www.faustyna.pl\/zmbm\/wp-json\/wp\/v2\/categories?post=10175"},{"taxonomy":"post_tag","embeddable":true,"href":"https:\/\/www.faustyna.pl\/zmbm\/wp-json\/wp\/v2\/tags?post=10175"}],"curies":[{"name":"wp","href":"https:\/\/api.w.org\/{rel}","templated":true}]}}