



{"id":11651,"date":"2017-11-16T15:39:06","date_gmt":"2017-11-16T14:39:06","guid":{"rendered":"https:\/\/www.faustyna.pl\/zmbm\/?page_id=11651"},"modified":"2026-05-11T08:58:58","modified_gmt":"2026-05-11T06:58:58","slug":"rekolekcje","status":"publish","type":"page","link":"https:\/\/www.faustyna.pl\/zmbm\/rekolekcje\/","title":{"rendered":"Rekolekcje i dni skupienia"},"content":{"rendered":"<p><a href=\"https:\/\/www.faustyna.pl\/zmbm\/wp-content\/uploads\/2024\/01\/Grafika-do-rekolekcji.jpg\" data-gallery><img loading=\"lazy\" decoding=\"async\" class=\"aligncenter wp-image-28070 size-full\" src=\"https:\/\/www.faustyna.pl\/zmbm\/wp-content\/uploads\/2024\/01\/Grafika-do-rekolekcji.jpg\" alt=\"\" width=\"1024\" height=\"460\" srcset=\"https:\/\/www.faustyna.pl\/zmbm\/wp-content\/uploads\/2024\/01\/Grafika-do-rekolekcji.jpg 1024w, https:\/\/www.faustyna.pl\/zmbm\/wp-content\/uploads\/2024\/01\/Grafika-do-rekolekcji-560x252.jpg 560w, https:\/\/www.faustyna.pl\/zmbm\/wp-content\/uploads\/2024\/01\/Grafika-do-rekolekcji-140x63.jpg 140w\" sizes=\"auto, (max-width: 1024px) 100vw, 1024px\" \/><\/a><\/p>\n<h3 style=\"text-align: center;\"><span style=\"color: #800000;\"><a href=\"https:\/\/www.faustinum.pl\/pl\/rekolekcje-2026\/\"><span style=\"text-decoration: underline;\">REKOLEKCJE I DNI SKUPIENIA<\/span><\/a><br \/>\nDLA CZCICIELI BO\u017bEGO MI\u0141OSIERDZIA<\/span><\/h3>\n<p style=\"text-align: justify;\">Rekolekcje i dni skupienia z Bibli\u0105 i \u201eDzienniczkiem\u201d \u015bw. Siostry Faustyny organizowane s\u0105 przez Stowarzyszenie Aposto\u0142\u00f3w Bo\u017cego Mi\u0142osierdzia \u201eFaustinum\u201d w Sanktuarium Bo\u017cego Mi\u0142osierdzia w Krakowie-\u0141agiewnikach i innych domach rekolekcyjnych. Prowadz\u0105 je kap\u0142ani wraz z siostrami ze Zgromadzenia Matki Bo\u017cej Mi\u0142osierdzia, a uczestniczy\u0107 w nich mog\u0105 wszyscy, kt\u00f3rzy przez modlitw\u0119 s\u0142owem Bo\u017cym i refleksj\u0105 nad tekstami \u201eDzienniczka\u201d chc\u0105 si\u0119 spotyka\u0107 z Jezusem Mi\u0142osiernym, by Go na\u015bladowa\u0107 w \u017cyciu i uczestniczy\u0107 w Jego zbawczej i u\u015bwi\u0119caj\u0105cej misji. Dni skupienia i rekolekcje prze\u017cywane s\u0105 w atmosferze pustyni i w milczeniu.<\/p>\n<p><a href=\"https:\/\/www.faustinum.pl\/pl\/rekolekcje-2024\/\"><img loading=\"lazy\" decoding=\"async\" class=\"aligncenter wp-image-28068 size-full\" src=\"https:\/\/www.faustyna.pl\/zmbm\/wp-content\/uploads\/2024\/01\/sb.jpg\" alt=\"\" width=\"1024\" height=\"460\" srcset=\"https:\/\/www.faustyna.pl\/zmbm\/wp-content\/uploads\/2024\/01\/sb.jpg 1024w, https:\/\/www.faustyna.pl\/zmbm\/wp-content\/uploads\/2024\/01\/sb-560x252.jpg 560w, https:\/\/www.faustyna.pl\/zmbm\/wp-content\/uploads\/2024\/01\/sb-140x63.jpg 140w\" sizes=\"auto, (max-width: 1024px) 100vw, 1024px\" \/><\/a><\/p>\n<h3><\/h3>\n<h3 style=\"text-align: center;\"><a href=\"https:\/\/www.faustinum.pl\/pl\/rekolekcje-dla-kaplanow-2024\/\"><span style=\"color: #800000;\">REKOLEKCJE DLA KAP\u0141AN\u00d3W<\/span><\/a><\/h3>\n<p style=\"text-align: justify;\">Organizowane s\u0105 w Sanktuarium Bo\u017cego Mi\u0142osierdzia w Krakowie-\u0141agiewnikach przez stowarzyszenie \u201eFaustinum\u201d. Tematy tych rekolekcji zwi\u0105zane s\u0105 z r\u00f3\u017cnymi aspektami tajemnicy mi\u0142osierdzia Bo\u017cego i ludzkiego. W oparciu o teksty Pisma \u015awi\u0119tego prowadz\u0105 je zaproszeni kap\u0142ani, a siostry ze Zgromadzenia Matki Bo\u017cej Mi\u0142osierdzia dope\u0142niaj\u0105 podejmowany temat, ukazuj\u0105c go w \u015bwietle \u201eDzienniczka\u201d \u015bw. Faustyny.<\/p>\n<p><a href=\"https:\/\/www.faustinum.pl\/pl\/rekolekcje-dla-kaplanow-2024\/\"><img loading=\"lazy\" decoding=\"async\" class=\"aligncenter wp-image-28072 size-full\" src=\"https:\/\/www.faustyna.pl\/zmbm\/wp-content\/uploads\/2024\/01\/priest-2711054_960_720.jpg\" alt=\"\" width=\"1024\" height=\"460\" srcset=\"https:\/\/www.faustyna.pl\/zmbm\/wp-content\/uploads\/2024\/01\/priest-2711054_960_720.jpg 1024w, https:\/\/www.faustyna.pl\/zmbm\/wp-content\/uploads\/2024\/01\/priest-2711054_960_720-560x252.jpg 560w, https:\/\/www.faustyna.pl\/zmbm\/wp-content\/uploads\/2024\/01\/priest-2711054_960_720-140x63.jpg 140w\" sizes=\"auto, (max-width: 1024px) 100vw, 1024px\" \/><\/a><\/p>\n<h3><\/h3>\n<h3 style=\"text-align: center;\"><a href=\"https:\/\/www.faustyna.pl\/zmbm\/program-i-zgloszenie-rekolecje\/\"><span style=\"color: #800000;\">REKOLEKCJE DLA DZIEWCZ\u0104T<\/span><\/a><\/h3>\n<p style=\"text-align: justify;\">Dzie\u0142o powo\u0142a\u0144 Zgromadzenia Si\u00f3str Matki Bo\u017cej Mi\u0142osierdzia organizuje rekolekcje i dni skupienia <span style=\"text-decoration: underline;\"><span style=\"color: #800000; text-decoration: underline;\">dla dziewcz\u0105t <\/span><span style=\"color: #800000; text-decoration: underline;\">w wieku od 16-35 lat<\/span><\/span>, kt\u00f3re pragn\u0105 umocni\u0107 duchow\u0105 wi\u0119\u017a z Bogiem, do\u015bwiadczy\u0107 Go w osobistej i wsp\u00f3lnotowej modlitwie, a poprzez ws\u0142uchanie si\u0119 w Jego s\u0142owo odnale\u017a\u0107 odpowiedzi na nurtuj\u0105ce pytania. Rekolekcje mog\u0105 r\u00f3wnie\u017c stanowi\u0107 cenn\u0105 pomoc na drodze rozeznania swojego powo\u0142ania. Prowadz\u0105 je w bardzo atrakcyjnej formie kap\u0142ani oraz siostry ze Zgromadzenia Matki Bo\u017cej Mi\u0142osierdzia w r\u00f3\u017cnych klasztorach w Polsce. Ich tematyka odpowiada na oczekiwania i problemy m\u0142odego pokolenia, zw\u0142aszcza os\u00f3b poszukuj\u0105cych swojej drogi \u017cycia<span style=\"color: #000000; font-family: Times New Roman;\">.<\/span><span style=\"color: #000000; font-family: Times New Roman;\">\u00a0<\/span><\/p>\n<p><a href=\"https:\/\/www.faustyna.pl\/zmbm\/program-i-zgloszenie-rekolecje\/\"><img loading=\"lazy\" decoding=\"async\" class=\"aligncenter wp-image-28079 size-full\" src=\"https:\/\/www.faustyna.pl\/zmbm\/wp-content\/uploads\/2024\/01\/pottery-2522868_1920.jpg\" alt=\"\" width=\"1024\" height=\"460\" srcset=\"https:\/\/www.faustyna.pl\/zmbm\/wp-content\/uploads\/2024\/01\/pottery-2522868_1920.jpg 1024w, https:\/\/www.faustyna.pl\/zmbm\/wp-content\/uploads\/2024\/01\/pottery-2522868_1920-560x252.jpg 560w, https:\/\/www.faustyna.pl\/zmbm\/wp-content\/uploads\/2024\/01\/pottery-2522868_1920-140x63.jpg 140w\" sizes=\"auto, (max-width: 1024px) 100vw, 1024px\" \/><\/a><\/p>\n<h3 style=\"text-align: center;\"><span style=\"color: #800000;\"><br \/>\nREKOLEKCJE INDYWIDUALNE<\/span><\/h3>\n<p style=\"text-align: justify;\">W sekretariacie Stowarzyszenia Aposto\u0142\u00f3w Bo\u017cego Mi\u0142osierdzia \u201eFaustinum\u201d przyjmowane s\u0105 zapisy na indywidualne rekolekcje z Bibli\u0105 i \u201eDzienniczkiem\u201d \u015bw. Siostry Faustyny. Zapraszane s\u0105 na nie osoby, kt\u00f3re pragn\u0105 prze\u017cy\u0107 spotkanie z Bogiem w czasie pog\u0142\u0119bionej modlitwy s\u0142owem Bo\u017cym i korzystaj\u0105c z duchowego dziedzictwa Aposto\u0142ki Bo\u017cego Mi\u0142osierdzia. Rekolekcje odbywaj\u0105 si\u0119 wed\u0142ug programu, jaki proponuje kierownik duchowy (siostra ze Zgromadzenia Matki Bo\u017cej Mi\u0142osierdzia) w ca\u0142kowitym milczeniu, z wy\u0142\u0105czeniem telefonu kom\u00f3rkowego i innych urz\u0105dze\u0144 elektronicznych.<\/p>\n<h3 style=\"text-align: center;\"><span style=\"color: #800000;\"><a style=\"color: #800000;\" href=\"https:\/\/www.faustinum.pl\/pl\/rekolekcje-indywidualne-2021-2022\/\">W Sanktuarium Bo\u017cego Mi\u0142osierdzia w Krakowie-\u0141agiewnika<\/a>ch<\/span><\/h3>\n<p style=\"text-align: center;\"><a href=\"https:\/\/www.faustinum.pl\/pl\/rekolekcje-indywidualne-2021-2022\/\"><img loading=\"lazy\" decoding=\"async\" class=\"aligncenter wp-image-28065 size-full\" src=\"https:\/\/www.faustyna.pl\/zmbm\/wp-content\/uploads\/2024\/01\/Rekolekcje_indywidualne_Krakow.jpg\" alt=\"\" width=\"1024\" height=\"377\" srcset=\"https:\/\/www.faustyna.pl\/zmbm\/wp-content\/uploads\/2024\/01\/Rekolekcje_indywidualne_Krakow.jpg 1024w, https:\/\/www.faustyna.pl\/zmbm\/wp-content\/uploads\/2024\/01\/Rekolekcje_indywidualne_Krakow-560x206.jpg 560w, https:\/\/www.faustyna.pl\/zmbm\/wp-content\/uploads\/2024\/01\/Rekolekcje_indywidualne_Krakow-140x52.jpg 140w\" sizes=\"auto, (max-width: 1024px) 100vw, 1024px\" \/><\/a><\/p>\n<h3><\/h3>\n<h3 style=\"text-align: center;\"><a href=\"https:\/\/www.faustyna.pl\/zmbm\/odejscie-w-cisze-w-swinicach-warckich\/\"><span style=\"color: #800000;\">W klasztorze w \u015awinicach Warckich<\/span><\/a><\/h3>\n<h3><a href=\"https:\/\/www.faustyna.pl\/zmbm\/wp-content\/uploads\/2025\/11\/Swinice-Glogowiec-3.jpg\" data-gallery><img loading=\"lazy\" decoding=\"async\" class=\"aligncenter wp-image-31397 size-full\" src=\"https:\/\/www.faustyna.pl\/zmbm\/wp-content\/uploads\/2025\/11\/Swinice-Glogowiec-3.jpg\" alt=\"\" width=\"1024\" height=\"560\" srcset=\"https:\/\/www.faustyna.pl\/zmbm\/wp-content\/uploads\/2025\/11\/Swinice-Glogowiec-3.jpg 1024w, https:\/\/www.faustyna.pl\/zmbm\/wp-content\/uploads\/2025\/11\/Swinice-Glogowiec-3-560x306.jpg 560w, https:\/\/www.faustyna.pl\/zmbm\/wp-content\/uploads\/2025\/11\/Swinice-Glogowiec-3-140x77.jpg 140w\" sizes=\"auto, (max-width: 1024px) 100vw, 1024px\" \/><\/a><\/h3>\n<h3><\/h3>\n<h3 style=\"text-align: center;\"><a href=\"https:\/\/www.walendow.faustyna.pl\/pustelnia-milosierdzia\/\"><span style=\"color: #800000;\">W Walendowie ko\u0142o Warszawy<\/span><\/a><\/h3>\n<p><a href=\"https:\/\/www.walendow.faustyna.pl\/pustelnia-milosierdzia\/\"><img loading=\"lazy\" decoding=\"async\" class=\"aligncenter wp-image-28066 size-full\" src=\"https:\/\/www.faustyna.pl\/zmbm\/wp-content\/uploads\/2024\/01\/Pustelnia.jpg\" alt=\"\" width=\"1024\" height=\"379\" srcset=\"https:\/\/www.faustyna.pl\/zmbm\/wp-content\/uploads\/2024\/01\/Pustelnia.jpg 1024w, https:\/\/www.faustyna.pl\/zmbm\/wp-content\/uploads\/2024\/01\/Pustelnia-560x207.jpg 560w, https:\/\/www.faustyna.pl\/zmbm\/wp-content\/uploads\/2024\/01\/Pustelnia-140x52.jpg 140w\" sizes=\"auto, (max-width: 1024px) 100vw, 1024px\" \/><\/a><\/p>\n<h3><\/h3>\n<h3 style=\"text-align: center;\"><a href=\"https:\/\/www.kiekrz.faustyna.pl\/dni-skupienia-i-wyciszenia\/\"><span style=\"color: #800000;\">W Sanktuarium \u015bw. Siostry Faustyny Kiekrzu ko\u0142o Poznania<\/span><\/a><\/h3>\n<p><a href=\"https:\/\/www.faustyna.pl\/zmbm\/wp-content\/uploads\/2024\/09\/Kiekrz_kolo_Poznania.jpg\" data-gallery><img loading=\"lazy\" decoding=\"async\" class=\"aligncenter wp-image-29552 size-full\" src=\"https:\/\/www.faustyna.pl\/zmbm\/wp-content\/uploads\/2024\/09\/Kiekrz_kolo_Poznania.jpg\" alt=\"\" width=\"1024\" height=\"553\" srcset=\"https:\/\/www.faustyna.pl\/zmbm\/wp-content\/uploads\/2024\/09\/Kiekrz_kolo_Poznania.jpg 1024w, https:\/\/www.faustyna.pl\/zmbm\/wp-content\/uploads\/2024\/09\/Kiekrz_kolo_Poznania-560x302.jpg 560w, https:\/\/www.faustyna.pl\/zmbm\/wp-content\/uploads\/2024\/09\/Kiekrz_kolo_Poznania-140x76.jpg 140w\" sizes=\"auto, (max-width: 1024px) 100vw, 1024px\" \/><\/a><\/p>\n<p>&nbsp;<\/p>\n","protected":false},"excerpt":{"rendered":"<p>REKOLEKCJE I DNI SKUPIENIA DLA CZCICIELI BO\u017bEGO MI\u0141OSIERDZIA Rekolekcje i dni skupienia z Bibli\u0105 i \u201eDzienniczkiem\u201d \u015bw. Siostry Faustyny organizowane s\u0105 przez Stowarzyszenie Aposto\u0142\u00f3w Bo\u017cego Mi\u0142osierdzia \u201eFaustinum\u201d w Sanktuarium Bo\u017cego Mi\u0142osierdzia w Krakowie-\u0141agiewnikach i innych domach rekolekcyjnych. Prowadz\u0105 je kap\u0142ani wraz z siostrami ze Zgromadzenia Matki Bo\u017cej Mi\u0142osierdzia, a uczestniczy\u0107 w nich mog\u0105 wszyscy, kt\u00f3rzy [&hellip;]<\/p>\n","protected":false},"author":2,"featured_media":0,"parent":0,"menu_order":0,"comment_status":"closed","ping_status":"closed","template":"","meta":{"footnotes":""},"categories":[65],"tags":[],"class_list":["post-11651","page","type-page","status-publish","hentry","category-rekolekcje-kategoria"],"_links":{"self":[{"href":"https:\/\/www.faustyna.pl\/zmbm\/wp-json\/wp\/v2\/pages\/11651","targetHints":{"allow":["GET"]}}],"collection":[{"href":"https:\/\/www.faustyna.pl\/zmbm\/wp-json\/wp\/v2\/pages"}],"about":[{"href":"https:\/\/www.faustyna.pl\/zmbm\/wp-json\/wp\/v2\/types\/page"}],"author":[{"embeddable":true,"href":"https:\/\/www.faustyna.pl\/zmbm\/wp-json\/wp\/v2\/users\/2"}],"replies":[{"embeddable":true,"href":"https:\/\/www.faustyna.pl\/zmbm\/wp-json\/wp\/v2\/comments?post=11651"}],"version-history":[{"count":68,"href":"https:\/\/www.faustyna.pl\/zmbm\/wp-json\/wp\/v2\/pages\/11651\/revisions"}],"predecessor-version":[{"id":32621,"href":"https:\/\/www.faustyna.pl\/zmbm\/wp-json\/wp\/v2\/pages\/11651\/revisions\/32621"}],"wp:attachment":[{"href":"https:\/\/www.faustyna.pl\/zmbm\/wp-json\/wp\/v2\/media?parent=11651"}],"wp:term":[{"taxonomy":"category","embeddable":true,"href":"https:\/\/www.faustyna.pl\/zmbm\/wp-json\/wp\/v2\/categories?post=11651"},{"taxonomy":"post_tag","embeddable":true,"href":"https:\/\/www.faustyna.pl\/zmbm\/wp-json\/wp\/v2\/tags?post=11651"}],"curies":[{"name":"wp","href":"https:\/\/api.w.org\/{rel}","templated":true}]}}