



{"id":1197,"date":"2014-12-17T00:55:52","date_gmt":"2014-12-17T00:55:52","guid":{"rendered":"http:\/\/www.faustyna.pl\/zmbm\/?page_id=1197"},"modified":"2023-03-08T14:43:53","modified_gmt":"2023-03-08T13:43:53","slug":"litania-do-sw-siostry-faustyny","status":"publish","type":"page","link":"https:\/\/www.faustyna.pl\/zmbm\/litania-do-sw-siostry-faustyny\/","title":{"rendered":"Litania do \u015bw. Siostry Faustyny"},"content":{"rendered":"<h3 align=\"center\"><span style=\"color: #800000\"><b><b> <a href=\"https:\/\/www.faustyna.pl\/zmbm\/wp-content\/uploads\/2014\/12\/Litania-kadr.jpg\" data-gallery><img loading=\"lazy\" decoding=\"async\" class=\"alignleft size-medium wp-image-7650\" src=\"https:\/\/www.faustyna.pl\/zmbm\/wp-content\/uploads\/2014\/12\/Litania-kadr-560x334.jpg\" alt=\"Litania - kadr\" width=\"560\" height=\"334\" srcset=\"https:\/\/www.faustyna.pl\/zmbm\/wp-content\/uploads\/2014\/12\/Litania-kadr-560x334.jpg 560w, https:\/\/www.faustyna.pl\/zmbm\/wp-content\/uploads\/2014\/12\/Litania-kadr-140x83.jpg 140w, https:\/\/www.faustyna.pl\/zmbm\/wp-content\/uploads\/2014\/12\/Litania-kadr.jpg 1024w\" sizes=\"auto, (max-width: 560px) 100vw, 560px\" \/><\/a><\/b><\/b><\/span><\/h3>\n<h3 align=\"center\"><\/h3>\n<h3 align=\"center\"><\/h3>\n<h3 align=\"center\"><\/h3>\n<h3 align=\"center\"><\/h3>\n<h3 align=\"center\"><\/h3>\n<h3 align=\"center\"><\/h3>\n<h3 align=\"center\"><\/h3>\n<h3 align=\"center\"><\/h3>\n<h3 align=\"center\"><\/h3>\n<h3 align=\"center\"><\/h3>\n<h3 align=\"center\"><\/h3>\n<h3 align=\"center\"><span style=\"color: #800000\"><b><b>LITANIA DO \u015aW. SIOSTRY FAUSTYNY<br \/>\n<\/b><\/b><i style=\"font-weight: normal\">do prywatnego odmawiania<\/i><\/span><\/h3>\n<p dir=\"ltr\" style=\"margin-right: 0px\" align=\"justify\">Kyrie, eleison, Christe, eleison, Kyrie, eleison<br \/>\nChryste, us\u0142ysz nas, Chryste, wys\u0142uchaj nas<br \/>\nOjcze z nieba Bo\u017ce \u2013 <i style=\"font-weight: normal\">zmi\u0142uj si\u0119 nad nami<\/i><br \/>\nSynu Odkupicielu \u015bwiata Bo\u017ce \u2013 <i style=\"font-weight: normal\">zmi\u0142uj si\u0119 nad nami<\/i><br \/>\nDuchu \u015awi\u0119ty Bo\u017ce \u2013 <i style=\"font-weight: normal\">zmi\u0142uj si\u0119 nad nami<\/i><br \/>\n\u015awi\u0119ta Tr\u00f3jco, Jedyny Bo\u017ce \u2013 <i style=\"font-weight: normal\">zmi\u0142uj si\u0119 nad nami<\/i><br \/>\n\u015awi\u0119ta Maryjo \u2013 <i style=\"font-weight: normal\">m\u00f3dl si\u0119 za nami<\/i><br \/>\n\u015awi\u0119ta Faustyno, \u017cywy \u015bwiadku mi\u0142osierdzia Ojca Niebieskiego<br \/>\n\u2013 <i style=\"font-weight: normal\">m\u00f3dl si\u0119 za nami<\/i><br \/>\n\u015awi\u0119ta Faustyno, pokorna s\u0142u\u017cebnico Jezusa, Wcielonego Mi\u0142osierdzia<br \/>\n\u015awi\u0119ta Faustyno, pos\u0142uszne narz\u0119dzie Ducha Pocieszyciela<br \/>\n\u015awi\u0119ta Faustyno, ufna c\u00f3rko Matki Mi\u0142osierdzia<br \/>\n\u015awi\u0119ta Faustyno, powiernico or\u0119dzia o mi\u0142osierdziu Bo\u017cym<br \/>\n\u015awi\u0119ta Faustyno, wierna sekretarko s\u0142\u00f3w Jezusa Mi\u0142osiernego<br \/>\n\u015awi\u0119ta Faustyno, wielka aposto\u0142ko mi\u0142osierdzia Bo\u017cego<br \/>\n\u015awi\u0119ta Faustyno, szafarko Boga bogatego w mi\u0142osierdzie<br \/>\n\u015awi\u0119ta Faustyno, darze Boga dla ca\u0142ego \u015bwiata<br \/>\n\u015awi\u0119ta Faustyno, dostrzegaj\u0105ca dobro\u0107 Stw\u00f3rcy w ka\u017cdym stworzeniu<br \/>\n\u015awi\u0119ta Faustyno, wielbi\u0105ca Boga w tajemnicy Wcielenia<br \/>\n\u015awi\u0119ta Faustyno, uczestniczko m\u0119ki i zmartwychwstania Pana<br \/>\n\u015awi\u0119ta Faustyno, przewodniczko na drodze Jezusowego krzy\u017ca<br \/>\n\u015awi\u0119ta Faustyno, spotykaj\u0105ca si\u0119 z Jezusem w sakramentach \u015bwi\u0119tych<br \/>\n\u015awi\u0119ta Faustyno, zjednoczona z Oblubie\u0144cem w swej duszy<br \/>\n\u015awi\u0119ta Faustyno, ol\u015bniona mi\u0142osierdziem Boga w \u017cyciu Maryi<br \/>\n\u015awi\u0119ta Faustyno, mi\u0142uj\u0105ca Ko\u015bci\u00f3\u0142 \u2013 Mistyczne Cia\u0142o Chrystusa<br \/>\n\u015awi\u0119ta Faustyno, mocna prawdziw\u0105 wiar\u0105<br \/>\n\u015awi\u0119ta Faustyno, wytrwa\u0142a niez\u0142omn\u0105 nadziej\u0105<br \/>\n\u015awi\u0119ta Faustyno, p\u0142on\u0105ca gor\u0105c\u0105 mi\u0142o\u015bci\u0105<br \/>\n\u015awi\u0119ta Faustyno, pi\u0119kna prawdziw\u0105 pokor\u0105<br \/>\n\u015awi\u0119ta Faustyno, prosta dzieci\u0119c\u0105 ufno\u015bci\u0105<br \/>\n\u015awi\u0119ta Faustyno, wzorze pe\u0142nienia woli Bo\u017cej<br \/>\n\u015awi\u0119ta Faustyno, przyk\u0142adzie ofiarnej s\u0142u\u017cby<br \/>\n\u015awi\u0119ta Faustyno, opiekunko troskliwa dusz kap\u0142a\u0144skich i zakonnych<br \/>\n\u015awi\u0119ta Faustyno, ochrono przed z\u0142em ludzi m\u0142odych i dzieci<br \/>\n\u015awi\u0119ta Faustyno, nadziejo upadaj\u0105cych i zrozpaczonych<br \/>\n\u015awi\u0119ta Faustyno, umocnienie chorych i cierpi\u0105cych<br \/>\n\u015awi\u0119ta Faustyno, wspieraj\u0105ca ufno\u015b\u0107 w sercach konaj\u0105cych<br \/>\n\u015awi\u0119ta Faustyno, ofiaruj\u0105ca si\u0119 za grzesznik\u00f3w<br \/>\n\u015awi\u0119ta Faustyno, zatroskana o zbawienie wszystkich ludzi<br \/>\n\u015awi\u0119ta Faustyno, or\u0119downiczko cierpi\u0105cych w czy\u015b\u0107cu<br \/>\n\u015awi\u0119ta Faustyno, prosz\u0105ca o mi\u0142osierdzie Boga dla ca\u0142ego \u015bwiata<\/p>\n<p dir=\"ltr\" style=\"margin-right: 0px\" align=\"justify\">Baranku Bo\u017cy, kt\u00f3ry g\u0142adzisz grzechy \u015bwiata, przepu\u015b\u0107 nam, Panie.<br \/>\nBaranku Bo\u017cy, \u00a0kt\u00f3ry g\u0142adzisz grzechy \u015bwiata, wys\u0142uchaj nas, Panie.<br \/>\nBaranku Bo\u017cy, kt\u00f3ry g\u0142adzisz grzechy \u015bwiata, zmi\u0142uj si\u0119 nad nami.<\/p>\n<p style=\"margin: 1pt 0cm;line-height: 150%\"><b>C:<\/b> M\u00f3dl si\u0119 za nami \u015bw. Faustyno,<br \/>\n<b>W:<\/b> Aby\u015bmy \u017cyciem i s\u0142owem g\u0142osili \u015bwiatu or\u0119dzie Mi\u0142osierdzia.<\/p>\n<p>M\u00f3dlmy si\u0119:<\/p>\n<p style=\"text-align: justify\">Mi\u0142osierny Bo\u017ce,\u00a0przyjmij\u00a0 nasze dzi\u0119kczynienie\u00a0 za dar \u017cycia i pos\u0142annictwa \u015bw. Faustyny i za jej wstawiennictwem pom\u00f3\u017c nam wzrasta\u0107 w postawie ufno\u015bci wobec Ciebie i mi\u0142osierdzia wzgl\u0119dem bli\u017anich. Przez Chrystusa, Pana naszego. Amen.<\/p>\n<p>&#8212;&#8212;&#8212;&#8212;&#8212;&#8212;&#8212;&#8212;&#8212;&#8212;-<br \/>\nImprimatur<br \/>\nFranciszek kard. Macharski<br \/>\nmetropolita krakowski<br \/>\nKrak\u00f3w, 9 lipca 2003<\/p>\n<p><a href=\"https:\/\/www.faustyna.pl\/zmbm\/swieta-siostra-faustyna\/\">\u015awi\u0119ta Siostra Faustyna\/Liturgia i modlitwy<\/a><\/p>\n","protected":false},"excerpt":{"rendered":"<p>LITANIA DO \u015aW. SIOSTRY FAUSTYNY do prywatnego odmawiania Kyrie, eleison, Christe, eleison, Kyrie, eleison Chryste, us\u0142ysz nas, Chryste, wys\u0142uchaj nas Ojcze z nieba Bo\u017ce \u2013 zmi\u0142uj si\u0119 nad nami Synu Odkupicielu \u015bwiata Bo\u017ce \u2013 zmi\u0142uj si\u0119 nad nami Duchu \u015awi\u0119ty Bo\u017ce \u2013 zmi\u0142uj si\u0119 nad nami \u015awi\u0119ta Tr\u00f3jco, Jedyny Bo\u017ce \u2013 zmi\u0142uj si\u0119 nad nami [&hellip;]<\/p>\n","protected":false},"author":1,"featured_media":0,"parent":0,"menu_order":0,"comment_status":"closed","ping_status":"closed","template":"","meta":{"footnotes":""},"categories":[33],"tags":[],"class_list":["post-1197","page","type-page","status-publish","hentry","category-liturgia-i-modlitwy-swieta-siostra-faustyna"],"_links":{"self":[{"href":"https:\/\/www.faustyna.pl\/zmbm\/wp-json\/wp\/v2\/pages\/1197","targetHints":{"allow":["GET"]}}],"collection":[{"href":"https:\/\/www.faustyna.pl\/zmbm\/wp-json\/wp\/v2\/pages"}],"about":[{"href":"https:\/\/www.faustyna.pl\/zmbm\/wp-json\/wp\/v2\/types\/page"}],"author":[{"embeddable":true,"href":"https:\/\/www.faustyna.pl\/zmbm\/wp-json\/wp\/v2\/users\/1"}],"replies":[{"embeddable":true,"href":"https:\/\/www.faustyna.pl\/zmbm\/wp-json\/wp\/v2\/comments?post=1197"}],"version-history":[{"count":11,"href":"https:\/\/www.faustyna.pl\/zmbm\/wp-json\/wp\/v2\/pages\/1197\/revisions"}],"predecessor-version":[{"id":25883,"href":"https:\/\/www.faustyna.pl\/zmbm\/wp-json\/wp\/v2\/pages\/1197\/revisions\/25883"}],"wp:attachment":[{"href":"https:\/\/www.faustyna.pl\/zmbm\/wp-json\/wp\/v2\/media?parent=1197"}],"wp:term":[{"taxonomy":"category","embeddable":true,"href":"https:\/\/www.faustyna.pl\/zmbm\/wp-json\/wp\/v2\/categories?post=1197"},{"taxonomy":"post_tag","embeddable":true,"href":"https:\/\/www.faustyna.pl\/zmbm\/wp-json\/wp\/v2\/tags?post=1197"}],"curies":[{"name":"wp","href":"https:\/\/api.w.org\/{rel}","templated":true}]}}