



{"id":12581,"date":"2018-03-21T20:44:24","date_gmt":"2018-03-21T19:44:24","guid":{"rendered":"https:\/\/www.faustyna.pl\/zmbm\/?page_id=12581"},"modified":"2018-03-21T21:58:06","modified_gmt":"2018-03-21T20:58:06","slug":"jezusowe-oredzie-milosierdzia","status":"publish","type":"page","link":"https:\/\/www.faustyna.pl\/zmbm\/jezusowe-oredzie-milosierdzia\/","title":{"rendered":"Jezusowe or\u0119dzie Mi\u0142osierdzia"},"content":{"rendered":"<p><img decoding=\"async\" class=\"alignnone size-medium wp-image-8827\" src=\"https:\/\/www.faustyna.pl\/zmbm\/wp-content\/uploads\/2018\/03\/IMG_6729.jpg\" alt=\"Jezusowe or\u0119dzie Mi\u0142osierdzia\" width=\"550\" \/><\/p>\n<audio class=\"wp-audio-shortcode\" id=\"audio-12581-1\" preload=\"none\" style=\"width: 100%;\" controls=\"controls\"><source type=\"audio\/mpeg\" src=\"https:\/\/www.faustyna.pl\/zmbm\/wp-content\/uploads\/2018\/03\/01-Wysylam_ciebie.mp3?_=1\" \/><a href=\"https:\/\/www.faustyna.pl\/zmbm\/wp-content\/uploads\/2018\/03\/01-Wysylam_ciebie.mp3\">https:\/\/www.faustyna.pl\/zmbm\/wp-content\/uploads\/2018\/03\/01-Wysylam_ciebie.mp3<\/a><\/audio>\n<p>&nbsp;<\/p>\n<p><span style=\"color: #000000\"><strong>Or\u0119dzie Mi\u0142osierdzia &#8211; <\/strong><strong>dar Boga dla naszych czas\u00f3w<\/strong><\/span><\/p>\n<p><audio class=\"wp-audio-shortcode\" id=\"audio-12581-2\" preload=\"none\" style=\"width: 100%;\" controls=\"controls\"><source type=\"audio\/mpeg\" src=\"https:\/\/www.faustyna.pl\/zmbm\/wp-content\/uploads\/2018\/03\/02-Raduje_sie.mp3?_=2\" \/><a href=\"https:\/\/www.faustyna.pl\/zmbm\/wp-content\/uploads\/2018\/03\/02-Raduje_sie.mp3\">https:\/\/www.faustyna.pl\/zmbm\/wp-content\/uploads\/2018\/03\/02-Raduje_sie.mp3<\/a><\/audio><br \/>\n<audio class=\"wp-audio-shortcode\" id=\"audio-12581-3\" preload=\"none\" style=\"width: 100%;\" controls=\"controls\"><source type=\"audio\/mpeg\" src=\"https:\/\/www.faustyna.pl\/zmbm\/wp-content\/uploads\/2018\/03\/03-Pan_Jezus_wybral.mp3?_=3\" \/><a href=\"https:\/\/www.faustyna.pl\/zmbm\/wp-content\/uploads\/2018\/03\/03-Pan_Jezus_wybral.mp3\">https:\/\/www.faustyna.pl\/zmbm\/wp-content\/uploads\/2018\/03\/03-Pan_Jezus_wybral.mp3<\/a><\/audio><br \/>\n<audio class=\"wp-audio-shortcode\" id=\"audio-12581-4\" preload=\"none\" style=\"width: 100%;\" controls=\"controls\"><source type=\"audio\/mpeg\" src=\"https:\/\/www.faustyna.pl\/zmbm\/wp-content\/uploads\/2018\/03\/04-Jestem_swiety.mp3?_=4\" \/><a href=\"https:\/\/www.faustyna.pl\/zmbm\/wp-content\/uploads\/2018\/03\/04-Jestem_swiety.mp3\">https:\/\/www.faustyna.pl\/zmbm\/wp-content\/uploads\/2018\/03\/04-Jestem_swiety.mp3<\/a><\/audio><\/p>\n<p>&nbsp;<\/p>\n<ol>\n<li><span style=\"color: #000000\"><strong>Mi\u0142osierna mi\u0142o\u015b\u0107 Boga<\/strong><\/span><\/li>\n<\/ol>\n<p><audio class=\"wp-audio-shortcode\" id=\"audio-12581-5\" preload=\"none\" style=\"width: 100%;\" controls=\"controls\"><source type=\"audio\/mpeg\" src=\"https:\/\/www.faustyna.pl\/zmbm\/wp-content\/uploads\/2018\/03\/05-Jestem_miloscia.mp3?_=5\" \/><a href=\"https:\/\/www.faustyna.pl\/zmbm\/wp-content\/uploads\/2018\/03\/05-Jestem_miloscia.mp3\">https:\/\/www.faustyna.pl\/zmbm\/wp-content\/uploads\/2018\/03\/05-Jestem_miloscia.mp3<\/a><\/audio><br \/>\n<audio class=\"wp-audio-shortcode\" id=\"audio-12581-6\" preload=\"none\" style=\"width: 100%;\" controls=\"controls\"><source type=\"audio\/mpeg\" src=\"https:\/\/www.faustyna.pl\/zmbm\/wp-content\/uploads\/2018\/03\/06-Otworzylem_swe.mp3?_=6\" \/><a href=\"https:\/\/www.faustyna.pl\/zmbm\/wp-content\/uploads\/2018\/03\/06-Otworzylem_swe.mp3\">https:\/\/www.faustyna.pl\/zmbm\/wp-content\/uploads\/2018\/03\/06-Otworzylem_swe.mp3<\/a><\/audio><br \/>\n<audio class=\"wp-audio-shortcode\" id=\"audio-12581-7\" preload=\"none\" style=\"width: 100%;\" controls=\"controls\"><source type=\"audio\/mpeg\" src=\"https:\/\/www.faustyna.pl\/zmbm\/wp-content\/uploads\/2018\/03\/07-Serce_moje.mp3?_=7\" \/><a href=\"https:\/\/www.faustyna.pl\/zmbm\/wp-content\/uploads\/2018\/03\/07-Serce_moje.mp3\">https:\/\/www.faustyna.pl\/zmbm\/wp-content\/uploads\/2018\/03\/07-Serce_moje.mp3<\/a><\/audio><br \/>\n<audio class=\"wp-audio-shortcode\" id=\"audio-12581-8\" preload=\"none\" style=\"width: 100%;\" controls=\"controls\"><source type=\"audio\/mpeg\" src=\"https:\/\/www.faustyna.pl\/zmbm\/wp-content\/uploads\/2018\/03\/08-Jak_bardzo_pragne.mp3?_=8\" \/><a href=\"https:\/\/www.faustyna.pl\/zmbm\/wp-content\/uploads\/2018\/03\/08-Jak_bardzo_pragne.mp3\">https:\/\/www.faustyna.pl\/zmbm\/wp-content\/uploads\/2018\/03\/08-Jak_bardzo_pragne.mp3<\/a><\/audio><br \/>\n<audio class=\"wp-audio-shortcode\" id=\"audio-12581-9\" preload=\"none\" style=\"width: 100%;\" controls=\"controls\"><source type=\"audio\/mpeg\" src=\"https:\/\/www.faustyna.pl\/zmbm\/wp-content\/uploads\/2018\/03\/09-Zdroj_milosierdzia.mp3?_=9\" \/><a href=\"https:\/\/www.faustyna.pl\/zmbm\/wp-content\/uploads\/2018\/03\/09-Zdroj_milosierdzia.mp3\">https:\/\/www.faustyna.pl\/zmbm\/wp-content\/uploads\/2018\/03\/09-Zdroj_milosierdzia.mp3<\/a><\/audio><br \/>\n<audio class=\"wp-audio-shortcode\" id=\"audio-12581-10\" preload=\"none\" style=\"width: 100%;\" controls=\"controls\"><source type=\"audio\/mpeg\" src=\"https:\/\/www.faustyna.pl\/zmbm\/wp-content\/uploads\/2018\/03\/10-O_gdyby_znali.mp3?_=10\" \/><a href=\"https:\/\/www.faustyna.pl\/zmbm\/wp-content\/uploads\/2018\/03\/10-O_gdyby_znali.mp3\">https:\/\/www.faustyna.pl\/zmbm\/wp-content\/uploads\/2018\/03\/10-O_gdyby_znali.mp3<\/a><\/audio><\/p>\n<p>&nbsp;<\/p>\n<ol>\n<li style=\"list-style-type: none\">2. <strong style=\"color: #000000\">\u0179r\u00f3d\u0142a Bo\u017cego mi\u0142osierdzia<\/strong><\/li>\n<\/ol>\n<p><span style=\"color: #000000\"><strong>Sakrament pojednania<\/strong><\/span><\/p>\n<p><audio class=\"wp-audio-shortcode\" id=\"audio-12581-11\" preload=\"none\" style=\"width: 100%;\" controls=\"controls\"><source type=\"audio\/mpeg\" src=\"https:\/\/www.faustyna.pl\/zmbm\/wp-content\/uploads\/2018\/03\/11-Powiedz_duszom.mp3?_=11\" \/><a href=\"https:\/\/www.faustyna.pl\/zmbm\/wp-content\/uploads\/2018\/03\/11-Powiedz_duszom.mp3\">https:\/\/www.faustyna.pl\/zmbm\/wp-content\/uploads\/2018\/03\/11-Powiedz_duszom.mp3<\/a><\/audio><br \/>\n<audio class=\"wp-audio-shortcode\" id=\"audio-12581-12\" preload=\"none\" style=\"width: 100%;\" controls=\"controls\"><source type=\"audio\/mpeg\" src=\"https:\/\/www.faustyna.pl\/zmbm\/wp-content\/uploads\/2018\/03\/12-Kiedy_przystepujsz.mp3?_=12\" \/><a href=\"https:\/\/www.faustyna.pl\/zmbm\/wp-content\/uploads\/2018\/03\/12-Kiedy_przystepujsz.mp3\">https:\/\/www.faustyna.pl\/zmbm\/wp-content\/uploads\/2018\/03\/12-Kiedy_przystepujsz.mp3<\/a><\/audio><br \/>\n<audio class=\"wp-audio-shortcode\" id=\"audio-12581-13\" preload=\"none\" style=\"width: 100%;\" controls=\"controls\"><source type=\"audio\/mpeg\" src=\"https:\/\/www.faustyna.pl\/zmbm\/wp-content\/uploads\/2018\/03\/13-Jak_sie_przygotowujesz.mp3?_=13\" \/><a href=\"https:\/\/www.faustyna.pl\/zmbm\/wp-content\/uploads\/2018\/03\/13-Jak_sie_przygotowujesz.mp3\">https:\/\/www.faustyna.pl\/zmbm\/wp-content\/uploads\/2018\/03\/13-Jak_sie_przygotowujesz.mp3<\/a><\/audio><\/p>\n<p><span style=\"color: #000000\"><strong>Eucharystia<\/strong><\/span><\/p>\n<p><audio class=\"wp-audio-shortcode\" id=\"audio-12581-14\" preload=\"none\" style=\"width: 100%;\" controls=\"controls\"><source type=\"audio\/mpeg\" src=\"https:\/\/www.faustyna.pl\/zmbm\/wp-content\/uploads\/2018\/03\/14-Pragne_jednoczyc.mp3?_=14\" \/><a href=\"https:\/\/www.faustyna.pl\/zmbm\/wp-content\/uploads\/2018\/03\/14-Pragne_jednoczyc.mp3\">https:\/\/www.faustyna.pl\/zmbm\/wp-content\/uploads\/2018\/03\/14-Pragne_jednoczyc.mp3<\/a><\/audio><br \/>\n<audio class=\"wp-audio-shortcode\" id=\"audio-12581-15\" preload=\"none\" style=\"width: 100%;\" controls=\"controls\"><source type=\"audio\/mpeg\" src=\"https:\/\/www.faustyna.pl\/zmbm\/wp-content\/uploads\/2018\/03\/15-Ach_jak_Mnie.mp3?_=15\" \/><a href=\"https:\/\/www.faustyna.pl\/zmbm\/wp-content\/uploads\/2018\/03\/15-Ach_jak_Mnie.mp3\">https:\/\/www.faustyna.pl\/zmbm\/wp-content\/uploads\/2018\/03\/15-Ach_jak_Mnie.mp3<\/a><\/audio><br \/>\n<audio class=\"wp-audio-shortcode\" id=\"audio-12581-16\" preload=\"none\" style=\"width: 100%;\" controls=\"controls\"><source type=\"audio\/mpeg\" src=\"https:\/\/www.faustyna.pl\/zmbm\/wp-content\/uploads\/2018\/03\/16-Choc_na_pozor.mp3?_=16\" \/><a href=\"https:\/\/www.faustyna.pl\/zmbm\/wp-content\/uploads\/2018\/03\/16-Choc_na_pozor.mp3\">https:\/\/www.faustyna.pl\/zmbm\/wp-content\/uploads\/2018\/03\/16-Choc_na_pozor.mp3<\/a><\/audio><\/p>\n<p>&nbsp;<\/p>\n<ol>\n<li style=\"list-style-type: none\">3. <strong style=\"color: #000000\">Pragnienia Boga<\/strong><\/li>\n<\/ol>\n<p><span style=\"color: #000000\"><strong>Zaufania od cz\u0142owieka<\/strong><\/span><\/p>\n<p><audio class=\"wp-audio-shortcode\" id=\"audio-12581-17\" preload=\"none\" style=\"width: 100%;\" controls=\"controls\"><source type=\"audio\/mpeg\" src=\"https:\/\/www.faustyna.pl\/zmbm\/wp-content\/uploads\/2018\/03\/17-Pragne_zaufania.mp3?_=17\" \/><a href=\"https:\/\/www.faustyna.pl\/zmbm\/wp-content\/uploads\/2018\/03\/17-Pragne_zaufania.mp3\">https:\/\/www.faustyna.pl\/zmbm\/wp-content\/uploads\/2018\/03\/17-Pragne_zaufania.mp3<\/a><\/audio><br \/>\n<audio class=\"wp-audio-shortcode\" id=\"audio-12581-18\" preload=\"none\" style=\"width: 100%;\" controls=\"controls\"><source type=\"audio\/mpeg\" src=\"https:\/\/www.faustyna.pl\/zmbm\/wp-content\/uploads\/2018\/03\/18-Zadna_dusza.mp3?_=18\" \/><a href=\"https:\/\/www.faustyna.pl\/zmbm\/wp-content\/uploads\/2018\/03\/18-Zadna_dusza.mp3\">https:\/\/www.faustyna.pl\/zmbm\/wp-content\/uploads\/2018\/03\/18-Zadna_dusza.mp3<\/a><\/audio><br \/>\n<audio class=\"wp-audio-shortcode\" id=\"audio-12581-19\" preload=\"none\" style=\"width: 100%;\" controls=\"controls\"><source type=\"audio\/mpeg\" src=\"https:\/\/www.faustyna.pl\/zmbm\/wp-content\/uploads\/2018\/03\/19-Najwieksza_oddajesz.mp3?_=19\" \/><a href=\"https:\/\/www.faustyna.pl\/zmbm\/wp-content\/uploads\/2018\/03\/19-Najwieksza_oddajesz.mp3\">https:\/\/www.faustyna.pl\/zmbm\/wp-content\/uploads\/2018\/03\/19-Najwieksza_oddajesz.mp3<\/a><\/audio><br \/>\n<audio class=\"wp-audio-shortcode\" id=\"audio-12581-20\" preload=\"none\" style=\"width: 100%;\" controls=\"controls\"><source type=\"audio\/mpeg\" src=\"https:\/\/www.faustyna.pl\/zmbm\/wp-content\/uploads\/2018\/03\/20-Nieufnosc_dusz.mp3?_=20\" \/><a href=\"https:\/\/www.faustyna.pl\/zmbm\/wp-content\/uploads\/2018\/03\/20-Nieufnosc_dusz.mp3\">https:\/\/www.faustyna.pl\/zmbm\/wp-content\/uploads\/2018\/03\/20-Nieufnosc_dusz.mp3<\/a><\/audio><\/p>\n<p><span style=\"color: #000000\"><strong>Mi\u0142osierdzia wobec bli\u017anich<\/strong><\/span><\/p>\n<p><audio class=\"wp-audio-shortcode\" id=\"audio-12581-21\" preload=\"none\" style=\"width: 100%;\" controls=\"controls\"><source type=\"audio\/mpeg\" src=\"https:\/\/www.faustyna.pl\/zmbm\/wp-content\/uploads\/2018\/03\/21-Milosierdzie_Moje.mp3?_=21\" \/><a href=\"https:\/\/www.faustyna.pl\/zmbm\/wp-content\/uploads\/2018\/03\/21-Milosierdzie_Moje.mp3\">https:\/\/www.faustyna.pl\/zmbm\/wp-content\/uploads\/2018\/03\/21-Milosierdzie_Moje.mp3<\/a><\/audio><br \/>\n<audio class=\"wp-audio-shortcode\" id=\"audio-12581-22\" preload=\"none\" style=\"width: 100%;\" controls=\"controls\"><source type=\"audio\/mpeg\" src=\"https:\/\/www.faustyna.pl\/zmbm\/wp-content\/uploads\/2018\/03\/22-Zadam_od_ciebie.mp3?_=22\" \/><a href=\"https:\/\/www.faustyna.pl\/zmbm\/wp-content\/uploads\/2018\/03\/22-Zadam_od_ciebie.mp3\">https:\/\/www.faustyna.pl\/zmbm\/wp-content\/uploads\/2018\/03\/22-Zadam_od_ciebie.mp3<\/a><\/audio><br \/>\n<audio class=\"wp-audio-shortcode\" id=\"audio-12581-23\" preload=\"none\" style=\"width: 100%;\" controls=\"controls\"><source type=\"audio\/mpeg\" src=\"https:\/\/www.faustyna.pl\/zmbm\/wp-content\/uploads\/2018\/03\/23-O_wiele_wieksza.mp3?_=23\" \/><a href=\"https:\/\/www.faustyna.pl\/zmbm\/wp-content\/uploads\/2018\/03\/23-O_wiele_wieksza.mp3\">https:\/\/www.faustyna.pl\/zmbm\/wp-content\/uploads\/2018\/03\/23-O_wiele_wieksza.mp3<\/a><\/audio><\/p>\n<p>&nbsp;<\/p>\n<ol>\n<li style=\"list-style-type: none\">4. <strong style=\"color: #000000\">Nowe formy kultu Mi\u0142osierdzia Bo\u017cego<\/strong><\/li>\n<\/ol>\n<p><span style=\"color: #000000\"><strong> Obraz<\/strong><\/span><\/p>\n<p><audio class=\"wp-audio-shortcode\" id=\"audio-12581-24\" preload=\"none\" style=\"width: 100%;\" controls=\"controls\"><source type=\"audio\/mpeg\" src=\"https:\/\/www.faustyna.pl\/zmbm\/wp-content\/uploads\/2018\/03\/24-Wymaluj_obraz.mp3?_=24\" \/><a href=\"https:\/\/www.faustyna.pl\/zmbm\/wp-content\/uploads\/2018\/03\/24-Wymaluj_obraz.mp3\">https:\/\/www.faustyna.pl\/zmbm\/wp-content\/uploads\/2018\/03\/24-Wymaluj_obraz.mp3<\/a><\/audio><br \/>\n<audio class=\"wp-audio-shortcode\" id=\"audio-12581-25\" preload=\"none\" style=\"width: 100%;\" controls=\"controls\"><source type=\"audio\/mpeg\" src=\"https:\/\/www.faustyna.pl\/zmbm\/wp-content\/uploads\/2018\/03\/25-Te_dwa_promienie.mp3?_=25\" \/><a href=\"https:\/\/www.faustyna.pl\/zmbm\/wp-content\/uploads\/2018\/03\/25-Te_dwa_promienie.mp3\">https:\/\/www.faustyna.pl\/zmbm\/wp-content\/uploads\/2018\/03\/25-Te_dwa_promienie.mp3<\/a><\/audio><br \/>\n<audio class=\"wp-audio-shortcode\" id=\"audio-12581-26\" preload=\"none\" style=\"width: 100%;\" controls=\"controls\"><source type=\"audio\/mpeg\" src=\"https:\/\/www.faustyna.pl\/zmbm\/wp-content\/uploads\/2018\/03\/26-Nie_w_pieknosci.mp3?_=26\" \/><a href=\"https:\/\/www.faustyna.pl\/zmbm\/wp-content\/uploads\/2018\/03\/26-Nie_w_pieknosci.mp3\">https:\/\/www.faustyna.pl\/zmbm\/wp-content\/uploads\/2018\/03\/26-Nie_w_pieknosci.mp3<\/a><\/audio><\/p>\n<p><span style=\"color: #000000\"><strong>\u015awi\u0119to Mi\u0142osierdzia<\/strong><\/span><\/p>\n<p><audio class=\"wp-audio-shortcode\" id=\"audio-12581-27\" preload=\"none\" style=\"width: 100%;\" controls=\"controls\"><source type=\"audio\/mpeg\" src=\"https:\/\/www.faustyna.pl\/zmbm\/wp-content\/uploads\/2018\/03\/27-Swieto_Milosierdzia.mp3?_=27\" \/><a href=\"https:\/\/www.faustyna.pl\/zmbm\/wp-content\/uploads\/2018\/03\/27-Swieto_Milosierdzia.mp3\">https:\/\/www.faustyna.pl\/zmbm\/wp-content\/uploads\/2018\/03\/27-Swieto_Milosierdzia.mp3<\/a><\/audio><br \/>\n<audio class=\"wp-audio-shortcode\" id=\"audio-12581-28\" preload=\"none\" style=\"width: 100%;\" controls=\"controls\"><source type=\"audio\/mpeg\" src=\"https:\/\/www.faustyna.pl\/zmbm\/wp-content\/uploads\/2018\/03\/28-Pragne_aby_swieto.mp3?_=28\" \/><a href=\"https:\/\/www.faustyna.pl\/zmbm\/wp-content\/uploads\/2018\/03\/28-Pragne_aby_swieto.mp3\">https:\/\/www.faustyna.pl\/zmbm\/wp-content\/uploads\/2018\/03\/28-Pragne_aby_swieto.mp3<\/a><\/audio><br \/>\n<audio class=\"wp-audio-shortcode\" id=\"audio-12581-29\" preload=\"none\" style=\"width: 100%;\" controls=\"controls\"><source type=\"audio\/mpeg\" src=\"https:\/\/www.faustyna.pl\/zmbm\/wp-content\/uploads\/2018\/03\/29-Patrz_w_przepasc.mp3?_=29\" \/><a href=\"https:\/\/www.faustyna.pl\/zmbm\/wp-content\/uploads\/2018\/03\/29-Patrz_w_przepasc.mp3\">https:\/\/www.faustyna.pl\/zmbm\/wp-content\/uploads\/2018\/03\/29-Patrz_w_przepasc.mp3<\/a><\/audio><\/p>\n<p><span style=\"color: #000000\"><strong>Koronka do Mi\u0142osierdzia Bo\u017cego<\/strong><\/span><\/p>\n<p><audio class=\"wp-audio-shortcode\" id=\"audio-12581-30\" preload=\"none\" style=\"width: 100%;\" controls=\"controls\"><source type=\"audio\/mpeg\" src=\"https:\/\/www.faustyna.pl\/zmbm\/wp-content\/uploads\/2018\/03\/30-Modlitwa_ta.mp3?_=30\" \/><a href=\"https:\/\/www.faustyna.pl\/zmbm\/wp-content\/uploads\/2018\/03\/30-Modlitwa_ta.mp3\">https:\/\/www.faustyna.pl\/zmbm\/wp-content\/uploads\/2018\/03\/30-Modlitwa_ta.mp3<\/a><\/audio><br \/>\n<audio class=\"wp-audio-shortcode\" id=\"audio-12581-31\" preload=\"none\" style=\"width: 100%;\" controls=\"controls\"><source type=\"audio\/mpeg\" src=\"https:\/\/www.faustyna.pl\/zmbm\/wp-content\/uploads\/2018\/03\/31-Dusze_ktore_odmawiac.mp3?_=31\" \/><a href=\"https:\/\/www.faustyna.pl\/zmbm\/wp-content\/uploads\/2018\/03\/31-Dusze_ktore_odmawiac.mp3\">https:\/\/www.faustyna.pl\/zmbm\/wp-content\/uploads\/2018\/03\/31-Dusze_ktore_odmawiac.mp3<\/a><\/audio><\/p>\n<p><span style=\"color: #000000\"><strong>Godzina Mi\u0142osierdzia &#8211; 15:00<\/strong><\/span><\/p>\n<p><audio class=\"wp-audio-shortcode\" id=\"audio-12581-32\" preload=\"none\" style=\"width: 100%;\" controls=\"controls\"><source type=\"audio\/mpeg\" src=\"https:\/\/www.faustyna.pl\/zmbm\/wp-content\/uploads\/2018\/03\/32-O_trzeciej_godzinie.mp3?_=32\" \/><a href=\"https:\/\/www.faustyna.pl\/zmbm\/wp-content\/uploads\/2018\/03\/32-O_trzeciej_godzinie.mp3\">https:\/\/www.faustyna.pl\/zmbm\/wp-content\/uploads\/2018\/03\/32-O_trzeciej_godzinie.mp3<\/a><\/audio><br \/>\n<audio class=\"wp-audio-shortcode\" id=\"audio-12581-33\" preload=\"none\" style=\"width: 100%;\" controls=\"controls\"><source type=\"audio\/mpeg\" src=\"https:\/\/www.faustyna.pl\/zmbm\/wp-content\/uploads\/2018\/03\/33-Przypominam_ci.mp3?_=33\" \/><a href=\"https:\/\/www.faustyna.pl\/zmbm\/wp-content\/uploads\/2018\/03\/33-Przypominam_ci.mp3\">https:\/\/www.faustyna.pl\/zmbm\/wp-content\/uploads\/2018\/03\/33-Przypominam_ci.mp3<\/a><\/audio><\/p>\n<p><span style=\"color: #000000\"><strong>Szerzenie czci Mi\u0142osierdzia<\/strong><\/span><\/p>\n<p><audio class=\"wp-audio-shortcode\" id=\"audio-12581-34\" preload=\"none\" style=\"width: 100%;\" controls=\"controls\"><source type=\"audio\/mpeg\" src=\"https:\/\/www.faustyna.pl\/zmbm\/wp-content\/uploads\/2018\/03\/34-Ile_razy_chcesz.mp3?_=34\" \/><a href=\"https:\/\/www.faustyna.pl\/zmbm\/wp-content\/uploads\/2018\/03\/34-Ile_razy_chcesz.mp3\">https:\/\/www.faustyna.pl\/zmbm\/wp-content\/uploads\/2018\/03\/34-Ile_razy_chcesz.mp3<\/a><\/audio><br \/>\n<audio class=\"wp-audio-shortcode\" id=\"audio-12581-35\" preload=\"none\" style=\"width: 100%;\" controls=\"controls\"><source type=\"audio\/mpeg\" src=\"https:\/\/www.faustyna.pl\/zmbm\/wp-content\/uploads\/2018\/03\/35-Dusze_ktore_szerza.mp3?_=35\" \/><a href=\"https:\/\/www.faustyna.pl\/zmbm\/wp-content\/uploads\/2018\/03\/35-Dusze_ktore_szerza.mp3\">https:\/\/www.faustyna.pl\/zmbm\/wp-content\/uploads\/2018\/03\/35-Dusze_ktore_szerza.mp3<\/a><\/audio><\/p>\n<p>&nbsp;<\/p>\n<ol>\n<li style=\"list-style-type: none\">5. <strong style=\"color: #000000\">Apostolski Ruch Bo\u017cego Mi\u0142osierdzia<\/strong><\/li>\n<\/ol>\n<audio class=\"wp-audio-shortcode\" id=\"audio-12581-36\" preload=\"none\" style=\"width: 100%;\" controls=\"controls\"><source type=\"audio\/mpeg\" src=\"https:\/\/www.faustyna.pl\/zmbm\/wp-content\/uploads\/2018\/03\/36-Pragne_aby_zgromadzenie.mp3?_=36\" \/><a href=\"https:\/\/www.faustyna.pl\/zmbm\/wp-content\/uploads\/2018\/03\/36-Pragne_aby_zgromadzenie.mp3\">https:\/\/www.faustyna.pl\/zmbm\/wp-content\/uploads\/2018\/03\/36-Pragne_aby_zgromadzenie.mp3<\/a><\/audio>\n<p>&nbsp;<\/p>\n<p>Opracowanie: Zgromadzenie Si\u00f3str Matki Bo\u017cej Mi\u0142osierdzia<br \/>\nLektor: aktor Marcin Kobierski<br \/>\nMuzyka: Zgromadzenie Si\u00f3str Matki Bo\u017cej Mi\u0142osierdzia<\/p>\n<p>Wi\u0119cej: <span style=\"color: #0000ff\"><a style=\"color: #0000ff\" href=\"https:\/\/www.faustyna.pl\/\">www.faustyna.pl<\/a><\/span><\/p>\n<p>\u00a9 Zgromadzenie Si\u00f3str Matki Bo\u017cej Mi\u0142osierdzia<br \/>\n\u017bytnia 3\/9, 01-014 Warszawa<br \/>\nImprimatur: bp Grzegorz Ry\u015b, Krak\u00f3w, 4 stycznia 2013<\/p>\n","protected":false},"excerpt":{"rendered":"<p>https:\/\/www.faustyna.pl\/zmbm\/wp-content\/uploads\/2018\/03\/01-Wysylam_ciebie.mp3 &nbsp; Or\u0119dzie Mi\u0142osierdzia &#8211; dar Boga dla naszych czas\u00f3w https:\/\/www.faustyna.pl\/zmbm\/wp-content\/uploads\/2018\/03\/02-Raduje_sie.mp3 https:\/\/www.faustyna.pl\/zmbm\/wp-content\/uploads\/2018\/03\/03-Pan_Jezus_wybral.mp3 https:\/\/www.faustyna.pl\/zmbm\/wp-content\/uploads\/2018\/03\/04-Jestem_swiety.mp3 &nbsp; Mi\u0142osierna mi\u0142o\u015b\u0107 Boga https:\/\/www.faustyna.pl\/zmbm\/wp-content\/uploads\/2018\/03\/05-Jestem_miloscia.mp3 https:\/\/www.faustyna.pl\/zmbm\/wp-content\/uploads\/2018\/03\/06-Otworzylem_swe.mp3 https:\/\/www.faustyna.pl\/zmbm\/wp-content\/uploads\/2018\/03\/07-Serce_moje.mp3 https:\/\/www.faustyna.pl\/zmbm\/wp-content\/uploads\/2018\/03\/08-Jak_bardzo_pragne.mp3 https:\/\/www.faustyna.pl\/zmbm\/wp-content\/uploads\/2018\/03\/09-Zdroj_milosierdzia.mp3 https:\/\/www.faustyna.pl\/zmbm\/wp-content\/uploads\/2018\/03\/10-O_gdyby_znali.mp3 &nbsp; 2. \u0179r\u00f3d\u0142a Bo\u017cego mi\u0142osierdzia Sakrament pojednania https:\/\/www.faustyna.pl\/zmbm\/wp-content\/uploads\/2018\/03\/11-Powiedz_duszom.mp3 https:\/\/www.faustyna.pl\/zmbm\/wp-content\/uploads\/2018\/03\/12-Kiedy_przystepujsz.mp3 https:\/\/www.faustyna.pl\/zmbm\/wp-content\/uploads\/2018\/03\/13-Jak_sie_przygotowujesz.mp3 Eucharystia https:\/\/www.faustyna.pl\/zmbm\/wp-content\/uploads\/2018\/03\/14-Pragne_jednoczyc.mp3 https:\/\/www.faustyna.pl\/zmbm\/wp-content\/uploads\/2018\/03\/15-Ach_jak_Mnie.mp3 https:\/\/www.faustyna.pl\/zmbm\/wp-content\/uploads\/2018\/03\/16-Choc_na_pozor.mp3 &nbsp; 3. Pragnienia Boga Zaufania od cz\u0142owieka https:\/\/www.faustyna.pl\/zmbm\/wp-content\/uploads\/2018\/03\/17-Pragne_zaufania.mp3 https:\/\/www.faustyna.pl\/zmbm\/wp-content\/uploads\/2018\/03\/18-Zadna_dusza.mp3 https:\/\/www.faustyna.pl\/zmbm\/wp-content\/uploads\/2018\/03\/19-Najwieksza_oddajesz.mp3 https:\/\/www.faustyna.pl\/zmbm\/wp-content\/uploads\/2018\/03\/20-Nieufnosc_dusz.mp3 Mi\u0142osierdzia wobec bli\u017anich https:\/\/www.faustyna.pl\/zmbm\/wp-content\/uploads\/2018\/03\/21-Milosierdzie_Moje.mp3 https:\/\/www.faustyna.pl\/zmbm\/wp-content\/uploads\/2018\/03\/22-Zadam_od_ciebie.mp3 https:\/\/www.faustyna.pl\/zmbm\/wp-content\/uploads\/2018\/03\/23-O_wiele_wieksza.mp3 &nbsp; [&hellip;]<\/p>\n","protected":false},"author":4,"featured_media":0,"parent":0,"menu_order":0,"comment_status":"closed","ping_status":"closed","template":"","meta":{"footnotes":""},"categories":[107921],"tags":[],"class_list":["post-12581","page","type-page","status-publish","hentry","category-pliki-audio"],"_links":{"self":[{"href":"https:\/\/www.faustyna.pl\/zmbm\/wp-json\/wp\/v2\/pages\/12581","targetHints":{"allow":["GET"]}}],"collection":[{"href":"https:\/\/www.faustyna.pl\/zmbm\/wp-json\/wp\/v2\/pages"}],"about":[{"href":"https:\/\/www.faustyna.pl\/zmbm\/wp-json\/wp\/v2\/types\/page"}],"author":[{"embeddable":true,"href":"https:\/\/www.faustyna.pl\/zmbm\/wp-json\/wp\/v2\/users\/4"}],"replies":[{"embeddable":true,"href":"https:\/\/www.faustyna.pl\/zmbm\/wp-json\/wp\/v2\/comments?post=12581"}],"version-history":[{"count":31,"href":"https:\/\/www.faustyna.pl\/zmbm\/wp-json\/wp\/v2\/pages\/12581\/revisions"}],"predecessor-version":[{"id":12664,"href":"https:\/\/www.faustyna.pl\/zmbm\/wp-json\/wp\/v2\/pages\/12581\/revisions\/12664"}],"wp:attachment":[{"href":"https:\/\/www.faustyna.pl\/zmbm\/wp-json\/wp\/v2\/media?parent=12581"}],"wp:term":[{"taxonomy":"category","embeddable":true,"href":"https:\/\/www.faustyna.pl\/zmbm\/wp-json\/wp\/v2\/categories?post=12581"},{"taxonomy":"post_tag","embeddable":true,"href":"https:\/\/www.faustyna.pl\/zmbm\/wp-json\/wp\/v2\/tags?post=12581"}],"curies":[{"name":"wp","href":"https:\/\/api.w.org\/{rel}","templated":true}]}}