



{"id":12658,"date":"2018-03-21T21:55:01","date_gmt":"2018-03-21T20:55:01","guid":{"rendered":"https:\/\/www.faustyna.pl\/zmbm\/?page_id=12658"},"modified":"2018-03-21T22:16:32","modified_gmt":"2018-03-21T21:16:32","slug":"dar-boga-dla-naszych-czasow","status":"publish","type":"page","link":"https:\/\/www.faustyna.pl\/zmbm\/dar-boga-dla-naszych-czasow\/","title":{"rendered":"Dar Boga dla naszych czas\u00f3w"},"content":{"rendered":"<p><img decoding=\"async\" class=\"alignnone size-medium wp-image-8906\" src=\"https:\/\/www.faustyna.pl\/zmbm\/wp-content\/uploads\/2018\/03\/IMG_2547-1.jpg\" alt=\"Dar Boga dla naszych czas\u00f3w \" width=\"550\"><\/p>\n<p><strong>\u017bycie i misja \u015bw. Siostry Faustyny<\/strong><\/p>\n<audio class=\"wp-audio-shortcode\" id=\"audio-12658-1\" preload=\"none\" style=\"width: 100%;\" controls=\"controls\"><source type=\"audio\/mpeg\" src=\"https:\/\/www.faustyna.pl\/zmbm\/wp-content\/uploads\/2018\/03\/00-Dar-Boga-dla-naszych-czas\u00f3w.mp3?_=1\" \/><a href=\"https:\/\/www.faustyna.pl\/zmbm\/wp-content\/uploads\/2018\/03\/00-Dar-Boga-dla-naszych-czas\u00f3w.mp3\">https:\/\/www.faustyna.pl\/zmbm\/wp-content\/uploads\/2018\/03\/00-Dar-Boga-dla-naszych-czas\u00f3w.mp3<\/a><\/audio>\n<p>&nbsp;<\/p>\n<p><strong>Rozdzia\u0142 I &#8211; B\u0142ogos\u0142awione dziecko<\/strong><\/p>\n<p><audio class=\"wp-audio-shortcode\" id=\"audio-12658-2\" preload=\"none\" style=\"width: 100%;\" controls=\"controls\"><source type=\"audio\/mpeg\" src=\"https:\/\/www.faustyna.pl\/zmbm\/wp-content\/uploads\/2018\/03\/01a-Rozdzia\u0142-I-B\u0142ogos\u0142awione-dziecko.mp3?_=2\" \/><a href=\"https:\/\/www.faustyna.pl\/zmbm\/wp-content\/uploads\/2018\/03\/01a-Rozdzia\u0142-I-B\u0142ogos\u0142awione-dziecko.mp3\">https:\/\/www.faustyna.pl\/zmbm\/wp-content\/uploads\/2018\/03\/01a-Rozdzia\u0142-I-B\u0142ogos\u0142awione-dziecko.mp3<\/a><\/audio><br \/>\n<audio class=\"wp-audio-shortcode\" id=\"audio-12658-3\" preload=\"none\" style=\"width: 100%;\" controls=\"controls\"><source type=\"audio\/mpeg\" src=\"https:\/\/www.faustyna.pl\/zmbm\/wp-content\/uploads\/2018\/03\/01b-Rozdzia\u0142-I-B\u0142ogos\u0142awione-dziecko.mp3?_=3\" \/><a href=\"https:\/\/www.faustyna.pl\/zmbm\/wp-content\/uploads\/2018\/03\/01b-Rozdzia\u0142-I-B\u0142ogos\u0142awione-dziecko.mp3\">https:\/\/www.faustyna.pl\/zmbm\/wp-content\/uploads\/2018\/03\/01b-Rozdzia\u0142-I-B\u0142ogos\u0142awione-dziecko.mp3<\/a><\/audio><\/p>\n<p>&nbsp;<\/p>\n<p><strong>Rozdzia\u0142 II &#8211; Niezwyk\u0142a jasno\u015b\u0107<\/strong><\/p>\n<p><audio class=\"wp-audio-shortcode\" id=\"audio-12658-4\" preload=\"none\" style=\"width: 100%;\" controls=\"controls\"><source type=\"audio\/mpeg\" src=\"https:\/\/www.faustyna.pl\/zmbm\/wp-content\/uploads\/2018\/03\/02a-Rozdzia\u0142-II-Niezwyk\u0142a-jasno\u015b\u0107.mp3?_=4\" \/><a href=\"https:\/\/www.faustyna.pl\/zmbm\/wp-content\/uploads\/2018\/03\/02a-Rozdzia\u0142-II-Niezwyk\u0142a-jasno\u015b\u0107.mp3\">https:\/\/www.faustyna.pl\/zmbm\/wp-content\/uploads\/2018\/03\/02a-Rozdzia\u0142-II-Niezwyk\u0142a-jasno\u015b\u0107.mp3<\/a><\/audio><br \/>\n<audio class=\"wp-audio-shortcode\" id=\"audio-12658-5\" preload=\"none\" style=\"width: 100%;\" controls=\"controls\"><source type=\"audio\/mpeg\" src=\"https:\/\/www.faustyna.pl\/zmbm\/wp-content\/uploads\/2018\/03\/02b-Rozdzia\u0142-II-Niezwyk\u0142a-jasno\u015b\u0107.mp3?_=5\" \/><a href=\"https:\/\/www.faustyna.pl\/zmbm\/wp-content\/uploads\/2018\/03\/02b-Rozdzia\u0142-II-Niezwyk\u0142a-jasno\u015b\u0107.mp3\">https:\/\/www.faustyna.pl\/zmbm\/wp-content\/uploads\/2018\/03\/02b-Rozdzia\u0142-II-Niezwyk\u0142a-jasno\u015b\u0107.mp3<\/a><\/audio><\/p>\n<p>&nbsp;<\/p>\n<p><strong>Rozdzia\u0142 III &#8211; Tu ci\u0119 wezwa\u0142em<\/strong><\/p>\n<p><audio class=\"wp-audio-shortcode\" id=\"audio-12658-6\" preload=\"none\" style=\"width: 100%;\" controls=\"controls\"><source type=\"audio\/mpeg\" src=\"https:\/\/www.faustyna.pl\/zmbm\/wp-content\/uploads\/2018\/03\/03a-Rozdzia\u0142-III-Tu-ci\u0119-wezwa\u0142em.mp3?_=6\" \/><a href=\"https:\/\/www.faustyna.pl\/zmbm\/wp-content\/uploads\/2018\/03\/03a-Rozdzia\u0142-III-Tu-ci\u0119-wezwa\u0142em.mp3\">https:\/\/www.faustyna.pl\/zmbm\/wp-content\/uploads\/2018\/03\/03a-Rozdzia\u0142-III-Tu-ci\u0119-wezwa\u0142em.mp3<\/a><\/audio><br \/>\n<audio class=\"wp-audio-shortcode\" id=\"audio-12658-7\" preload=\"none\" style=\"width: 100%;\" controls=\"controls\"><source type=\"audio\/mpeg\" src=\"https:\/\/www.faustyna.pl\/zmbm\/wp-content\/uploads\/2018\/03\/03b-Rozdzia\u0142-III-Tu-ci\u0119-wezwa\u0142em.mp3?_=7\" \/><a href=\"https:\/\/www.faustyna.pl\/zmbm\/wp-content\/uploads\/2018\/03\/03b-Rozdzia\u0142-III-Tu-ci\u0119-wezwa\u0142em.mp3\">https:\/\/www.faustyna.pl\/zmbm\/wp-content\/uploads\/2018\/03\/03b-Rozdzia\u0142-III-Tu-ci\u0119-wezwa\u0142em.mp3<\/a><\/audio><\/p>\n<p>&nbsp;<\/p>\n<p><strong>Rozdzia\u0142 IV &#8211; Od dzi\u015b b\u0119dziesz si\u0119 nazywa\u0107 Siostra Maria Faustyna<\/strong><\/p>\n<p><audio class=\"wp-audio-shortcode\" id=\"audio-12658-8\" preload=\"none\" style=\"width: 100%;\" controls=\"controls\"><source type=\"audio\/mpeg\" src=\"https:\/\/www.faustyna.pl\/zmbm\/wp-content\/uploads\/2018\/03\/04a-Rozdzia\u0142-IV-Od-dzi\u015b-b\u0119dziesz-si\u0119-nazywa\u0107.mp3?_=8\" \/><a href=\"https:\/\/www.faustyna.pl\/zmbm\/wp-content\/uploads\/2018\/03\/04a-Rozdzia\u0142-IV-Od-dzi\u015b-b\u0119dziesz-si\u0119-nazywa\u0107.mp3\">https:\/\/www.faustyna.pl\/zmbm\/wp-content\/uploads\/2018\/03\/04a-Rozdzia\u0142-IV-Od-dzi\u015b-b\u0119dziesz-si\u0119-nazywa\u0107.mp3<\/a><\/audio><br \/>\n<audio class=\"wp-audio-shortcode\" id=\"audio-12658-9\" preload=\"none\" style=\"width: 100%;\" controls=\"controls\"><source type=\"audio\/mpeg\" src=\"https:\/\/www.faustyna.pl\/zmbm\/wp-content\/uploads\/2018\/03\/04b-Rozdzia\u0142-IV-Od-dzi\u015b-b\u0119dziesz-si\u0119-nazywa\u0107.mp3?_=9\" \/><a href=\"https:\/\/www.faustyna.pl\/zmbm\/wp-content\/uploads\/2018\/03\/04b-Rozdzia\u0142-IV-Od-dzi\u015b-b\u0119dziesz-si\u0119-nazywa\u0107.mp3\">https:\/\/www.faustyna.pl\/zmbm\/wp-content\/uploads\/2018\/03\/04b-Rozdzia\u0142-IV-Od-dzi\u015b-b\u0119dziesz-si\u0119-nazywa\u0107.mp3<\/a><\/audio><\/p>\n<p>&nbsp;<\/p>\n<p><strong>Rozdzia\u0142 V &#8211; Wymaluj obraz<\/strong><\/p>\n<p><audio class=\"wp-audio-shortcode\" id=\"audio-12658-10\" preload=\"none\" style=\"width: 100%;\" controls=\"controls\"><source type=\"audio\/mpeg\" src=\"https:\/\/www.faustyna.pl\/zmbm\/wp-content\/uploads\/2018\/03\/05a-Rozdzia\u0142-V-Wymaluj-obraz.mp3?_=10\" \/><a href=\"https:\/\/www.faustyna.pl\/zmbm\/wp-content\/uploads\/2018\/03\/05a-Rozdzia\u0142-V-Wymaluj-obraz.mp3\">https:\/\/www.faustyna.pl\/zmbm\/wp-content\/uploads\/2018\/03\/05a-Rozdzia\u0142-V-Wymaluj-obraz.mp3<\/a><\/audio><br \/>\n<audio class=\"wp-audio-shortcode\" id=\"audio-12658-11\" preload=\"none\" style=\"width: 100%;\" controls=\"controls\"><source type=\"audio\/mpeg\" src=\"https:\/\/www.faustyna.pl\/zmbm\/wp-content\/uploads\/2018\/03\/05b-Rozdzia\u0142-V-Wymaluj-obraz.mp3?_=11\" \/><a href=\"https:\/\/www.faustyna.pl\/zmbm\/wp-content\/uploads\/2018\/03\/05b-Rozdzia\u0142-V-Wymaluj-obraz.mp3\">https:\/\/www.faustyna.pl\/zmbm\/wp-content\/uploads\/2018\/03\/05b-Rozdzia\u0142-V-Wymaluj-obraz.mp3<\/a><\/audio><\/p>\n<p>&nbsp;<\/p>\n<p><strong>Rozdzia\u0142 VI &#8211; Spe\u0142nione \u017cyczenie<\/strong><\/p>\n<p><audio class=\"wp-audio-shortcode\" id=\"audio-12658-12\" preload=\"none\" style=\"width: 100%;\" controls=\"controls\"><source type=\"audio\/mpeg\" src=\"https:\/\/www.faustyna.pl\/zmbm\/wp-content\/uploads\/2018\/03\/06a-Rozdzia\u0142-VI-Spe\u0142nione-\u017cyczenie.mp3?_=12\" \/><a href=\"https:\/\/www.faustyna.pl\/zmbm\/wp-content\/uploads\/2018\/03\/06a-Rozdzia\u0142-VI-Spe\u0142nione-\u017cyczenie.mp3\">https:\/\/www.faustyna.pl\/zmbm\/wp-content\/uploads\/2018\/03\/06a-Rozdzia\u0142-VI-Spe\u0142nione-\u017cyczenie.mp3<\/a><\/audio><br \/>\n<audio class=\"wp-audio-shortcode\" id=\"audio-12658-13\" preload=\"none\" style=\"width: 100%;\" controls=\"controls\"><source type=\"audio\/mpeg\" src=\"https:\/\/www.faustyna.pl\/zmbm\/wp-content\/uploads\/2018\/03\/06b-Rozdzia\u0142-VI-Spe\u0142nione-\u017cyczenie.mp3?_=13\" \/><a href=\"https:\/\/www.faustyna.pl\/zmbm\/wp-content\/uploads\/2018\/03\/06b-Rozdzia\u0142-VI-Spe\u0142nione-\u017cyczenie.mp3\">https:\/\/www.faustyna.pl\/zmbm\/wp-content\/uploads\/2018\/03\/06b-Rozdzia\u0142-VI-Spe\u0142nione-\u017cyczenie.mp3<\/a><\/audio><\/p>\n<p>&nbsp;<\/p>\n<p><strong>Rozdzia\u0142 VII &#8211; Codzienno\u015b\u0107<\/strong><\/p>\n<p><audio class=\"wp-audio-shortcode\" id=\"audio-12658-14\" preload=\"none\" style=\"width: 100%;\" controls=\"controls\"><source type=\"audio\/mpeg\" src=\"https:\/\/www.faustyna.pl\/zmbm\/wp-content\/uploads\/2018\/03\/07a-Rozdzia\u0142-VII-Codzienno\u015b\u0107.mp3?_=14\" \/><a href=\"https:\/\/www.faustyna.pl\/zmbm\/wp-content\/uploads\/2018\/03\/07a-Rozdzia\u0142-VII-Codzienno\u015b\u0107.mp3\">https:\/\/www.faustyna.pl\/zmbm\/wp-content\/uploads\/2018\/03\/07a-Rozdzia\u0142-VII-Codzienno\u015b\u0107.mp3<\/a><\/audio><br \/>\n<audio class=\"wp-audio-shortcode\" id=\"audio-12658-15\" preload=\"none\" style=\"width: 100%;\" controls=\"controls\"><source type=\"audio\/mpeg\" src=\"https:\/\/www.faustyna.pl\/zmbm\/wp-content\/uploads\/2018\/03\/07b-Rozdzia\u0142-VII-Codzienno\u015b\u0107.mp3?_=15\" \/><a href=\"https:\/\/www.faustyna.pl\/zmbm\/wp-content\/uploads\/2018\/03\/07b-Rozdzia\u0142-VII-Codzienno\u015b\u0107.mp3\">https:\/\/www.faustyna.pl\/zmbm\/wp-content\/uploads\/2018\/03\/07b-Rozdzia\u0142-VII-Codzienno\u015b\u0107.mp3<\/a><\/audio><\/p>\n<p>&nbsp;<\/p>\n<p><strong>Rozdzia\u0142 VIII &#8211; Nowe zadania<\/strong><\/p>\n<p><audio class=\"wp-audio-shortcode\" id=\"audio-12658-16\" preload=\"none\" style=\"width: 100%;\" controls=\"controls\"><source type=\"audio\/mpeg\" src=\"https:\/\/www.faustyna.pl\/zmbm\/wp-content\/uploads\/2018\/03\/08a-Rozdzia\u0142-VIII-Nowe-zadania.mp3?_=16\" \/><a href=\"https:\/\/www.faustyna.pl\/zmbm\/wp-content\/uploads\/2018\/03\/08a-Rozdzia\u0142-VIII-Nowe-zadania.mp3\">https:\/\/www.faustyna.pl\/zmbm\/wp-content\/uploads\/2018\/03\/08a-Rozdzia\u0142-VIII-Nowe-zadania.mp3<\/a><\/audio><br \/>\n<audio class=\"wp-audio-shortcode\" id=\"audio-12658-17\" preload=\"none\" style=\"width: 100%;\" controls=\"controls\"><source type=\"audio\/mpeg\" src=\"https:\/\/www.faustyna.pl\/zmbm\/wp-content\/uploads\/2018\/03\/08b-Rozdzia\u0142-VIII-Nowe-zadania.mp3?_=17\" \/><a href=\"https:\/\/www.faustyna.pl\/zmbm\/wp-content\/uploads\/2018\/03\/08b-Rozdzia\u0142-VIII-Nowe-zadania.mp3\">https:\/\/www.faustyna.pl\/zmbm\/wp-content\/uploads\/2018\/03\/08b-Rozdzia\u0142-VIII-Nowe-zadania.mp3<\/a><\/audio><\/p>\n<p>&nbsp;<\/p>\n<p><strong>Rozdzia\u0142 IX &#8211; Ciemne noce<\/strong><\/p>\n<p><audio class=\"wp-audio-shortcode\" id=\"audio-12658-18\" preload=\"none\" style=\"width: 100%;\" controls=\"controls\"><source type=\"audio\/mpeg\" src=\"https:\/\/www.faustyna.pl\/zmbm\/wp-content\/uploads\/2018\/03\/09a-Rozdzia\u0142-IX-Ciemne-noce.mp3?_=18\" \/><a href=\"https:\/\/www.faustyna.pl\/zmbm\/wp-content\/uploads\/2018\/03\/09a-Rozdzia\u0142-IX-Ciemne-noce.mp3\">https:\/\/www.faustyna.pl\/zmbm\/wp-content\/uploads\/2018\/03\/09a-Rozdzia\u0142-IX-Ciemne-noce.mp3<\/a><\/audio><br \/>\n<audio class=\"wp-audio-shortcode\" id=\"audio-12658-19\" preload=\"none\" style=\"width: 100%;\" controls=\"controls\"><source type=\"audio\/mpeg\" src=\"https:\/\/www.faustyna.pl\/zmbm\/wp-content\/uploads\/2018\/03\/09b-Rozdzia\u0142-IX-Ciemne-noce.mp3?_=19\" \/><a href=\"https:\/\/www.faustyna.pl\/zmbm\/wp-content\/uploads\/2018\/03\/09b-Rozdzia\u0142-IX-Ciemne-noce.mp3\">https:\/\/www.faustyna.pl\/zmbm\/wp-content\/uploads\/2018\/03\/09b-Rozdzia\u0142-IX-Ciemne-noce.mp3<\/a><\/audio><\/p>\n<p>&nbsp;<\/p>\n<p><strong>Rozdzia\u0142 X &#8211; Wysy\u0142am ciebie do ca\u0142ego \u015bwiata<\/strong><\/p>\n<p><audio class=\"wp-audio-shortcode\" id=\"audio-12658-20\" preload=\"none\" style=\"width: 100%;\" controls=\"controls\"><source type=\"audio\/mpeg\" src=\"https:\/\/www.faustyna.pl\/zmbm\/wp-content\/uploads\/2018\/03\/10a-Rozdzia\u0142-X-Wysy\u0142am-ciebie-do-ca\u0142ego-\u015bwiata.mp3?_=20\" \/><a href=\"https:\/\/www.faustyna.pl\/zmbm\/wp-content\/uploads\/2018\/03\/10a-Rozdzia\u0142-X-Wysy\u0142am-ciebie-do-ca\u0142ego-\u015bwiata.mp3\">https:\/\/www.faustyna.pl\/zmbm\/wp-content\/uploads\/2018\/03\/10a-Rozdzia\u0142-X-Wysy\u0142am-ciebie-do-ca\u0142ego-\u015bwiata.mp3<\/a><\/audio><br \/>\n<audio class=\"wp-audio-shortcode\" id=\"audio-12658-21\" preload=\"none\" style=\"width: 100%;\" controls=\"controls\"><source type=\"audio\/mpeg\" src=\"https:\/\/www.faustyna.pl\/zmbm\/wp-content\/uploads\/2018\/03\/10b-Rozdzia\u0142-X-Wysy\u0142am-ciebie-do-ca\u0142ego-\u015bwiata.mp3?_=21\" \/><a href=\"https:\/\/www.faustyna.pl\/zmbm\/wp-content\/uploads\/2018\/03\/10b-Rozdzia\u0142-X-Wysy\u0142am-ciebie-do-ca\u0142ego-\u015bwiata.mp3\">https:\/\/www.faustyna.pl\/zmbm\/wp-content\/uploads\/2018\/03\/10b-Rozdzia\u0142-X-Wysy\u0142am-ciebie-do-ca\u0142ego-\u015bwiata.mp3<\/a><\/audio><\/p>\n<p>&nbsp;<\/p>\n<p><strong>Rozdzia\u0142 XI &#8211; Do domu mi\u0142osiernego Ojca<\/strong><\/p>\n<p><audio class=\"wp-audio-shortcode\" id=\"audio-12658-22\" preload=\"none\" style=\"width: 100%;\" controls=\"controls\"><source type=\"audio\/mpeg\" src=\"https:\/\/www.faustyna.pl\/zmbm\/wp-content\/uploads\/2018\/03\/11a-Rozdzia\u0142-XI-Do-domu-Mi\u0142osiernego-Ojca.mp3?_=22\" \/><a href=\"https:\/\/www.faustyna.pl\/zmbm\/wp-content\/uploads\/2018\/03\/11a-Rozdzia\u0142-XI-Do-domu-Mi\u0142osiernego-Ojca.mp3\">https:\/\/www.faustyna.pl\/zmbm\/wp-content\/uploads\/2018\/03\/11a-Rozdzia\u0142-XI-Do-domu-Mi\u0142osiernego-Ojca.mp3<\/a><\/audio><br \/>\n<audio class=\"wp-audio-shortcode\" id=\"audio-12658-23\" preload=\"none\" style=\"width: 100%;\" controls=\"controls\"><source type=\"audio\/mpeg\" src=\"https:\/\/www.faustyna.pl\/zmbm\/wp-content\/uploads\/2018\/03\/11b-Rozdzia\u0142-XI-Do-domu-Mi\u0142osiernego-Ojca.mp3?_=23\" \/><a href=\"https:\/\/www.faustyna.pl\/zmbm\/wp-content\/uploads\/2018\/03\/11b-Rozdzia\u0142-XI-Do-domu-Mi\u0142osiernego-Ojca.mp3\">https:\/\/www.faustyna.pl\/zmbm\/wp-content\/uploads\/2018\/03\/11b-Rozdzia\u0142-XI-Do-domu-Mi\u0142osiernego-Ojca.mp3<\/a><\/audio><\/p>\n<p>&nbsp;<\/p>\n<p><strong>Rozdzia\u0142 XII &#8211; Moje pos\u0142annictwo nie sko\u0144czy si\u0119 ze \u015bmierci\u0105<\/strong><\/p>\n<p><audio class=\"wp-audio-shortcode\" id=\"audio-12658-24\" preload=\"none\" style=\"width: 100%;\" controls=\"controls\"><source type=\"audio\/mpeg\" src=\"https:\/\/www.faustyna.pl\/zmbm\/wp-content\/uploads\/2018\/03\/12a-Rozdzia\u0142-XII-Moje-pos\u0142annictwo-nie-sko\u0144czy-si\u0119-ze-\u015bmierci\u0105.mp3?_=24\" \/><a href=\"https:\/\/www.faustyna.pl\/zmbm\/wp-content\/uploads\/2018\/03\/12a-Rozdzia\u0142-XII-Moje-pos\u0142annictwo-nie-sko\u0144czy-si\u0119-ze-\u015bmierci\u0105.mp3\">https:\/\/www.faustyna.pl\/zmbm\/wp-content\/uploads\/2018\/03\/12a-Rozdzia\u0142-XII-Moje-pos\u0142annictwo-nie-sko\u0144czy-si\u0119-ze-\u015bmierci\u0105.mp3<\/a><\/audio><br \/>\n<audio class=\"wp-audio-shortcode\" id=\"audio-12658-25\" preload=\"none\" style=\"width: 100%;\" controls=\"controls\"><source type=\"audio\/mpeg\" src=\"https:\/\/www.faustyna.pl\/zmbm\/wp-content\/uploads\/2018\/03\/12b-Rozdzia\u0142-XII-Moje-pos\u0142annictwo-nie-sko\u0144czy-si\u0119-ze-\u015bmierci\u0105.mp3?_=25\" \/><a href=\"https:\/\/www.faustyna.pl\/zmbm\/wp-content\/uploads\/2018\/03\/12b-Rozdzia\u0142-XII-Moje-pos\u0142annictwo-nie-sko\u0144czy-si\u0119-ze-\u015bmierci\u0105.mp3\">https:\/\/www.faustyna.pl\/zmbm\/wp-content\/uploads\/2018\/03\/12b-Rozdzia\u0142-XII-Moje-pos\u0142annictwo-nie-sko\u0144czy-si\u0119-ze-\u015bmierci\u0105.mp3<\/a><\/audio><\/p>\n<p>&nbsp;<\/p>\n<p><strong>Cuda do beatyfikacji i kanonizacji<\/strong><\/p>\n<p><audio class=\"wp-audio-shortcode\" id=\"audio-12658-26\" preload=\"none\" style=\"width: 100%;\" controls=\"controls\"><source type=\"audio\/mpeg\" src=\"https:\/\/www.faustyna.pl\/zmbm\/wp-content\/uploads\/2018\/03\/13a-Cuda-do-beatyfikacji-i-kanonizacji.mp3?_=26\" \/><a href=\"https:\/\/www.faustyna.pl\/zmbm\/wp-content\/uploads\/2018\/03\/13a-Cuda-do-beatyfikacji-i-kanonizacji.mp3\">https:\/\/www.faustyna.pl\/zmbm\/wp-content\/uploads\/2018\/03\/13a-Cuda-do-beatyfikacji-i-kanonizacji.mp3<\/a><\/audio><br \/>\n<audio class=\"wp-audio-shortcode\" id=\"audio-12658-27\" preload=\"none\" style=\"width: 100%;\" controls=\"controls\"><source type=\"audio\/mpeg\" src=\"https:\/\/www.faustyna.pl\/zmbm\/wp-content\/uploads\/2018\/03\/13b-Cuda-do-beatyfikacji-i-kanonizacji.mp3?_=27\" \/><a href=\"https:\/\/www.faustyna.pl\/zmbm\/wp-content\/uploads\/2018\/03\/13b-Cuda-do-beatyfikacji-i-kanonizacji.mp3\">https:\/\/www.faustyna.pl\/zmbm\/wp-content\/uploads\/2018\/03\/13b-Cuda-do-beatyfikacji-i-kanonizacji.mp3<\/a><\/audio><\/p>\n","protected":false},"excerpt":{"rendered":"<p>\u017bycie i misja \u015bw. Siostry Faustyny https:\/\/www.faustyna.pl\/zmbm\/wp-content\/uploads\/2018\/03\/00-Dar-Boga-dla-naszych-czas\u00f3w.mp3 &nbsp; Rozdzia\u0142 I &#8211; B\u0142ogos\u0142awione dziecko https:\/\/www.faustyna.pl\/zmbm\/wp-content\/uploads\/2018\/03\/01a-Rozdzia\u0142-I-B\u0142ogos\u0142awione-dziecko.mp3 https:\/\/www.faustyna.pl\/zmbm\/wp-content\/uploads\/2018\/03\/01b-Rozdzia\u0142-I-B\u0142ogos\u0142awione-dziecko.mp3 &nbsp; Rozdzia\u0142 II &#8211; Niezwyk\u0142a jasno\u015b\u0107 https:\/\/www.faustyna.pl\/zmbm\/wp-content\/uploads\/2018\/03\/02a-Rozdzia\u0142-II-Niezwyk\u0142a-jasno\u015b\u0107.mp3 https:\/\/www.faustyna.pl\/zmbm\/wp-content\/uploads\/2018\/03\/02b-Rozdzia\u0142-II-Niezwyk\u0142a-jasno\u015b\u0107.mp3 &nbsp; Rozdzia\u0142 III &#8211; Tu ci\u0119 wezwa\u0142em https:\/\/www.faustyna.pl\/zmbm\/wp-content\/uploads\/2018\/03\/03a-Rozdzia\u0142-III-Tu-ci\u0119-wezwa\u0142em.mp3 https:\/\/www.faustyna.pl\/zmbm\/wp-content\/uploads\/2018\/03\/03b-Rozdzia\u0142-III-Tu-ci\u0119-wezwa\u0142em.mp3 &nbsp; Rozdzia\u0142 IV &#8211; Od dzi\u015b b\u0119dziesz si\u0119 nazywa\u0107 Siostra Maria Faustyna https:\/\/www.faustyna.pl\/zmbm\/wp-content\/uploads\/2018\/03\/04a-Rozdzia\u0142-IV-Od-dzi\u015b-b\u0119dziesz-si\u0119-nazywa\u0107.mp3 https:\/\/www.faustyna.pl\/zmbm\/wp-content\/uploads\/2018\/03\/04b-Rozdzia\u0142-IV-Od-dzi\u015b-b\u0119dziesz-si\u0119-nazywa\u0107.mp3 &nbsp; Rozdzia\u0142 V &#8211; Wymaluj obraz https:\/\/www.faustyna.pl\/zmbm\/wp-content\/uploads\/2018\/03\/05a-Rozdzia\u0142-V-Wymaluj-obraz.mp3 https:\/\/www.faustyna.pl\/zmbm\/wp-content\/uploads\/2018\/03\/05b-Rozdzia\u0142-V-Wymaluj-obraz.mp3 &nbsp; [&hellip;]<\/p>\n","protected":false},"author":4,"featured_media":0,"parent":0,"menu_order":0,"comment_status":"closed","ping_status":"closed","template":"","meta":{"footnotes":""},"categories":[107921],"tags":[],"class_list":["post-12658","page","type-page","status-publish","hentry","category-pliki-audio"],"_links":{"self":[{"href":"https:\/\/www.faustyna.pl\/zmbm\/wp-json\/wp\/v2\/pages\/12658","targetHints":{"allow":["GET"]}}],"collection":[{"href":"https:\/\/www.faustyna.pl\/zmbm\/wp-json\/wp\/v2\/pages"}],"about":[{"href":"https:\/\/www.faustyna.pl\/zmbm\/wp-json\/wp\/v2\/types\/page"}],"author":[{"embeddable":true,"href":"https:\/\/www.faustyna.pl\/zmbm\/wp-json\/wp\/v2\/users\/4"}],"replies":[{"embeddable":true,"href":"https:\/\/www.faustyna.pl\/zmbm\/wp-json\/wp\/v2\/comments?post=12658"}],"version-history":[{"count":11,"href":"https:\/\/www.faustyna.pl\/zmbm\/wp-json\/wp\/v2\/pages\/12658\/revisions"}],"predecessor-version":[{"id":12685,"href":"https:\/\/www.faustyna.pl\/zmbm\/wp-json\/wp\/v2\/pages\/12658\/revisions\/12685"}],"wp:attachment":[{"href":"https:\/\/www.faustyna.pl\/zmbm\/wp-json\/wp\/v2\/media?parent=12658"}],"wp:term":[{"taxonomy":"category","embeddable":true,"href":"https:\/\/www.faustyna.pl\/zmbm\/wp-json\/wp\/v2\/categories?post=12658"},{"taxonomy":"post_tag","embeddable":true,"href":"https:\/\/www.faustyna.pl\/zmbm\/wp-json\/wp\/v2\/tags?post=12658"}],"curies":[{"name":"wp","href":"https:\/\/api.w.org\/{rel}","templated":true}]}}