



{"id":12701,"date":"2018-03-21T22:29:56","date_gmt":"2018-03-21T21:29:56","guid":{"rendered":"https:\/\/www.faustyna.pl\/zmbm\/?page_id=12701"},"modified":"2018-03-21T22:41:02","modified_gmt":"2018-03-21T21:41:02","slug":"litania-do-sw-siostry-faustyny-2","status":"publish","type":"page","link":"https:\/\/www.faustyna.pl\/zmbm\/litania-do-sw-siostry-faustyny-2\/","title":{"rendered":"Litania do \u015bw. Siostry Faustyny"},"content":{"rendered":"<p><img decoding=\"async\" class=\"alignnone size-medium wp-image-8973\" src=\"https:\/\/www.faustyna.pl\/zmbm\/wp-content\/uploads\/2018\/03\/Faustyna-01.jpg\" alt=\"\" width=\"550\"><br \/>\n<audio class=\"wp-audio-shortcode\" id=\"audio-12701-1\" preload=\"none\" style=\"width: 100%;\" controls=\"controls\"><source type=\"audio\/mpeg\" src=\"https:\/\/www.faustyna.pl\/zmbm\/wp-content\/uploads\/2018\/03\/Litania-do-\u015bw.-Siostry-Faustyny-Siostry-ze-Zgromadzenia-Matki-Bo\u017cej-Mi\u0142osierdzia.mp3?_=1\" \/><a href=\"https:\/\/www.faustyna.pl\/zmbm\/wp-content\/uploads\/2018\/03\/Litania-do-\u015bw.-Siostry-Faustyny-Siostry-ze-Zgromadzenia-Matki-Bo\u017cej-Mi\u0142osierdzia.mp3\">https:\/\/www.faustyna.pl\/zmbm\/wp-content\/uploads\/2018\/03\/Litania-do-\u015bw.-Siostry-Faustyny-Siostry-ze-Zgromadzenia-Matki-Bo\u017cej-Mi\u0142osierdzia.mp3<\/a><\/audio><\/p>\n","protected":false},"excerpt":{"rendered":"<p>https:\/\/www.faustyna.pl\/zmbm\/wp-content\/uploads\/2018\/03\/Litania-do-\u015bw.-Siostry-Faustyny-Siostry-ze-Zgromadzenia-Matki-Bo\u017cej-Mi\u0142osierdzia.mp3<\/p>\n","protected":false},"author":4,"featured_media":0,"parent":0,"menu_order":0,"comment_status":"closed","ping_status":"closed","template":"","meta":{"footnotes":""},"categories":[107921],"tags":[],"class_list":["post-12701","page","type-page","status-publish","hentry","category-pliki-audio"],"_links":{"self":[{"href":"https:\/\/www.faustyna.pl\/zmbm\/wp-json\/wp\/v2\/pages\/12701","targetHints":{"allow":["GET"]}}],"collection":[{"href":"https:\/\/www.faustyna.pl\/zmbm\/wp-json\/wp\/v2\/pages"}],"about":[{"href":"https:\/\/www.faustyna.pl\/zmbm\/wp-json\/wp\/v2\/types\/page"}],"author":[{"embeddable":true,"href":"https:\/\/www.faustyna.pl\/zmbm\/wp-json\/wp\/v2\/users\/4"}],"replies":[{"embeddable":true,"href":"https:\/\/www.faustyna.pl\/zmbm\/wp-json\/wp\/v2\/comments?post=12701"}],"version-history":[{"count":3,"href":"https:\/\/www.faustyna.pl\/zmbm\/wp-json\/wp\/v2\/pages\/12701\/revisions"}],"predecessor-version":[{"id":12714,"href":"https:\/\/www.faustyna.pl\/zmbm\/wp-json\/wp\/v2\/pages\/12701\/revisions\/12714"}],"wp:attachment":[{"href":"https:\/\/www.faustyna.pl\/zmbm\/wp-json\/wp\/v2\/media?parent=12701"}],"wp:term":[{"taxonomy":"category","embeddable":true,"href":"https:\/\/www.faustyna.pl\/zmbm\/wp-json\/wp\/v2\/categories?post=12701"},{"taxonomy":"post_tag","embeddable":true,"href":"https:\/\/www.faustyna.pl\/zmbm\/wp-json\/wp\/v2\/tags?post=12701"}],"curies":[{"name":"wp","href":"https:\/\/api.w.org\/{rel}","templated":true}]}}