



{"id":12715,"date":"2018-03-21T22:54:55","date_gmt":"2018-03-21T21:54:55","guid":{"rendered":"https:\/\/www.faustyna.pl\/zmbm\/?page_id=12715"},"modified":"2018-03-21T23:08:48","modified_gmt":"2018-03-21T22:08:48","slug":"przemowienie-sw-jana-pawla-ii-z-kanonizacji-siostry-faustyny","status":"publish","type":"page","link":"https:\/\/www.faustyna.pl\/zmbm\/przemowienie-sw-jana-pawla-ii-z-kanonizacji-siostry-faustyny\/","title":{"rendered":"Przem\u00f3wienie \u015bw. Jana Paw\u0142a II z kanonizacji Siostry Faustyny"},"content":{"rendered":"<p><img decoding=\"async\" class=\"alignnone size-medium wp-image-8973\" src=\"https:\/\/www.faustyna.pl\/zmbm\/wp-content\/uploads\/2018\/03\/Kanonizacja-s.-Beata-Piekut-wicepostulator-05.jpg\" alt=\"Przem\u00f3wienie \u015bw. Jana Paw\u0142a II z kanonizacji Siostry Faustyny\" width=\"550\"><\/p>\n<p><strong>1. Kanonizacja Siostry Faustyny, Rzym, 30 kwietnia 2000<\/strong><\/p>\n<audio class=\"wp-audio-shortcode\" id=\"audio-12715-1\" preload=\"none\" style=\"width: 100%;\" controls=\"controls\"><source type=\"audio\/mpeg\" src=\"https:\/\/www.faustyna.pl\/zmbm\/wp-content\/uploads\/2018\/03\/01-Kanonizacja-s.-Faustyny-30-kwietnia-2000.mp3?_=1\" \/><a href=\"https:\/\/www.faustyna.pl\/zmbm\/wp-content\/uploads\/2018\/03\/01-Kanonizacja-s.-Faustyny-30-kwietnia-2000.mp3\">https:\/\/www.faustyna.pl\/zmbm\/wp-content\/uploads\/2018\/03\/01-Kanonizacja-s.-Faustyny-30-kwietnia-2000.mp3<\/a><\/audio>\n<p><strong>2. Kanonizacja Siostry Faustyny, Rzym, 30 kwietnia 2000<\/strong><\/p>\n<audio class=\"wp-audio-shortcode\" id=\"audio-12715-2\" preload=\"none\" style=\"width: 100%;\" controls=\"controls\"><source type=\"audio\/mpeg\" src=\"https:\/\/www.faustyna.pl\/zmbm\/wp-content\/uploads\/2018\/03\/02-Kanonizacja-s.-Faustyny-30-kwietnia-2000.mp3?_=2\" \/><a href=\"https:\/\/www.faustyna.pl\/zmbm\/wp-content\/uploads\/2018\/03\/02-Kanonizacja-s.-Faustyny-30-kwietnia-2000.mp3\">https:\/\/www.faustyna.pl\/zmbm\/wp-content\/uploads\/2018\/03\/02-Kanonizacja-s.-Faustyny-30-kwietnia-2000.mp3<\/a><\/audio>\n","protected":false},"excerpt":{"rendered":"<p>1. Kanonizacja Siostry Faustyny, Rzym, 30 kwietnia 2000 https:\/\/www.faustyna.pl\/zmbm\/wp-content\/uploads\/2018\/03\/01-Kanonizacja-s.-Faustyny-30-kwietnia-2000.mp3 2. Kanonizacja Siostry Faustyny, Rzym, 30 kwietnia 2000 https:\/\/www.faustyna.pl\/zmbm\/wp-content\/uploads\/2018\/03\/02-Kanonizacja-s.-Faustyny-30-kwietnia-2000.mp3<\/p>\n","protected":false},"author":4,"featured_media":0,"parent":0,"menu_order":0,"comment_status":"closed","ping_status":"closed","template":"","meta":{"footnotes":""},"categories":[107921],"tags":[],"class_list":["post-12715","page","type-page","status-publish","hentry","category-pliki-audio"],"_links":{"self":[{"href":"https:\/\/www.faustyna.pl\/zmbm\/wp-json\/wp\/v2\/pages\/12715","targetHints":{"allow":["GET"]}}],"collection":[{"href":"https:\/\/www.faustyna.pl\/zmbm\/wp-json\/wp\/v2\/pages"}],"about":[{"href":"https:\/\/www.faustyna.pl\/zmbm\/wp-json\/wp\/v2\/types\/page"}],"author":[{"embeddable":true,"href":"https:\/\/www.faustyna.pl\/zmbm\/wp-json\/wp\/v2\/users\/4"}],"replies":[{"embeddable":true,"href":"https:\/\/www.faustyna.pl\/zmbm\/wp-json\/wp\/v2\/comments?post=12715"}],"version-history":[{"count":3,"href":"https:\/\/www.faustyna.pl\/zmbm\/wp-json\/wp\/v2\/pages\/12715\/revisions"}],"predecessor-version":[{"id":12734,"href":"https:\/\/www.faustyna.pl\/zmbm\/wp-json\/wp\/v2\/pages\/12715\/revisions\/12734"}],"wp:attachment":[{"href":"https:\/\/www.faustyna.pl\/zmbm\/wp-json\/wp\/v2\/media?parent=12715"}],"wp:term":[{"taxonomy":"category","embeddable":true,"href":"https:\/\/www.faustyna.pl\/zmbm\/wp-json\/wp\/v2\/categories?post=12715"},{"taxonomy":"post_tag","embeddable":true,"href":"https:\/\/www.faustyna.pl\/zmbm\/wp-json\/wp\/v2\/tags?post=12715"}],"curies":[{"name":"wp","href":"https:\/\/api.w.org\/{rel}","templated":true}]}}

Przemówienie św. Jana Pawła II z kanonizacji Siostry Faustyny

<p><img decoding="async" class="alignnone size-medium wp-image-8973" src="https://www.faustyna.pl/zmbm/wp-content/uploads/2018/03/Kanonizacja-s.-Beata-Piekut-wicepostulator-05.jpg" alt="Przemówienie św. Jana Pawła II z kanonizacji Siostry Faustyny" width="550"></p>
<p><strong>1. Kanonizacja Siostry Faustyny, Rzym, 30 kwietnia 2000</strong></p>
<audio class="wp-audio-shortcode" id="audio-12715-1" preload="none" style="width: 100%;" controls="controls"><source type="audio/mpeg" src="https://www.faustyna.pl/zmbm/wp-content/uploads/2018/03/01-Kanonizacja-s.-Faustyny-30-kwietnia-2000.mp3?_=1" /><a href="https://www.faustyna.pl/zmbm/wp-content/uploads/2018/03/01-Kanonizacja-s.-Faustyny-30-kwietnia-2000.mp3">https://www.faustyna.pl/zmbm/wp-content/uploads/2018/03/01-Kanonizacja-s.-Faustyny-30-kwietnia-2000.mp3</a></audio>
<p><strong>2. Kanonizacja Siostry Faustyny, Rzym, 30 kwietnia 2000</strong></p>
<audio class="wp-audio-shortcode" id="audio-12715-2" preload="none" style="width: 100%;" controls="controls"><source type="audio/mpeg" src="https://www.faustyna.pl/zmbm/wp-content/uploads/2018/03/02-Kanonizacja-s.-Faustyny-30-kwietnia-2000.mp3?_=2" /><a href="https://www.faustyna.pl/zmbm/wp-content/uploads/2018/03/02-Kanonizacja-s.-Faustyny-30-kwietnia-2000.mp3">https://www.faustyna.pl/zmbm/wp-content/uploads/2018/03/02-Kanonizacja-s.-Faustyny-30-kwietnia-2000.mp3</a></audio>
