



{"id":1380,"date":"2014-12-18T23:04:50","date_gmt":"2014-12-18T23:04:50","guid":{"rendered":"http:\/\/www.faustyna.pl\/zmbm\/?page_id=1380"},"modified":"2023-03-08T15:59:03","modified_gmt":"2023-03-08T14:59:03","slug":"kontakt","status":"publish","type":"page","link":"https:\/\/www.faustyna.pl\/zmbm\/kontakt\/","title":{"rendered":"Kontakt"},"content":{"rendered":"<h3 style=\"text-align: center\"><a href=\"https:\/\/www.faustyna.pl\/zmbm\/wp-content\/uploads\/2014\/12\/Klasztor-ZMBM-w-Krakowie-Lagiewnikach.jpg\" data-gallery><img loading=\"lazy\" decoding=\"async\" class=\"alignleft size-medium wp-image-7700\" src=\"https:\/\/www.faustyna.pl\/zmbm\/wp-content\/uploads\/2014\/12\/Klasztor-ZMBM-w-Krakowie-Lagiewnikach-560x333.jpg\" alt=\"Klasztor ZMBM w Krakowie-Lagiewnikach\" width=\"560\" height=\"333\" srcset=\"https:\/\/www.faustyna.pl\/zmbm\/wp-content\/uploads\/2014\/12\/Klasztor-ZMBM-w-Krakowie-Lagiewnikach-560x333.jpg 560w, https:\/\/www.faustyna.pl\/zmbm\/wp-content\/uploads\/2014\/12\/Klasztor-ZMBM-w-Krakowie-Lagiewnikach-140x83.jpg 140w, https:\/\/www.faustyna.pl\/zmbm\/wp-content\/uploads\/2014\/12\/Klasztor-ZMBM-w-Krakowie-Lagiewnikach.jpg 1024w\" sizes=\"auto, (max-width: 560px) 100vw, 560px\" \/><\/a><\/h3>\n<h3 style=\"text-align: center\"><\/h3>\n<h3 style=\"text-align: center\"><\/h3>\n<h3 style=\"text-align: center\"><\/h3>\n<h3 style=\"text-align: center\"><\/h3>\n<h3 style=\"text-align: center\"><\/h3>\n<h3 style=\"text-align: center\"><\/h3>\n<h3 style=\"text-align: center\"><\/h3>\n<h3 style=\"text-align: center\"><\/h3>\n<h3 style=\"text-align: center\"><\/h3>\n<h3 style=\"text-align: center\"><\/h3>\n<h3 style=\"text-align: center\">\u00a0<span style=\"color: #800000\">Sanktuarium Bo\u017cego Mi\u0142osierdzia <\/span><br \/>\n<span style=\"color: #800000\">w Krakowie-\u0141agiewnikach<\/span><\/h3>\n<p style=\"text-align: center\">ul. Siostry Faustyny 3<br \/>\n30-608 Krak\u00f3w<\/p>\n<p><span style=\"color: #800000\"><b><span style=\"text-decoration: underline\">Zgromadzenie Si\u00f3str<br \/>\nMatki Bo\u017cej Mi\u0142osierdzia<\/span><\/b><\/span><\/p>\n<p>&nbsp;<\/p>\n<p><span style=\"color: #003300\"><b>Furta<\/b><\/span><br \/>\ntel.: +48 (12) 351 88 00 w. 127<br \/>\ne-mail: klasztor@faustyna.pl\u00a0; dom-krakow@faustyna.pl<\/p>\n<p><span style=\"color: #003300\"><b>M\u0142odzie\u017cowy O\u015brodek Wychowawczy<\/b><\/span><br \/>\ntel.: (12) 266 30 29, (12) 266 84 31, (12) 266 89 80<br \/>\ne-mail: mowkrakow@faustyna.pl<\/p>\n<p><span style=\"color: #003300\"><b>Stowarzyszenie \u201eFaustinum\u201d<\/b><\/span><br \/>\nSekretariat<br \/>\ntel.: +48 (12) 269 48 55<br \/>\ne-mail: faustinum@faustyna.pl<\/p>\n<p><span style=\"color: #003300\"><b>Wydawnictwo \u201eMisericordia\u201d<\/b><\/span><br \/>\ntel.: +48 (12) 267 61 01<br \/>\ne-mail: misericordia@faustyna.pl<br \/>\nsklep:\u00a0\u00a0 www.misericordia.faustyna.pl<br \/>\ne-mail: sklepmisericordia@op.pl<\/p>\n<p><span style=\"color: #003300\"><b>Dom \u015bw. Siostry Faustyny<br \/>\n<\/b><\/span>tel.: (12) 362 43 15<br \/>\ne-mail: dom-krakow@faustyna.pl<\/p>\n<p><span style=\"color: #003300\"><b>Redakcja \u201eOr\u0119dzia Mi\u0142osierdzia\u201d<br \/>\n<\/b><\/span>tel.: +48 (12)351 88 00 w. 168<br \/>\ne-mail: redakcja@faustyna.pl<\/p>\n<p>&nbsp;<\/p>\n<p><span style=\"color: #800000\"><b><span style=\"text-decoration: underline\"><a href=\"https:\/\/www.faustyna.pl\/zmbm\/wp-content\/uploads\/2014\/12\/Rekotrat.jpg\" data-gallery><img loading=\"lazy\" decoding=\"async\" class=\"alignleft size-medium wp-image-7716\" src=\"https:\/\/www.faustyna.pl\/zmbm\/wp-content\/uploads\/2014\/12\/Rekotrat-560x320.jpg\" alt=\"Rekotrat\" width=\"560\" height=\"320\" srcset=\"https:\/\/www.faustyna.pl\/zmbm\/wp-content\/uploads\/2014\/12\/Rekotrat-560x320.jpg 560w, https:\/\/www.faustyna.pl\/zmbm\/wp-content\/uploads\/2014\/12\/Rekotrat-140x80.jpg 140w, https:\/\/www.faustyna.pl\/zmbm\/wp-content\/uploads\/2014\/12\/Rekotrat.jpg 1024w\" sizes=\"auto, (max-width: 560px) 100vw, 560px\" \/><\/a><\/span><\/b><\/span><\/p>\n<p><span style=\"color: #800000\"><b><span style=\"text-decoration: underline\">Rektorat Sanktuarium<\/span><\/b><\/span><\/p>\n<p><span style=\"color: #003300\"><b>Punkt informacyjny<br \/>\n<\/b><\/span>tel.: (12) 252 33 11; 252 33 33<br \/>\ne-mail:\u00a0\u00a0\u00a0\u00a0\u00a0 pielgrzymki@milosierdzie.pl<br \/>\nadoracja@milosierdzie.pl<br \/>\ninformacja@patorallodge.com.pl<\/p>\n<p><span style=\"color: #003300\"><b>Dom Duszpasterski \u2013 recepcja<br \/>\n<\/b><\/span>tel. (+48) 12-252-33-00<br \/>\ne-mail: domduszpasterski@milosierdzie.pl<\/p>\n<p style=\"clear: both\"><span style=\"color: #800000\"><b><span style=\"color: #003300\">Poradnia &#8222;Mi\u0142osierdzie&#8221;<\/span><br \/>\n<\/b><\/span>\u00a0\u00a0\u00a0\u00a0\u00a0\u00a0 tel. (+48) 12 252 3 00<\/p>\n<p><a href=\"https:\/\/www.faustyna.pl\/zmbm\/sanktuaria\/\">Sanktuaria\/Sanktuarium Bo\u017cego Mi\u0142osierdzia w Krakowie-\u0141agiewnikach<\/a><\/p>\n","protected":false},"excerpt":{"rendered":"<p>\u00a0Sanktuarium Bo\u017cego Mi\u0142osierdzia w Krakowie-\u0141agiewnikach ul. Siostry Faustyny 3 30-608 Krak\u00f3w Zgromadzenie Si\u00f3str Matki Bo\u017cej Mi\u0142osierdzia &nbsp; Furta tel.: +48 (12) 351 88 00 w. 127 e-mail: klasztor@faustyna.pl\u00a0; dom-krakow@faustyna.pl M\u0142odzie\u017cowy O\u015brodek Wychowawczy tel.: (12) 266 30 29, (12) 266 84 31, (12) 266 89 80 e-mail: mowkrakow@faustyna.pl Stowarzyszenie \u201eFaustinum\u201d Sekretariat tel.: +48 (12) 269 48 [&hellip;]<\/p>\n","protected":false},"author":1,"featured_media":0,"parent":0,"menu_order":0,"comment_status":"closed","ping_status":"closed","template":"","meta":{"footnotes":""},"categories":[40],"tags":[],"class_list":["post-1380","page","type-page","status-publish","hentry","category-lagiewniki-stolica-kultu-milosierdzia-bozego"],"_links":{"self":[{"href":"https:\/\/www.faustyna.pl\/zmbm\/wp-json\/wp\/v2\/pages\/1380","targetHints":{"allow":["GET"]}}],"collection":[{"href":"https:\/\/www.faustyna.pl\/zmbm\/wp-json\/wp\/v2\/pages"}],"about":[{"href":"https:\/\/www.faustyna.pl\/zmbm\/wp-json\/wp\/v2\/types\/page"}],"author":[{"embeddable":true,"href":"https:\/\/www.faustyna.pl\/zmbm\/wp-json\/wp\/v2\/users\/1"}],"replies":[{"embeddable":true,"href":"https:\/\/www.faustyna.pl\/zmbm\/wp-json\/wp\/v2\/comments?post=1380"}],"version-history":[{"count":17,"href":"https:\/\/www.faustyna.pl\/zmbm\/wp-json\/wp\/v2\/pages\/1380\/revisions"}],"predecessor-version":[{"id":25911,"href":"https:\/\/www.faustyna.pl\/zmbm\/wp-json\/wp\/v2\/pages\/1380\/revisions\/25911"}],"wp:attachment":[{"href":"https:\/\/www.faustyna.pl\/zmbm\/wp-json\/wp\/v2\/media?parent=1380"}],"wp:term":[{"taxonomy":"category","embeddable":true,"href":"https:\/\/www.faustyna.pl\/zmbm\/wp-json\/wp\/v2\/categories?post=1380"},{"taxonomy":"post_tag","embeddable":true,"href":"https:\/\/www.faustyna.pl\/zmbm\/wp-json\/wp\/v2\/tags?post=1380"}],"curies":[{"name":"wp","href":"https:\/\/api.w.org\/{rel}","templated":true}]}}