



{"id":1388,"date":"2014-12-18T23:05:38","date_gmt":"2014-12-18T23:05:38","guid":{"rendered":"http:\/\/www.faustyna.pl\/zmbm\/?page_id=1388"},"modified":"2026-05-08T12:10:15","modified_gmt":"2026-05-08T10:10:15","slug":"kaplica-wieczystej-adoracji","status":"publish","type":"page","link":"https:\/\/www.faustyna.pl\/zmbm\/kaplica-wieczystej-adoracji\/","title":{"rendered":"Kaplica Wieczystej Adoracji"},"content":{"rendered":"<h3 style=\"text-align: center\" align=\"justify\"><span style=\"color: #800000\"><a href=\"https:\/\/www.faustyna.pl\/zmbm\/wp-content\/uploads\/2014\/12\/Kaplica-Wieczystej-Adoracji-Sanktuarium-w-Krakowie-Lagiewnikach.jpg\" data-gallery><img loading=\"lazy\" decoding=\"async\" class=\"alignnone wp-image-10731 size-large\" src=\"https:\/\/www.faustyna.pl\/zmbm\/wp-content\/uploads\/2014\/12\/Kaplica-Wieczystej-Adoracji-Sanktuarium-w-Krakowie-Lagiewnikach-1024x603.jpg\" alt=\"\" width=\"1024\" height=\"603\" srcset=\"https:\/\/www.faustyna.pl\/zmbm\/wp-content\/uploads\/2014\/12\/Kaplica-Wieczystej-Adoracji-Sanktuarium-w-Krakowie-Lagiewnikach.jpg 1024w, https:\/\/www.faustyna.pl\/zmbm\/wp-content\/uploads\/2014\/12\/Kaplica-Wieczystej-Adoracji-Sanktuarium-w-Krakowie-Lagiewnikach-140x82.jpg 140w, https:\/\/www.faustyna.pl\/zmbm\/wp-content\/uploads\/2014\/12\/Kaplica-Wieczystej-Adoracji-Sanktuarium-w-Krakowie-Lagiewnikach-560x330.jpg 560w\" sizes=\"auto, (max-width: 1024px) 100vw, 1024px\" \/><\/a><\/span><\/h3>\n<p align=\"justify\">Obok bazyliki znajduje si\u0119 Kaplica Wieczystej Adoracji, zbudowana wed\u0142ug projektu Witolda C\u0119ckiewicza. Przypomina rotund\u0119 z przeszklonymi od g\u00f3ry do do\u0142u oknami witra\u017cowymi z elementami kwiatowymi. W centralnym miejscu ustawiony jest o\u0142tarz w kszta\u0142cie p\u0142on\u0105cego ognia, w kt\u00f3rym jest umieszczona monstrancja. Nad ni\u0105 p\u0142onie wieczysta lampka z ogniem Mi\u0142osierdzia, kt\u00f3ry zapali\u0142 Ojciec \u015awi\u0119ty Jan Pawe\u0142 II (16 grudnia 2003 roku) na znak rozchodz\u0105cego si\u0119 z tego miejsca na ca\u0142y \u015bwiat or\u0119dzia o Bo\u017cym mi\u0142osierdziu. Kaplica zosta\u0142a po\u015bwi\u0119cona przez kard. Franciszka Macharskiego w \u015bwi\u0119to Mi\u0142osierdzia 2004 roku i w\u00f3wczas rozpocz\u0119\u0142a si\u0119 ca\u0142odzienna adoracja Naj\u015bwi\u0119tszego Sakramentu. Rok p\u00f3\u017aniej (3 kwietnia 2005 roku) spe\u0142ni\u0142o si\u0119 pragnienie Ojca \u015awi\u0119tego Jana Paw\u0142a II zwi\u0105zane z wieczyst\u0105 adoracj\u0105 Naj\u015bwi\u0119tszego Sakramentu w tym Sanktuarium. W li\u015bcie przygotowanym z tej okazji, tu\u017c przed \u015bmierci\u0105, wi\u0119c jakby w testamencie, napisa\u0142: Ciesz\u0119 si\u0119, \u017ce w t\u0119 niedziel\u0119 rozpocznie si\u0119 wieczysta adoracja Naj\u015bwi\u0119tszego Sakramentu. Nic tak jak eucharystyczna obecno\u015b\u0107 Pana nie uobecnia dzie\u0142a mi\u0142osierdzia, jakie dokona\u0142o si\u0119 przez Krzy\u017c i Zmartwychwstanie. Niech zatem ta obecno\u015b\u0107 b\u0119dzie dla wszystkich pielgrzym\u00f3w \u017ar\u00f3d\u0142em mocy i nadziei. Od tamtej pory \u0142agiewnickie Sanktuarium otwarte jest nieustanne, gdy\u017c w dzie\u0144 i w nocy pielgrzymi z Krakowa, ca\u0142ej Polski, a nawet z innych kraj\u00f3w modl\u0105 si\u0119 przed Naj\u015bwi\u0119tszym Sakramentem wypraszaj\u0105c mi\u0142osierdzie Bo\u017ce dla siebie, Ko\u015bcio\u0142a \u015bwi\u0119tego, naszej Ojczyzny i ca\u0142ego \u015bwiata.<\/p>\n<p align=\"right\"><i style=\"font-weight: normal\">s. M. El\u017cbieta Siepak ISMM<\/i><\/p>\n<p style=\"text-align: left\" align=\"right\"><a href=\"https:\/\/www.misericordia.eu\/pl\/kaplica-wieczystej-adoracji\/\"><strong>Wi\u0119cej<\/strong><\/a><\/p>\n<p style=\"text-align: left\" align=\"right\"><a href=\"https:\/\/www.faustyna.pl\/zmbm\/sanktuaria\/\">Sanktuaria\/Sanktuarium Bo\u017cego Mi\u0142osierdzia w Krakowie-\u0141agiewnikach<\/a><\/p>\n","protected":false},"excerpt":{"rendered":"<p>Obok bazyliki znajduje si\u0119 Kaplica Wieczystej Adoracji, zbudowana wed\u0142ug projektu Witolda C\u0119ckiewicza. Przypomina rotund\u0119 z przeszklonymi od g\u00f3ry do do\u0142u oknami witra\u017cowymi z elementami kwiatowymi. W centralnym miejscu ustawiony jest o\u0142tarz w kszta\u0142cie p\u0142on\u0105cego ognia, w kt\u00f3rym jest umieszczona monstrancja. Nad ni\u0105 p\u0142onie wieczysta lampka z ogniem Mi\u0142osierdzia, kt\u00f3ry zapali\u0142 Ojciec \u015awi\u0119ty Jan Pawe\u0142 II [&hellip;]<\/p>\n","protected":false},"author":1,"featured_media":0,"parent":0,"menu_order":0,"comment_status":"closed","ping_status":"closed","template":"","meta":{"footnotes":""},"categories":[40],"tags":[],"class_list":["post-1388","page","type-page","status-publish","hentry","category-lagiewniki-stolica-kultu-milosierdzia-bozego"],"_links":{"self":[{"href":"https:\/\/www.faustyna.pl\/zmbm\/wp-json\/wp\/v2\/pages\/1388","targetHints":{"allow":["GET"]}}],"collection":[{"href":"https:\/\/www.faustyna.pl\/zmbm\/wp-json\/wp\/v2\/pages"}],"about":[{"href":"https:\/\/www.faustyna.pl\/zmbm\/wp-json\/wp\/v2\/types\/page"}],"author":[{"embeddable":true,"href":"https:\/\/www.faustyna.pl\/zmbm\/wp-json\/wp\/v2\/users\/1"}],"replies":[{"embeddable":true,"href":"https:\/\/www.faustyna.pl\/zmbm\/wp-json\/wp\/v2\/comments?post=1388"}],"version-history":[{"count":13,"href":"https:\/\/www.faustyna.pl\/zmbm\/wp-json\/wp\/v2\/pages\/1388\/revisions"}],"predecessor-version":[{"id":32479,"href":"https:\/\/www.faustyna.pl\/zmbm\/wp-json\/wp\/v2\/pages\/1388\/revisions\/32479"}],"wp:attachment":[{"href":"https:\/\/www.faustyna.pl\/zmbm\/wp-json\/wp\/v2\/media?parent=1388"}],"wp:term":[{"taxonomy":"category","embeddable":true,"href":"https:\/\/www.faustyna.pl\/zmbm\/wp-json\/wp\/v2\/categories?post=1388"},{"taxonomy":"post_tag","embeddable":true,"href":"https:\/\/www.faustyna.pl\/zmbm\/wp-json\/wp\/v2\/tags?post=1388"}],"curies":[{"name":"wp","href":"https:\/\/api.w.org\/{rel}","templated":true}]}}