



{"id":1416,"date":"2014-12-18T23:15:17","date_gmt":"2014-12-18T23:15:17","guid":{"rendered":"http:\/\/www.faustyna.pl\/zmbm\/?page_id=1416"},"modified":"2026-05-08T12:14:47","modified_gmt":"2026-05-08T10:14:47","slug":"rozbudowa-plock","status":"publish","type":"page","link":"https:\/\/www.faustyna.pl\/zmbm\/rozbudowa-plock\/","title":{"rendered":"Rozbudowa"},"content":{"rendered":"<p><a href=\"https:\/\/www.faustyna.pl\/zmbm\/wp-content\/uploads\/2014\/12\/Rozbudowa-Plock.jpg\" rel=\"attachment wp-att-6346\" data-gallery><img loading=\"lazy\" decoding=\"async\" class=\"alignnone wp-image-6346 size-large\" src=\"https:\/\/www.faustyna.pl\/zmbm\/wp-content\/uploads\/2014\/12\/Rozbudowa-Plock-1024x592.jpg\" alt=\"Rozbudowa - Plock\" width=\"1024\" height=\"592\" srcset=\"https:\/\/www.faustyna.pl\/zmbm\/wp-content\/uploads\/2014\/12\/Rozbudowa-Plock.jpg 1024w, https:\/\/www.faustyna.pl\/zmbm\/wp-content\/uploads\/2014\/12\/Rozbudowa-Plock-140x81.jpg 140w, https:\/\/www.faustyna.pl\/zmbm\/wp-content\/uploads\/2014\/12\/Rozbudowa-Plock-560x324.jpg 560w\" sizes=\"auto, (max-width: 1024px) 100vw, 1024px\" \/><\/a><\/p>\n<p style=\"text-align: justify\">Zapewne tajemnic\u0105 pozostanie, dlaczego na\u00a0 miejsce\u00a0 pierwszych objawie\u0144 zwi\u0105zanych z or\u0119dziem Mi\u0142osierdzia Jezus wybra\u0142 w\u0142a\u015bnie P\u0142ock? To B\u00f3g, do kt\u00f3rego nale\u017cy ca\u0142y \u015bwiat, wybiera czas i miejsca, w kt\u00f3rych ludzie do\u015bwiadczaj\u0105 Jego szczeg\u00f3lnej obecno\u015bci i \u0142aski. Cho\u0107 bez odpowiedzi pozostanie pytanie, dlaczego takim miejscem sta\u0142 si\u0119 klasztor w P\u0142ocku, to dynamiczny rozw\u00f3j kultu Mi\u0142osierdzia Bo\u017cego i ruchu pielgrzymkowego, stawia przed Zgromadzeniem zadanie przebudowy i rozbudowy Sanktuarium, w kt\u00f3rym najwa\u017cniejszym elementem \u2013 cz\u0119\u015bci\u0105 nowej \u015bwi\u0105tyni b\u0119dzie kaplica adoracji Naj\u015bwi\u0119tszego Sakramentu, usytuowana w miejscu, gdzie Pan Jezus objawia\u0142 si\u0119 Siostrze Faustynie. W jego podziemiach planowane jest powi\u0119kszenie muzeum \u015bw. Siostry Faustyny. W planach rozbudowy uwzgl\u0119dniono r\u00f3wnie\u017c obiekty stanowi\u0105ce zaplecze dla pielgrzym\u00f3w i formacji aposto\u0142\u00f3w\u00a0 Bo\u017cego\u00a0 Mi\u0142osierdzia\u00a0 oraz\u00a0 centrum\u00a0 rekolekcyjne.\u00a0Kamie\u0144\u00a0w\u0119gielny z Golgoty dla nowej \u015bwi\u0105tyni 19 kwietnia 2009 roku (w \u015awi\u0119to Mi\u0142osierdzia) po\u015bwi\u0119ci\u0142 ordynariusz diecezji p\u0142ockiej bp Piotr Libera.<\/p>\n<h3><span style=\"color: #800000\">Ofiary na ten cel mo\u017cna wp\u0142aca\u0107 na konto:<\/span><\/h3>\n<p>ZGROMADZENIE SI\u00d3STR<br \/>\nMATKI BO\u017bEJ MI\u0141OSIERDZIA<br \/>\nStary Rynek 14\/18<br \/>\n09\u2013404 P\u0141OCK<\/p>\n<p>BANK PEKAO S.A<br \/>\nI O. w P\u0142ocku<br \/>\nul. Kolegialna 14 a<br \/>\nKOD SWIFT: <span style=\"text-decoration: underline\">PKOPPLPW<\/span><\/p>\n<p><span style=\"text-decoration: underline\">PLN<\/span> \u2013 Numer IBAN: <span style=\"text-decoration: underline\">72 1240 3174 1111 0000 2890 0836<\/span><\/p>\n<p><span style=\"text-decoration: underline\">USD<\/span> \u2013 Numer IBAN: <span style=\"text-decoration: underline\">56 1240 3174 1787 0010 1057 7746<\/span><\/p>\n<p><span style=\"text-decoration: underline\">EUR<\/span> \u2013 Numer IBAN: <span style=\"text-decoration: underline\">28 1240 3174 1978 0010 1057 7818<\/span><\/p>\n<p>Za wszystkie ofiary duchowe i materialne<br \/>\nsiostry sk\u0142adaj\u0105 serdeczne: \u201eB\u00f3g zap\u0142a\u0107\u201d<br \/>\ni zanosz\u0105 modlitw\u0119 w intencjach wszystkich darczy\u0144c\u00f3w.<\/p>\n<p>Wi\u0119cej: <a href=\"http:\/\/www.milosierdzieplock.pl\/\">www.milosierdzieplock.pl<\/a><\/p>\n<p><a href=\"https:\/\/www.faustyna.pl\/zmbm\/sanktuaria\/\">Sanktuaria\/Sanktuarium Bo\u017cego Mi\u0142osierdzia w P\u0142ocku<\/a><\/p>\n","protected":false},"excerpt":{"rendered":"<p>Zapewne tajemnic\u0105 pozostanie, dlaczego na\u00a0 miejsce\u00a0 pierwszych objawie\u0144 zwi\u0105zanych z or\u0119dziem Mi\u0142osierdzia Jezus wybra\u0142 w\u0142a\u015bnie P\u0142ock? To B\u00f3g, do kt\u00f3rego nale\u017cy ca\u0142y \u015bwiat, wybiera czas i miejsca, w kt\u00f3rych ludzie do\u015bwiadczaj\u0105 Jego szczeg\u00f3lnej obecno\u015bci i \u0142aski. Cho\u0107 bez odpowiedzi pozostanie pytanie, dlaczego takim miejscem sta\u0142 si\u0119 klasztor w P\u0142ocku, to dynamiczny rozw\u00f3j kultu Mi\u0142osierdzia Bo\u017cego [&hellip;]<\/p>\n","protected":false},"author":1,"featured_media":0,"parent":0,"menu_order":0,"comment_status":"closed","ping_status":"closed","template":"","meta":{"footnotes":""},"categories":[41],"tags":[],"class_list":["post-1416","page","type-page","status-publish","hentry","category-plock"],"_links":{"self":[{"href":"https:\/\/www.faustyna.pl\/zmbm\/wp-json\/wp\/v2\/pages\/1416","targetHints":{"allow":["GET"]}}],"collection":[{"href":"https:\/\/www.faustyna.pl\/zmbm\/wp-json\/wp\/v2\/pages"}],"about":[{"href":"https:\/\/www.faustyna.pl\/zmbm\/wp-json\/wp\/v2\/types\/page"}],"author":[{"embeddable":true,"href":"https:\/\/www.faustyna.pl\/zmbm\/wp-json\/wp\/v2\/users\/1"}],"replies":[{"embeddable":true,"href":"https:\/\/www.faustyna.pl\/zmbm\/wp-json\/wp\/v2\/comments?post=1416"}],"version-history":[{"count":9,"href":"https:\/\/www.faustyna.pl\/zmbm\/wp-json\/wp\/v2\/pages\/1416\/revisions"}],"predecessor-version":[{"id":32486,"href":"https:\/\/www.faustyna.pl\/zmbm\/wp-json\/wp\/v2\/pages\/1416\/revisions\/32486"}],"wp:attachment":[{"href":"https:\/\/www.faustyna.pl\/zmbm\/wp-json\/wp\/v2\/media?parent=1416"}],"wp:term":[{"taxonomy":"category","embeddable":true,"href":"https:\/\/www.faustyna.pl\/zmbm\/wp-json\/wp\/v2\/categories?post=1416"},{"taxonomy":"post_tag","embeddable":true,"href":"https:\/\/www.faustyna.pl\/zmbm\/wp-json\/wp\/v2\/tags?post=1416"}],"curies":[{"name":"wp","href":"https:\/\/api.w.org\/{rel}","templated":true}]}}