



{"id":1421,"date":"2014-12-18T23:18:05","date_gmt":"2014-12-18T23:18:05","guid":{"rendered":"http:\/\/www.faustyna.pl\/zmbm\/?page_id=1421"},"modified":"2023-03-08T16:08:43","modified_gmt":"2023-03-08T15:08:43","slug":"kontakt-swinice-warckie","status":"publish","type":"page","link":"https:\/\/www.faustyna.pl\/zmbm\/kontakt-swinice-warckie\/","title":{"rendered":"Kontakt"},"content":{"rendered":"<p style=\"text-align: left\"><span style=\"color: #800000\"><strong><span style=\"text-decoration: underline\"> <a href=\"https:\/\/www.faustyna.pl\/zmbm\/wp-content\/uploads\/2014\/12\/Sanktuarium-w-Swinicach-Warckich.jpg\" data-gallery><img loading=\"lazy\" decoding=\"async\" class=\"size-medium wp-image-10800 alignnone\" src=\"https:\/\/www.faustyna.pl\/zmbm\/wp-content\/uploads\/2014\/12\/Sanktuarium-w-Swinicach-Warckich-560x331.jpg\" alt=\"\" width=\"560\" height=\"331\" srcset=\"https:\/\/www.faustyna.pl\/zmbm\/wp-content\/uploads\/2014\/12\/Sanktuarium-w-Swinicach-Warckich-560x331.jpg 560w, https:\/\/www.faustyna.pl\/zmbm\/wp-content\/uploads\/2014\/12\/Sanktuarium-w-Swinicach-Warckich-140x83.jpg 140w, https:\/\/www.faustyna.pl\/zmbm\/wp-content\/uploads\/2014\/12\/Sanktuarium-w-Swinicach-Warckich.jpg 1024w\" sizes=\"auto, (max-width: 560px) 100vw, 560px\" \/><\/a><\/span><\/strong><\/span><\/p>\n<p style=\"text-align: left\"><span style=\"color: #800000\"><strong><span style=\"text-decoration: underline\">Sanktuarium Urodzin i Chrztu \u015bw. Faustyny<\/span><\/strong><\/span><\/p>\n<p style=\"text-align: left\"><span style=\"color: #800000\"><strong> Parafia Rzymsko-Katolicka<br \/>\np.w. \u015bw. Kazimierza<br \/>\nSanktuarium Urodzin i Chrztu \u015bw. Faustyny<\/strong><\/span><\/p>\n<p>ul. \u015aw. Faustyny 3<br \/>\n99-140 \u015awinice Warckie<br \/>\ntel.: (63) 288 12 07<br \/>\ne-mail: swinice@diecezja.wloclawek.pl<br \/>\n<a href=\"http:\/\/www.swfaustyna.pl\/\">www.swfaustyna.pl<\/a><\/p>\n<p style=\"text-align: left\"><strong><br \/>\n<a href=\"https:\/\/www.faustyna.pl\/zmbm\/wp-content\/uploads\/2014\/12\/Klasztor-czynny-i-konteplacyjny-ZMBM-w-Swinicach-Warckich.jpg\" data-gallery><img loading=\"lazy\" decoding=\"async\" class=\"size-medium wp-image-10801 alignnone\" src=\"https:\/\/www.faustyna.pl\/zmbm\/wp-content\/uploads\/2014\/12\/Klasztor-czynny-i-konteplacyjny-ZMBM-w-Swinicach-Warckich-560x333.jpg\" alt=\"\" width=\"560\" height=\"333\" srcset=\"https:\/\/www.faustyna.pl\/zmbm\/wp-content\/uploads\/2014\/12\/Klasztor-czynny-i-konteplacyjny-ZMBM-w-Swinicach-Warckich-560x333.jpg 560w, https:\/\/www.faustyna.pl\/zmbm\/wp-content\/uploads\/2014\/12\/Klasztor-czynny-i-konteplacyjny-ZMBM-w-Swinicach-Warckich-140x83.jpg 140w, https:\/\/www.faustyna.pl\/zmbm\/wp-content\/uploads\/2014\/12\/Klasztor-czynny-i-konteplacyjny-ZMBM-w-Swinicach-Warckich.jpg 1024w\" sizes=\"auto, (max-width: 560px) 100vw, 560px\" \/><\/a><\/strong><\/p>\n<p style=\"text-align: left\"><strong><span style=\"color: #800000\">Klasztor Zgromadzenia<\/span><\/strong><br \/>\n<span style=\"color: #800000\"> <strong> Si\u00f3str Matki Bo\u017cej Mi\u0142osierdzia<\/strong><\/span><\/p>\n<p>ul. Chopina 5<br \/>\n99-140 \u015aWINICE WARCKIE<br \/>\ntel.: (63) 288 15 18<br \/>\ne-mail: dom-swinice@faustyna.pl<\/p>\n<p><a href=\"https:\/\/www.faustyna.pl\/zmbm\/sanktuaria\/\">Sanktuaria\/Sanktuarium Chrztu i Narodzin \u015bw. Siostry Faustyny w \u015awinicach Warckich<\/a><\/p>\n","protected":false},"excerpt":{"rendered":"<p>Sanktuarium Urodzin i Chrztu \u015bw. Faustyny Parafia Rzymsko-Katolicka p.w. \u015bw. Kazimierza Sanktuarium Urodzin i Chrztu \u015bw. Faustyny ul. \u015aw. Faustyny 3 99-140 \u015awinice Warckie tel.: (63) 288 12 07 e-mail: swinice@diecezja.wloclawek.pl www.swfaustyna.pl Klasztor Zgromadzenia Si\u00f3str Matki Bo\u017cej Mi\u0142osierdzia ul. Chopina 5 99-140 \u015aWINICE WARCKIE tel.: (63) 288 15 18 e-mail: dom-swinice@faustyna.pl Sanktuaria\/Sanktuarium Chrztu i Narodzin [&hellip;]<\/p>\n","protected":false},"author":1,"featured_media":0,"parent":0,"menu_order":0,"comment_status":"closed","ping_status":"closed","template":"","meta":{"footnotes":""},"categories":[42],"tags":[],"class_list":["post-1421","page","type-page","status-publish","hentry","category-swinice-warckie"],"_links":{"self":[{"href":"https:\/\/www.faustyna.pl\/zmbm\/wp-json\/wp\/v2\/pages\/1421","targetHints":{"allow":["GET"]}}],"collection":[{"href":"https:\/\/www.faustyna.pl\/zmbm\/wp-json\/wp\/v2\/pages"}],"about":[{"href":"https:\/\/www.faustyna.pl\/zmbm\/wp-json\/wp\/v2\/types\/page"}],"author":[{"embeddable":true,"href":"https:\/\/www.faustyna.pl\/zmbm\/wp-json\/wp\/v2\/users\/1"}],"replies":[{"embeddable":true,"href":"https:\/\/www.faustyna.pl\/zmbm\/wp-json\/wp\/v2\/comments?post=1421"}],"version-history":[{"count":9,"href":"https:\/\/www.faustyna.pl\/zmbm\/wp-json\/wp\/v2\/pages\/1421\/revisions"}],"predecessor-version":[{"id":25932,"href":"https:\/\/www.faustyna.pl\/zmbm\/wp-json\/wp\/v2\/pages\/1421\/revisions\/25932"}],"wp:attachment":[{"href":"https:\/\/www.faustyna.pl\/zmbm\/wp-json\/wp\/v2\/media?parent=1421"}],"wp:term":[{"taxonomy":"category","embeddable":true,"href":"https:\/\/www.faustyna.pl\/zmbm\/wp-json\/wp\/v2\/categories?post=1421"},{"taxonomy":"post_tag","embeddable":true,"href":"https:\/\/www.faustyna.pl\/zmbm\/wp-json\/wp\/v2\/tags?post=1421"}],"curies":[{"name":"wp","href":"https:\/\/api.w.org\/{rel}","templated":true}]}}

<p style="text-align: left"><span style="color: #800000"><strong><span style="text-decoration: underline"> <a href="https://www.faustyna.pl/zmbm/wp-content/uploads/2014/12/Sanktuarium-w-Swinicach-Warckich.jpg" data-gallery><img loading="lazy" decoding="async" class="size-medium wp-image-10800 alignnone" src="https://www.faustyna.pl/zmbm/wp-content/uploads/2014/12/Sanktuarium-w-Swinicach-Warckich-560x331.jpg" alt="" width="560" height="331" srcset="https://www.faustyna.pl/zmbm/wp-content/uploads/2014/12/Sanktuarium-w-Swinicach-Warckich-560x331.jpg 560w, https://www.faustyna.pl/zmbm/wp-content/uploads/2014/12/Sanktuarium-w-Swinicach-Warckich-140x83.jpg 140w, https://www.faustyna.pl/zmbm/wp-content/uploads/2014/12/Sanktuarium-w-Swinicach-Warckich.jpg 1024w" sizes="auto, (max-width: 560px) 100vw, 560px" /></a></span></strong></span></p>
<p style="text-align: left"><span style="color: #800000"><strong><span style="text-decoration: underline">Sanktuarium Urodzin i Chrztu św. Faustyny</span></strong></span></p>
<p style="text-align: left"><span style="color: #800000"><strong> Parafia Rzymsko-Katolicka<br />
p.w. św. Kazimierza<br />
Sanktuarium Urodzin i Chrztu św. Faustyny</strong></span></p>
<p>ul. Św. Faustyny 3<br />
99-140 Świnice Warckie<br />
tel.: (63) 288 12 07<br />
e-mail: swinice@diecezja.wloclawek.pl<br />
<a href="http://www.swfaustyna.pl/">www.swfaustyna.pl</a></p>
<p style="text-align: left"><strong><br />
<a href="https://www.faustyna.pl/zmbm/wp-content/uploads/2014/12/Klasztor-czynny-i-konteplacyjny-ZMBM-w-Swinicach-Warckich.jpg" data-gallery><img loading="lazy" decoding="async" class="size-medium wp-image-10801 alignnone" src="https://www.faustyna.pl/zmbm/wp-content/uploads/2014/12/Klasztor-czynny-i-konteplacyjny-ZMBM-w-Swinicach-Warckich-560x333.jpg" alt="" width="560" height="333" srcset="https://www.faustyna.pl/zmbm/wp-content/uploads/2014/12/Klasztor-czynny-i-konteplacyjny-ZMBM-w-Swinicach-Warckich-560x333.jpg 560w, https://www.faustyna.pl/zmbm/wp-content/uploads/2014/12/Klasztor-czynny-i-konteplacyjny-ZMBM-w-Swinicach-Warckich-140x83.jpg 140w, https://www.faustyna.pl/zmbm/wp-content/uploads/2014/12/Klasztor-czynny-i-konteplacyjny-ZMBM-w-Swinicach-Warckich.jpg 1024w" sizes="auto, (max-width: 560px) 100vw, 560px" /></a></strong></p>
<p style="text-align: left"><strong><span style="color: #800000">Klasztor Zgromadzenia</span></strong><br />
<span style="color: #800000"> <strong> Sióstr Matki Bożej Miłosierdzia</strong></span></p>
<p>ul. Chopina 5<br />
99-140 ŚWINICE WARCKIE<br />
tel.: (63) 288 15 18<br />
e-mail: dom-swinice@faustyna.pl</p>
<p><a href="https://www.faustyna.pl/zmbm/sanktuaria/">Sanktuaria/Sanktuarium Chrztu i Narodzin św. Siostry Faustyny w Świnicach Warckich</a></p>

<p>Sanktuarium Urodzin i Chrztu św. Faustyny Parafia Rzymsko-Katolicka p.w. św. Kazimierza Sanktuarium Urodzin i Chrztu św. Faustyny ul. Św. Faustyny 3 99-140 Świnice Warckie tel.: (63) 288 12 07 e-mail: swinice@diecezja.wloclawek.pl www.swfaustyna.pl Klasztor Zgromadzenia Sióstr Matki Bożej Miłosierdzia ul. Chopina 5 99-140 ŚWINICE WARCKIE tel.: (63) 288 15 18 e-mail: dom-swinice@faustyna.pl Sanktuaria/Sanktuarium Chrztu i Narodzin [&hellip;]</p>
