



{"id":1435,"date":"2014-12-18T23:22:16","date_gmt":"2014-12-18T23:22:16","guid":{"rendered":"http:\/\/www.faustyna.pl\/zmbm\/?page_id=1435"},"modified":"2023-03-08T16:04:43","modified_gmt":"2023-03-08T15:04:43","slug":"dom-zgromadzenia-siostr-matki-bozej-milosierdzia-rzym","status":"publish","type":"page","link":"https:\/\/www.faustyna.pl\/zmbm\/dom-zgromadzenia-siostr-matki-bozej-milosierdzia-rzym\/","title":{"rendered":"Dom Zgromadzenia Si\u00f3str Matki Bo\u017cej Mi\u0142osierdzia"},"content":{"rendered":"<p align=\"justify\"><a href=\"https:\/\/www.faustyna.pl\/zmbm\/wp-content\/uploads\/2014\/12\/Oltarz-Milosierdzia-Bozego-w-kosciele-Ducha-Swietego-w-Rzymie.jpg\" data-gallery><img loading=\"lazy\" decoding=\"async\" class=\"size-medium wp-image-10809 alignnone\" src=\"https:\/\/www.faustyna.pl\/zmbm\/wp-content\/uploads\/2014\/12\/Oltarz-Milosierdzia-Bozego-w-kosciele-Ducha-Swietego-w-Rzymie-560x330.jpg\" alt=\"\" width=\"560\" height=\"330\" srcset=\"https:\/\/www.faustyna.pl\/zmbm\/wp-content\/uploads\/2014\/12\/Oltarz-Milosierdzia-Bozego-w-kosciele-Ducha-Swietego-w-Rzymie-560x330.jpg 560w, https:\/\/www.faustyna.pl\/zmbm\/wp-content\/uploads\/2014\/12\/Oltarz-Milosierdzia-Bozego-w-kosciele-Ducha-Swietego-w-Rzymie-140x83.jpg 140w, https:\/\/www.faustyna.pl\/zmbm\/wp-content\/uploads\/2014\/12\/Oltarz-Milosierdzia-Bozego-w-kosciele-Ducha-Swietego-w-Rzymie.jpg 1024w\" sizes=\"auto, (max-width: 560px) 100vw, 560px\" \/><\/a><\/p>\n<p align=\"justify\">Siostry Zgromadzenia Matki Bo\u017cej Mi\u0142osierdzia pos\u0142uguj\u0105 w Rzymie od 21 listopada 1978 roku, gdy w \u201eKolegium Czeskim\u201d przy Via Concordia 1 erygowano dom zakonny, kt\u00f3ry w\u00f3wczas stanowi\u0142 zaplecze dla sprawnego prowadzenia procesu beatyfikacyjnego Siostry Faustyny.<\/p>\n<p style=\"text-align: justify\">Przed beatyfikacj\u0105 Siostry Faustyny siostry zosta\u0142y zaproszone do pracy w utworzonym przez Wikariat Rzymu \u201eCentrum Duchowo\u015bci Mi\u0142osierdzia Bo\u017cego\u201d przy ko\u015bciele \u015awi\u0119tego Ducha. Rektorem ko\u015bcio\u0142a zosta\u0142 mianowany ks. J\u00f3zef Bart. 1 maja 1993 roku, a wi\u0119c zaraz po beatyfikacji Siostry Faustyny, 2 siostry doje\u017cd\u017ca\u0142y do pracy w tym ko\u015bciele z domu przy via Concordia, a 8 grudnia tego roku, po przygotowaniu mieszkania, siostry przeprowadzi\u0142y si\u0119 na sta\u0142e do domu przy via dei Penitenzieri 12. Na pocz\u0105tku 1994 roku (14 stycznia) zosta\u0142 w tym miejscu kanonicznie erygowany dom Zgromadzenia Si\u00f3str Matki Bo\u017cej Mi\u0142osierdzia dla dzie\u0142a szerzenia i wypraszania mi\u0142osierdzia Bo\u017cego dla Ko\u015bcio\u0142a i \u015bwiata.<\/p>\n<p style=\"text-align: justify\">Siostry\u00a0wspieraj\u0105\u00a0prac\u0119\u00a0Rektora\u00a0ko\u015bcio\u0142a\u00a0\u015awi\u0119tego\u00a0 Ducha i w\u0142oskiego Centrum Duchowo\u015bci\u00a0 Mi\u0142osierdzia\u00a0 Bo\u017cego:\u00a0 dbaj\u0105 o liturgi\u0119, troszcz\u0105 si\u0119 o praktyk\u0119 form kultu Mi\u0142osierdzia Bo\u017cego, kt\u00f3re przekaza\u0142a \u015bw. Siostra Faustyna, zabiegaj\u0105 o t\u0142umaczenia, publikacj\u0119, dystrybucj\u0119 ksi\u0105\u017cek i r\u00f3\u017cnych materia\u0142\u00f3w\u00a0zwi\u0105zanych\u00a0z\u00a0 \u017cyciem\u00a0 i\u00a0 pos\u0142annictwem\u00a0 \u015bw.\u00a0 Siostry Faustyny, a tak\u017ce troszcz\u0105 si\u0119 o sam ko\u015bci\u00f3\u0142, kt\u00f3ry codziennie bardzo licznie nawiedzaj\u0105 mieszka\u0144cy Rzymu i pielgrzymi przybywaj\u0105cy do Watykanu. Rozwojowi w\u0142oskiego centrum kultu Mi\u0142osierdzia Bo\u017cego i \u015bw. Siostry Faustyny sprzyja nie tylko ci\u0105gle wzrastaj\u0105ca popularno\u015b\u0107 nabo\u017ce\u0144stwa do Mi\u0142osierdzia Bo\u017cego i s\u0142awa \u015bwi\u0119to\u015bci Aposto\u0142ki Bo\u017cego Mi\u0142osierdzia, ale tak\u017ce bliskie s\u0105siedztwo z Bazylik\u0105 i Placem \u015awi\u0119tego Piotra. St\u0105d do w\u0142oskiego Centrum Duchowo\u015bci przybywaj\u0105 pielgrzymi z wielu kraj\u00f3w \u015bwiata, nie tylko W\u0142osi.<\/p>\n<p><a href=\"https:\/\/www.faustyna.pl\/zmbm\/sanktuaria\/\">Sanktuaria\/Centrum Duchowo\u015bci Bo\u017cego Mi\u0142osierdzia w Rzymie<\/a><\/p>\n","protected":false},"excerpt":{"rendered":"<p>Siostry Zgromadzenia Matki Bo\u017cej Mi\u0142osierdzia pos\u0142uguj\u0105 w Rzymie od 21 listopada 1978 roku, gdy w \u201eKolegium Czeskim\u201d przy Via Concordia 1 erygowano dom zakonny, kt\u00f3ry w\u00f3wczas stanowi\u0142 zaplecze dla sprawnego prowadzenia procesu beatyfikacyjnego Siostry Faustyny. Przed beatyfikacj\u0105 Siostry Faustyny siostry zosta\u0142y zaproszone do pracy w utworzonym przez Wikariat Rzymu \u201eCentrum Duchowo\u015bci Mi\u0142osierdzia Bo\u017cego\u201d przy ko\u015bciele [&hellip;]<\/p>\n","protected":false},"author":1,"featured_media":0,"parent":0,"menu_order":0,"comment_status":"closed","ping_status":"closed","template":"","meta":{"footnotes":""},"categories":[43],"tags":[],"class_list":["post-1435","page","type-page","status-publish","hentry","category-rzym"],"_links":{"self":[{"href":"https:\/\/www.faustyna.pl\/zmbm\/wp-json\/wp\/v2\/pages\/1435","targetHints":{"allow":["GET"]}}],"collection":[{"href":"https:\/\/www.faustyna.pl\/zmbm\/wp-json\/wp\/v2\/pages"}],"about":[{"href":"https:\/\/www.faustyna.pl\/zmbm\/wp-json\/wp\/v2\/types\/page"}],"author":[{"embeddable":true,"href":"https:\/\/www.faustyna.pl\/zmbm\/wp-json\/wp\/v2\/users\/1"}],"replies":[{"embeddable":true,"href":"https:\/\/www.faustyna.pl\/zmbm\/wp-json\/wp\/v2\/comments?post=1435"}],"version-history":[{"count":3,"href":"https:\/\/www.faustyna.pl\/zmbm\/wp-json\/wp\/v2\/pages\/1435\/revisions"}],"predecessor-version":[{"id":25924,"href":"https:\/\/www.faustyna.pl\/zmbm\/wp-json\/wp\/v2\/pages\/1435\/revisions\/25924"}],"wp:attachment":[{"href":"https:\/\/www.faustyna.pl\/zmbm\/wp-json\/wp\/v2\/media?parent=1435"}],"wp:term":[{"taxonomy":"category","embeddable":true,"href":"https:\/\/www.faustyna.pl\/zmbm\/wp-json\/wp\/v2\/categories?post=1435"},{"taxonomy":"post_tag","embeddable":true,"href":"https:\/\/www.faustyna.pl\/zmbm\/wp-json\/wp\/v2\/tags?post=1435"}],"curies":[{"name":"wp","href":"https:\/\/api.w.org\/{rel}","templated":true}]}}