



{"id":15403,"date":"2019-05-27T11:31:47","date_gmt":"2019-05-27T09:31:47","guid":{"rendered":"https:\/\/www.faustyna.pl\/zmbm\/?page_id=15403"},"modified":"2025-09-15T17:02:36","modified_gmt":"2025-09-15T15:02:36","slug":"msza-sw-w-intencjach-prosb-i-podziekowan-wiernych","status":"publish","type":"page","link":"https:\/\/www.faustyna.pl\/zmbm\/msza-sw-w-intencjach-prosb-i-podziekowan-wiernych\/","title":{"rendered":"Msza \u015bw. w intencjach pr\u00f3\u015bb i podzi\u0119kowa\u0144 wiernych"},"content":{"rendered":"<p>&nbsp;<\/p>\n<p style=\"text-align: justify\"><a href=\"https:\/\/www.faustyna.pl\/zmbm\/wp-content\/uploads\/2019\/10\/rekolekcje-dla-rodzin.jpg\" data-gallery><img loading=\"lazy\" decoding=\"async\" class=\"size-medium wp-image-16228 alignnone\" src=\"https:\/\/www.faustyna.pl\/zmbm\/wp-content\/uploads\/2019\/10\/rekolekcje-dla-rodzin-560x333.jpg\" alt=\"\" width=\"560\" height=\"333\" srcset=\"https:\/\/www.faustyna.pl\/zmbm\/wp-content\/uploads\/2019\/10\/rekolekcje-dla-rodzin-560x333.jpg 560w, https:\/\/www.faustyna.pl\/zmbm\/wp-content\/uploads\/2019\/10\/rekolekcje-dla-rodzin-140x83.jpg 140w, https:\/\/www.faustyna.pl\/zmbm\/wp-content\/uploads\/2019\/10\/rekolekcje-dla-rodzin.jpg 1024w\" sizes=\"auto, (max-width: 560px) 100vw, 560px\" \/><\/a><\/p>\n<p style=\"text-align: justify\">W Sanktuarium Bo\u017cego Mi\u0142osierdzia w Krakowie-\u0141agiewnikach w ka\u017cdy czwartek o godzinie 17.00 sprawowana jest Msza \u015bw. do Mi\u0142osierdzia Bo\u017cego za wstawiennictwem \u015bw. Siostry Faustyny w intencjach pr\u00f3\u015bb i podzi\u0119kowa\u0144 wiernych, sk\u0142adanych przed o\u0142tarzem z \u0142askami s\u0142yn\u0105cym obrazem Jezusa Mi\u0142osiernego i przy grobie Aposto\u0142ki Bo\u017cego Mi\u0142osierdzia. Intencje mo\u017cna do\u0142\u0105czy\u0107 przed sam\u0105 Msz\u0105 \u015bw., a ci, kt\u00f3rzy nie mog\u0105 fizycznie by\u0107 na niej obecni, mog\u0105 w\u0142\u0105czy\u0107 si\u0119 do modlitwy przez transmisj\u0119 on-line na stronie: www.faustyna.pl.<\/p>\n<p>&nbsp;<\/p>\n","protected":false},"excerpt":{"rendered":"<p>&nbsp; W Sanktuarium Bo\u017cego Mi\u0142osierdzia w Krakowie-\u0141agiewnikach w ka\u017cdy czwartek o godzinie 17.00 sprawowana jest Msza \u015bw. do Mi\u0142osierdzia Bo\u017cego za wstawiennictwem \u015bw. Siostry Faustyny w intencjach pr\u00f3\u015bb i podzi\u0119kowa\u0144 wiernych, sk\u0142adanych przed o\u0142tarzem z \u0142askami s\u0142yn\u0105cym obrazem Jezusa Mi\u0142osiernego i przy grobie Aposto\u0142ki Bo\u017cego Mi\u0142osierdzia. Intencje mo\u017cna do\u0142\u0105czy\u0107 przed sam\u0105 Msz\u0105 \u015bw., a ci, [&hellip;]<\/p>\n","protected":false},"author":2,"featured_media":16228,"parent":0,"menu_order":-1628,"comment_status":"closed","ping_status":"closed","template":"","meta":{"footnotes":""},"categories":[4],"tags":[],"class_list":["post-15403","page","type-page","status-publish","has-post-thumbnail","hentry","category-aktualnosci"],"_links":{"self":[{"href":"https:\/\/www.faustyna.pl\/zmbm\/wp-json\/wp\/v2\/pages\/15403","targetHints":{"allow":["GET"]}}],"collection":[{"href":"https:\/\/www.faustyna.pl\/zmbm\/wp-json\/wp\/v2\/pages"}],"about":[{"href":"https:\/\/www.faustyna.pl\/zmbm\/wp-json\/wp\/v2\/types\/page"}],"author":[{"embeddable":true,"href":"https:\/\/www.faustyna.pl\/zmbm\/wp-json\/wp\/v2\/users\/2"}],"replies":[{"embeddable":true,"href":"https:\/\/www.faustyna.pl\/zmbm\/wp-json\/wp\/v2\/comments?post=15403"}],"version-history":[{"count":2,"href":"https:\/\/www.faustyna.pl\/zmbm\/wp-json\/wp\/v2\/pages\/15403\/revisions"}],"predecessor-version":[{"id":16229,"href":"https:\/\/www.faustyna.pl\/zmbm\/wp-json\/wp\/v2\/pages\/15403\/revisions\/16229"}],"wp:featuredmedia":[{"embeddable":true,"href":"https:\/\/www.faustyna.pl\/zmbm\/wp-json\/wp\/v2\/media\/16228"}],"wp:attachment":[{"href":"https:\/\/www.faustyna.pl\/zmbm\/wp-json\/wp\/v2\/media?parent=15403"}],"wp:term":[{"taxonomy":"category","embeddable":true,"href":"https:\/\/www.faustyna.pl\/zmbm\/wp-json\/wp\/v2\/categories?post=15403"},{"taxonomy":"post_tag","embeddable":true,"href":"https:\/\/www.faustyna.pl\/zmbm\/wp-json\/wp\/v2\/tags?post=15403"}],"curies":[{"name":"wp","href":"https:\/\/api.w.org\/{rel}","templated":true}]}}

Msza św. w intencjach próśb i podziękowań wiernych

<p>&nbsp;</p>
<p style="text-align: justify"><a href="https://www.faustyna.pl/zmbm/wp-content/uploads/2019/10/rekolekcje-dla-rodzin.jpg" data-gallery><img loading="lazy" decoding="async" class="size-medium wp-image-16228 alignnone" src="https://www.faustyna.pl/zmbm/wp-content/uploads/2019/10/rekolekcje-dla-rodzin-560x333.jpg" alt="" width="560" height="333" srcset="https://www.faustyna.pl/zmbm/wp-content/uploads/2019/10/rekolekcje-dla-rodzin-560x333.jpg 560w, https://www.faustyna.pl/zmbm/wp-content/uploads/2019/10/rekolekcje-dla-rodzin-140x83.jpg 140w, https://www.faustyna.pl/zmbm/wp-content/uploads/2019/10/rekolekcje-dla-rodzin.jpg 1024w" sizes="auto, (max-width: 560px) 100vw, 560px" /></a></p>
<p style="text-align: justify">W Sanktuarium Bożego Miłosierdzia w Krakowie-Łagiewnikach w każdy czwartek o godzinie 17.00 sprawowana jest Msza św. do Miłosierdzia Bożego za wstawiennictwem św. Siostry Faustyny w intencjach próśb i podziękowań wiernych, składanych przed ołtarzem z łaskami słynącym obrazem Jezusa Miłosiernego i przy grobie Apostołki Bożego Miłosierdzia. Intencje można dołączyć przed samą Mszą św., a ci, którzy nie mogą fizycznie być na niej obecni, mogą włączyć się do modlitwy przez transmisję on-line na stronie: www.faustyna.pl.</p>
<p>&nbsp;</p>

<p>&nbsp; W Sanktuarium Bożego Miłosierdzia w Krakowie-Łagiewnikach w każdy czwartek o godzinie 17.00 sprawowana jest Msza św. do Miłosierdzia Bożego za wstawiennictwem św. Siostry Faustyny w intencjach próśb i podziękowań wiernych, składanych przed ołtarzem z łaskami słynącym obrazem Jezusa Miłosiernego i przy grobie Apostołki Bożego Miłosierdzia. Intencje można dołączyć przed samą Mszą św., a ci, [&hellip;]</p>
