



{"id":15467,"date":"2019-06-08T17:41:13","date_gmt":"2019-06-08T15:41:13","guid":{"rendered":"https:\/\/www.faustyna.pl\/zmbm\/?page_id=15467"},"modified":"2025-09-15T17:02:48","modified_gmt":"2025-09-15T15:02:48","slug":"czas-laski-kazdego-dnia-2","status":"publish","type":"page","link":"https:\/\/www.faustyna.pl\/zmbm\/czas-laski-kazdego-dnia-2\/","title":{"rendered":"Czas \u0142aski ka\u017cdego dnia"},"content":{"rendered":"<p><span style=\"color: #000000;font-family: Times New Roman\"><a href=\"https:\/\/www.faustyna.pl\/zmbm\/wp-content\/uploads\/2019\/06\/Godzina-Milosierdzia.jpg\" data-gallery><img loading=\"lazy\" decoding=\"async\" class=\"size-medium wp-image-15468 alignnone\" src=\"https:\/\/www.faustyna.pl\/zmbm\/wp-content\/uploads\/2019\/06\/Godzina-Milosierdzia-560x333.jpg\" alt=\"\" width=\"560\" height=\"333\" srcset=\"https:\/\/www.faustyna.pl\/zmbm\/wp-content\/uploads\/2019\/06\/Godzina-Milosierdzia-560x333.jpg 560w, https:\/\/www.faustyna.pl\/zmbm\/wp-content\/uploads\/2019\/06\/Godzina-Milosierdzia-140x83.jpg 140w, https:\/\/www.faustyna.pl\/zmbm\/wp-content\/uploads\/2019\/06\/Godzina-Milosierdzia.jpg 1024w\" sizes=\"auto, (max-width: 560px) 100vw, 560px\" \/><\/a><\/span><\/p>\n<p style=\"text-align: justify\">Pan Jezus w nabo\u017ce\u0144stwie do Mi\u0142osierdzia Bo\u017cego ka\u017cdego dnia daje nam wyj\u0105tkowy czas \u0142aski o godzinie trzeciej po po\u0142udniu. Chodzi o moment Jego konania na krzy\u017cu, o kt\u00f3rym powiedzia\u0142 do \u015bw. Siostry Faustyny: \u201eJest to godzina wielkiego mi\u0142osierdzia dla \u015bwiata ca\u0142ego. (\u2026) W tej godzinie nie odm\u00f3wi\u0119 duszy niczego, kt\u00f3ra Mnie prosi przez m\u0119k\u0119 Moj\u0105&#8230;\u201d (Dz. 1320). Aby skorzysta\u0107 z tych obietnic Jezusa, trzeba modli\u0107 si\u0119 z ufno\u015bci\u0105 i do ufnej modlitwy do\u0142\u0105cza\u0107 akty mi\u0142osierdzia wobec bli\u017anich. Jezus proponuje trzy sposoby prze\u017cywania modlitwy w Godzinie Mi\u0142osierdzia: odprawienie Drogi krzy\u017cowej, nawiedzenie Naj\u015bwi\u0119tszego Sakramentu, a je\u015bli to niemo\u017cliwe, po\u0142\u0105czenie si\u0119 z Nim, konaj\u0105cym na krzy\u017cu, w tym miejscu, gdzie nas zastanie godzina 15.00. W tej modlitwie zwracamy si\u0119 wprost do Jezusa, a w b\u0142aganiach odwo\u0142ujemy si\u0119 do zas\u0142ug Jego bolesnej m\u0119ki. Jest to czas uprzywilejowany w nabo\u017ce\u0144stwie do Mi\u0142osierdzia Bo\u017cego, dlatego Godzina Mi\u0142osierdzia i Koronka do Mi\u0142osierdzia Bo\u017cego praktykowana jest ka\u017cdego dnia we wszystkich klasztorach Zgromadzenia. Mo\u017cna si\u0119 w t\u0119 modlitw\u0119 w\u0142\u0105czy\u0107 przez transmisj\u0119 on-line z Sanktuarium Bo\u017cego Mi\u0142osierdzia w Krakowie-\u0141agiewnikach na stronie: faustyna.pl i w aplikacji: Faustyna.pl oraz korzystaj\u0105c z transmisji TVP3 w pa\u015bmie og\u00f3lnopolskim<\/p>\n<p>&nbsp;<\/p>\n","protected":false},"excerpt":{"rendered":"<p>Pan Jezus w nabo\u017ce\u0144stwie do Mi\u0142osierdzia Bo\u017cego ka\u017cdego dnia daje nam wyj\u0105tkowy czas \u0142aski o godzinie trzeciej po po\u0142udniu. Chodzi o moment Jego konania na krzy\u017cu, o kt\u00f3rym powiedzia\u0142 do \u015bw. Siostry Faustyny: \u201eJest to godzina wielkiego mi\u0142osierdzia dla \u015bwiata ca\u0142ego. (\u2026) W tej godzinie nie odm\u00f3wi\u0119 duszy niczego, kt\u00f3ra Mnie prosi przez m\u0119k\u0119 Moj\u0105&#8230;\u201d [&hellip;]<\/p>\n","protected":false},"author":2,"featured_media":15468,"parent":0,"menu_order":-1626,"comment_status":"closed","ping_status":"closed","template":"","meta":{"footnotes":""},"categories":[4],"tags":[],"class_list":["post-15467","page","type-page","status-publish","has-post-thumbnail","hentry","category-aktualnosci"],"_links":{"self":[{"href":"https:\/\/www.faustyna.pl\/zmbm\/wp-json\/wp\/v2\/pages\/15467","targetHints":{"allow":["GET"]}}],"collection":[{"href":"https:\/\/www.faustyna.pl\/zmbm\/wp-json\/wp\/v2\/pages"}],"about":[{"href":"https:\/\/www.faustyna.pl\/zmbm\/wp-json\/wp\/v2\/types\/page"}],"author":[{"embeddable":true,"href":"https:\/\/www.faustyna.pl\/zmbm\/wp-json\/wp\/v2\/users\/2"}],"replies":[{"embeddable":true,"href":"https:\/\/www.faustyna.pl\/zmbm\/wp-json\/wp\/v2\/comments?post=15467"}],"version-history":[{"count":4,"href":"https:\/\/www.faustyna.pl\/zmbm\/wp-json\/wp\/v2\/pages\/15467\/revisions"}],"predecessor-version":[{"id":17980,"href":"https:\/\/www.faustyna.pl\/zmbm\/wp-json\/wp\/v2\/pages\/15467\/revisions\/17980"}],"wp:featuredmedia":[{"embeddable":true,"href":"https:\/\/www.faustyna.pl\/zmbm\/wp-json\/wp\/v2\/media\/15468"}],"wp:attachment":[{"href":"https:\/\/www.faustyna.pl\/zmbm\/wp-json\/wp\/v2\/media?parent=15467"}],"wp:term":[{"taxonomy":"category","embeddable":true,"href":"https:\/\/www.faustyna.pl\/zmbm\/wp-json\/wp\/v2\/categories?post=15467"},{"taxonomy":"post_tag","embeddable":true,"href":"https:\/\/www.faustyna.pl\/zmbm\/wp-json\/wp\/v2\/tags?post=15467"}],"curies":[{"name":"wp","href":"https:\/\/api.w.org\/{rel}","templated":true}]}}