



{"id":1563,"date":"2014-12-19T23:34:35","date_gmt":"2014-12-19T23:34:35","guid":{"rendered":"http:\/\/www.faustyna.pl\/zmbm\/?page_id=1563"},"modified":"2023-03-08T16:19:57","modified_gmt":"2023-03-08T15:19:57","slug":"sw-siostra-faustyna-kowalska","status":"publish","type":"page","link":"https:\/\/www.faustyna.pl\/zmbm\/sw-siostra-faustyna-kowalska\/","title":{"rendered":"\u015bw. Siostra Faustyna Kowalska"},"content":{"rendered":"<h3 align=\"justify\"><span style=\"color: #800000\"><b><a href=\"https:\/\/www.faustyna.pl\/zmbm\/wp-content\/uploads\/2014\/12\/Swieta-Siostra-Faustyna-obraz-z-kaplicy-na-Zytniej.jpg\" data-gallery><img loading=\"lazy\" decoding=\"async\" class=\"size-medium wp-image-10835 alignnone\" src=\"https:\/\/www.faustyna.pl\/zmbm\/wp-content\/uploads\/2014\/12\/Swieta-Siostra-Faustyna-obraz-z-kaplicy-na-Zytniej-560x330.jpg\" alt=\"\" width=\"560\" height=\"330\" srcset=\"https:\/\/www.faustyna.pl\/zmbm\/wp-content\/uploads\/2014\/12\/Swieta-Siostra-Faustyna-obraz-z-kaplicy-na-Zytniej-560x330.jpg 560w, https:\/\/www.faustyna.pl\/zmbm\/wp-content\/uploads\/2014\/12\/Swieta-Siostra-Faustyna-obraz-z-kaplicy-na-Zytniej-140x83.jpg 140w, https:\/\/www.faustyna.pl\/zmbm\/wp-content\/uploads\/2014\/12\/Swieta-Siostra-Faustyna-obraz-z-kaplicy-na-Zytniej.jpg 1024w\" sizes=\"auto, (max-width: 560px) 100vw, 560px\" \/><\/a><\/b><\/span><\/h3>\n<h3 style=\"text-align: center\" align=\"justify\"><span style=\"color: #800000\"><b>\u015awi\u0119ta Siostra Faustyna Kowalska<br \/>\n(1905 \u2013 1938)<\/b><\/span><\/h3>\n<h3 style=\"text-align: center\"><span style=\"color: #800000\">Duchowa wsp\u00f3\u0142za\u0142o\u017cycielka<\/span><\/h3>\n<p style=\"text-align: justify\">Przysz\u0142a na \u015bwiat 25 sierpnia 1905 roku jako trzecie z dziesi\u0119ciorga dzieci w rodzinie Marianny i Stanis\u0142awa Kowalskich, rolnik\u00f3w ze wsi G\u0142ogowiec, par. \u015awinice Warckie. Na chrzcie \u015bwi\u0119tym otrzyma\u0142a imi\u0119 Helena. Do szko\u0142y chodzi\u0142a nieca\u0142e trzy lata; w 16. roku \u017cycia posz\u0142a na s\u0142u\u017cb\u0119 do zamo\u017cnych rodzin w Aleksandrowie \u0141\u00f3dzkim i \u0141odzi, by zarobi\u0107 na w\u0142asne utrzymanie i pom\u00f3c rodzicom. Po wizji cierpi\u0105cego Jezusa i rocznej s\u0142u\u017cbie w Ostr\u00f3wku gm. Klemb\u00f3w, 1 sierpnia 1925 roku wst\u0105pi\u0142a do Zgromadzenia Si\u00f3str Matki Bo\u017cej Mi\u0142osierdzia, w kt\u00f3rym na ob\u0142\u00f3czynach otrzyma\u0142a imi\u0119 s. M. Faustyna. W ci\u0105gu trzynastu lat \u017cycia zakonnego przebywa\u0142a w wielu domach Zgromadzenia, nad\u0142u\u017cej w Krakowie, Wilnie, P\u0142ocku i\u00a0 Warszawie,\u00a0 pe\u0142ni\u0105c\u00a0 najcz\u0119\u015bciej\u00a0 obowi\u0105zki\u00a0 kucharki,\u00a0 ogrodniczki i furtianki. Chorowa\u0142a na gru\u017alic\u0119 p\u0142uc i przewodu pokarmowego. Z tego powodu dwukrotnie przebywa\u0142a na d\u0142u\u017cszym leczeniu w szpitalu na Pr\u0105dniku w Krakowie.<\/p>\n<p style=\"text-align: justify\">To na\u00a0 poz\u00f3r bardzo\u00a0 zwyczajne \u017cycie\u00a0 kry\u0142o w sobie niezwyk\u0142\u0105\u00a0 g\u0142\u0119bi\u0119 zjednoczenia z Bogiem i wielk\u0105 prorock\u0105 misj\u0119, kt\u00f3r\u0105 powierzy\u0142 jej B\u00f3g. Dozna\u0142a wielu nadzwyczajnych \u0142ask, osi\u0105gaj\u0105c szczyty zjednoczenia z Bogiem na ziemi. Przez ni\u0105 Jezus przypomnia\u0142 \u015bwiatu biblijn\u0105 prawd\u0119 o mi\u0142o\u015bci mi\u0142osiernej Boga do ka\u017cdego cz\u0142owieka i wezwa\u0142 do g\u0142oszenia jej \u015bwiatu z now\u0105 moc\u0105. W tym celu przekaza\u0142 tak\u017ce nowe formy kultu Mi\u0142osierdzia Bo\u017cego, kt\u00f3rymi\u00a0 s\u0105: obraz z\u00a0 podpisem:\u00a0 <i style=\"font-weight: normal\">Jezu, ufam Tobie<\/i>,\u00a0 \u015aw\u0119to\u00a0 Mi\u0142osierdzia w pierwsz\u0105 niedziel\u0119 po Wielkanocy, Koronk\u0119 do Mi\u0142osierdzia Bo\u017cego i modlitw\u0119 w chwili Jego konania na krzy\u017cu, zwan\u0105 Godzin\u0105 Mi\u0142osierdzia. Do ka\u017cdej z nich, a tak\u017ce do szerzenia czci Mi\u0142osierdzia przywi\u0105za\u0142 wielkie obietnice pod warunkiem troski o postaw\u0119 zawierzenia Bogu (pe\u0142nienia Jego woli) i mi\u0142osierdzia wzgl\u0119dem bli\u017anich. W wype\u0142nianiu tej prorockej misji pomaga\u0142 Siostrze Faustynie jej kierownik duchowy b\u0142. ks. Micha\u0142 Sopo\u0107ko oraz krakowski spowiednik o. J\u00f3zef Andrasz SJ. Z charyzmatu i do\u015bwiadczenia mistycznego \u015bw. Siostry Faustyny zrodzi\u0142 si\u0119 w Ko\u015bciele Apostolski Ruch Bo\u017cego Mi\u0142osierdzia, kt\u00f3ry podejmuje jej misj\u0119 g\u0142oszenia \u015bwiatu ta- jemnicy mi\u0142osierdzia Bo\u017cego poprzez \u015bwiadectwo \u017cycia, czyn, s\u0142owo i modlitw\u0119.<\/p>\n<p style=\"text-align: justify\">Siostra Faustyna zmar\u0142a 5 pa\u017adziernika 1938 roku w klasztorze Zgromadzenia w Krakowie-\u0141agiewnikach. W 1966 roku jej doczesne szcz\u0105tki przeniesiono z cmentarza zakonnego do klasztornej kaplicy. Od beatyfikacji, kt\u00f3rej 18 kwietnia 1993 roku\u00a0 dokona\u0142 Ojciec\u00a0 \u015awi\u0119ty Jan Pawe\u0142 II, trumienka z relikwiami spoczywa na o\u0142tarzu pod \u0142askami s\u0142yn\u0105cym obrazem Jezusa Mi\u0142osiernego w sanktuarium w Krakowie-\u0141agiewnikach. 30 kwietnia 2000 roku Ojciec \u015awi\u0119ty Jan Pawe\u0142 II zaliczy\u0142 j\u0105 do grona \u015bwi\u0119tych, a or\u0119dzie Mi\u0142osierdzia, kt\u00f3re z polecenia Jezusa zapisa\u0142a w swym \u201eDzienniczku\u201c, przekaza\u0142 ca\u0142emu Ko\u015bcio\u0142owi i \u015bwiatu na trzecie tysi\u0105clecie wiary.<\/p>\n<p style=\"text-align: justify\">25 sierpnia 1995 roku Zgromadzenie Si\u00f3str Matki Bo\u017cej Mi\u0142osierdzia, pe\u0142ni\u0105c jej charyzmatyczn\u0105 misj\u0119, uzna\u0142o Siostr\u0119 Faustyn\u0119 za sw\u0105 duchow\u0105 wsp\u00f3\u0142za\u0142o\u017cycielk\u0119.<\/p>\n<p style=\"text-align: right\" align=\"right\"><em>s. M. El\u017cbieta Siepak ISMM<\/em><\/p>\n<p style=\"margin: -10pt 0pt 0pt;text-align: right;text-decoration: underline\"><a href=\"https:\/\/www.faustyna.pl\/zmbm\/swieta-siostra-faustyna\/\">Wi\u0119cej&#8230;<\/a><\/p>\n<p><a href=\"https:\/\/www.faustyna.pl\/zmbm\/zgromadzenie\/\">Zgromadzenie\/Za\u0142o\u017cycielki<\/a><\/p>\n","protected":false},"excerpt":{"rendered":"<p>\u015awi\u0119ta Siostra Faustyna Kowalska (1905 \u2013 1938) Duchowa wsp\u00f3\u0142za\u0142o\u017cycielka Przysz\u0142a na \u015bwiat 25 sierpnia 1905 roku jako trzecie z dziesi\u0119ciorga dzieci w rodzinie Marianny i Stanis\u0142awa Kowalskich, rolnik\u00f3w ze wsi G\u0142ogowiec, par. \u015awinice Warckie. Na chrzcie \u015bwi\u0119tym otrzyma\u0142a imi\u0119 Helena. Do szko\u0142y chodzi\u0142a nieca\u0142e trzy lata; w 16. roku \u017cycia posz\u0142a na s\u0142u\u017cb\u0119 do zamo\u017cnych [&hellip;]<\/p>\n","protected":false},"author":1,"featured_media":0,"parent":0,"menu_order":0,"comment_status":"closed","ping_status":"closed","template":"","meta":{"footnotes":""},"categories":[49],"tags":[],"class_list":["post-1563","page","type-page","status-publish","hentry","category-zalozycielki"],"_links":{"self":[{"href":"https:\/\/www.faustyna.pl\/zmbm\/wp-json\/wp\/v2\/pages\/1563","targetHints":{"allow":["GET"]}}],"collection":[{"href":"https:\/\/www.faustyna.pl\/zmbm\/wp-json\/wp\/v2\/pages"}],"about":[{"href":"https:\/\/www.faustyna.pl\/zmbm\/wp-json\/wp\/v2\/types\/page"}],"author":[{"embeddable":true,"href":"https:\/\/www.faustyna.pl\/zmbm\/wp-json\/wp\/v2\/users\/1"}],"replies":[{"embeddable":true,"href":"https:\/\/www.faustyna.pl\/zmbm\/wp-json\/wp\/v2\/comments?post=1563"}],"version-history":[{"count":14,"href":"https:\/\/www.faustyna.pl\/zmbm\/wp-json\/wp\/v2\/pages\/1563\/revisions"}],"predecessor-version":[{"id":25935,"href":"https:\/\/www.faustyna.pl\/zmbm\/wp-json\/wp\/v2\/pages\/1563\/revisions\/25935"}],"wp:attachment":[{"href":"https:\/\/www.faustyna.pl\/zmbm\/wp-json\/wp\/v2\/media?parent=1563"}],"wp:term":[{"taxonomy":"category","embeddable":true,"href":"https:\/\/www.faustyna.pl\/zmbm\/wp-json\/wp\/v2\/categories?post=1563"},{"taxonomy":"post_tag","embeddable":true,"href":"https:\/\/www.faustyna.pl\/zmbm\/wp-json\/wp\/v2\/tags?post=1563"}],"curies":[{"name":"wp","href":"https:\/\/api.w.org\/{rel}","templated":true}]}}

św. Siostra Faustyna Kowalska

<h3 align="justify"><span style="color: #800000"><b><a href="https://www.faustyna.pl/zmbm/wp-content/uploads/2014/12/Swieta-Siostra-Faustyna-obraz-z-kaplicy-na-Zytniej.jpg" data-gallery><img loading="lazy" decoding="async" class="size-medium wp-image-10835 alignnone" src="https://www.faustyna.pl/zmbm/wp-content/uploads/2014/12/Swieta-Siostra-Faustyna-obraz-z-kaplicy-na-Zytniej-560x330.jpg" alt="" width="560" height="330" srcset="https://www.faustyna.pl/zmbm/wp-content/uploads/2014/12/Swieta-Siostra-Faustyna-obraz-z-kaplicy-na-Zytniej-560x330.jpg 560w, https://www.faustyna.pl/zmbm/wp-content/uploads/2014/12/Swieta-Siostra-Faustyna-obraz-z-kaplicy-na-Zytniej-140x83.jpg 140w, https://www.faustyna.pl/zmbm/wp-content/uploads/2014/12/Swieta-Siostra-Faustyna-obraz-z-kaplicy-na-Zytniej.jpg 1024w" sizes="auto, (max-width: 560px) 100vw, 560px" /></a></b></span></h3>
<h3 style="text-align: center" align="justify"><span style="color: #800000"><b>Święta Siostra Faustyna Kowalska<br />
(1905 – 1938)</b></span></h3>
<h3 style="text-align: center"><span style="color: #800000">Duchowa współzałożycielka</span></h3>
<p style="text-align: justify">Przyszła na świat 25 sierpnia 1905 roku jako trzecie z dziesięciorga dzieci w rodzinie Marianny i Stanisława Kowalskich, rolników ze wsi Głogowiec, par. Świnice Warckie. Na chrzcie świętym otrzymała imię Helena. Do szkoły chodziła niecałe trzy lata; w 16. roku życia poszła na służbę do zamożnych rodzin w Aleksandrowie Łódzkim i Łodzi, by zarobić na własne utrzymanie i pomóc rodzicom. Po wizji cierpiącego Jezusa i rocznej służbie w Ostrówku gm. Klembów, 1 sierpnia 1925 roku wstąpiła do Zgromadzenia Sióstr Matki Bożej Miłosierdzia, w którym na obłóczynach otrzymała imię s. M. Faustyna. W ciągu trzynastu lat życia zakonnego przebywała w wielu domach Zgromadzenia, nadłużej w Krakowie, Wilnie, Płocku i  Warszawie,  pełniąc  najczęściej  obowiązki  kucharki,  ogrodniczki i furtianki. Chorowała na gruźlicę płuc i przewodu pokarmowego. Z tego powodu dwukrotnie przebywała na dłuższym leczeniu w szpitalu na Prądniku w Krakowie.</p>
<p style="text-align: justify">To na  pozór bardzo  zwyczajne życie  kryło w sobie niezwykłą  głębię zjednoczenia z Bogiem i wielką prorocką misję, którą powierzył jej Bóg. Doznała wielu nadzwyczajnych łask, osiągając szczyty zjednoczenia z Bogiem na ziemi. Przez nią Jezus przypomniał światu biblijną prawdę o miłości miłosiernej Boga do każdego człowieka i wezwał do głoszenia jej światu z nową mocą. W tym celu przekazał także nowe formy kultu Miłosierdzia Bożego, którymi  są: obraz z  podpisem:  <i style="font-weight: normal">Jezu, ufam Tobie</i>,  Śwęto  Miłosierdzia w pierwszą niedzielę po Wielkanocy, Koronkę do Miłosierdzia Bożego i modlitwę w chwili Jego konania na krzyżu, zwaną Godziną Miłosierdzia. Do każdej z nich, a także do szerzenia czci Miłosierdzia przywiązał wielkie obietnice pod warunkiem troski o postawę zawierzenia Bogu (pełnienia Jego woli) i miłosierdzia względem bliźnich. W wypełnianiu tej prorockej misji pomagał Siostrze Faustynie jej kierownik duchowy bł. ks. Michał Sopoćko oraz krakowski spowiednik o. Józef Andrasz SJ. Z charyzmatu i doświadczenia mistycznego św. Siostry Faustyny zrodził się w Kościele Apostolski Ruch Bożego Miłosierdzia, który podejmuje jej misję głoszenia światu ta- jemnicy miłosierdzia Bożego poprzez świadectwo życia, czyn, słowo i modlitwę.</p>
<p style="text-align: justify">Siostra Faustyna zmarła 5 października 1938 roku w klasztorze Zgromadzenia w Krakowie-Łagiewnikach. W 1966 roku jej doczesne szczątki przeniesiono z cmentarza zakonnego do klasztornej kaplicy. Od beatyfikacji, której 18 kwietnia 1993 roku  dokonał Ojciec  Święty Jan Paweł II, trumienka z relikwiami spoczywa na ołtarzu pod łaskami słynącym obrazem Jezusa Miłosiernego w sanktuarium w Krakowie-Łagiewnikach. 30 kwietnia 2000 roku Ojciec Święty Jan Paweł II zaliczył ją do grona świętych, a orędzie Miłosierdzia, które z polecenia Jezusa zapisała w swym „Dzienniczku“, przekazał całemu Kościołowi i światu na trzecie tysiąclecie wiary.</p>
<p style="text-align: justify">25 sierpnia 1995 roku Zgromadzenie Sióstr Matki Bożej Miłosierdzia, pełniąc jej charyzmatyczną misję, uznało Siostrę Faustynę za swą duchową współzałożycielkę.</p>
<p style="text-align: right" align="right"><em>s. M. Elżbieta Siepak ISMM</em></p>
<p style="margin: -10pt 0pt 0pt;text-align: right;text-decoration: underline"><a href="https://www.faustyna.pl/zmbm/swieta-siostra-faustyna/">Więcej&#8230;</a></p>
<p><a href="https://www.faustyna.pl/zmbm/zgromadzenie/">Zgromadzenie/Założycielki</a></p>

<p>Święta Siostra Faustyna Kowalska (1905 – 1938) Duchowa współzałożycielka Przyszła na świat 25 sierpnia 1905 roku jako trzecie z dziesięciorga dzieci w rodzinie Marianny i Stanisława Kowalskich, rolników ze wsi Głogowiec, par. Świnice Warckie. Na chrzcie świętym otrzymała imię Helena. Do szkoły chodziła niecałe trzy lata; w 16. roku życia poszła na służbę do zamożnych [&hellip;]</p>
