



{"id":15736,"date":"2019-07-27T20:57:01","date_gmt":"2019-07-27T18:57:01","guid":{"rendered":"https:\/\/www.faustyna.pl\/zmbm\/?page_id=15736"},"modified":"2020-05-27T13:59:49","modified_gmt":"2020-05-27T11:59:49","slug":"szlakiem-sw-siostry-faustyny-walendow-derdy","status":"publish","type":"page","link":"https:\/\/www.faustyna.pl\/zmbm\/szlakiem-sw-siostry-faustyny-walendow-derdy\/","title":{"rendered":"Szlakiem \u015bw. Siostry Faustyny \u2013 Walend\u00f3w-Derdy"},"content":{"rendered":"<p><a href=\"https:\/\/www.faustyna.pl\/zmbm\/wp-content\/uploads\/2019\/07\/Walendow-klasztor-ZMBM.jpg\" data-gallery><img loading=\"lazy\" decoding=\"async\" class=\"size-medium wp-image-15737 alignnone\" src=\"https:\/\/www.faustyna.pl\/zmbm\/wp-content\/uploads\/2019\/07\/Walendow-klasztor-ZMBM-560x331.jpg\" alt=\"\" width=\"560\" height=\"331\" srcset=\"https:\/\/www.faustyna.pl\/zmbm\/wp-content\/uploads\/2019\/07\/Walendow-klasztor-ZMBM-560x331.jpg 560w, https:\/\/www.faustyna.pl\/zmbm\/wp-content\/uploads\/2019\/07\/Walendow-klasztor-ZMBM-140x83.jpg 140w, https:\/\/www.faustyna.pl\/zmbm\/wp-content\/uploads\/2019\/07\/Walendow-klasztor-ZMBM.jpg 1024w\" sizes=\"auto, (max-width: 560px) 100vw, 560px\" \/><\/a><\/p>\n<p style=\"text-align: justify;\">Pod\u0105\u017caj\u0105c \u015bladami \u015bw. Faustyny z Warszawy mo\u017cemy pojecha\u0107 do Walendowa i Derd, miejscowo\u015bci po\u0142o\u017conych oko\u0142o 20 km od stolicy Polski. Do Walendowa Aposto\u0142ka Bo\u017cego Mi\u0142osierdzia przyjecha\u0142a po raz pierwszy na <a href=\"https:\/\/www.faustyna.pl\/zmbm\/niepewnosci-i-potwierdzenie-poslannictwa-milosierdzia-9-39\/\">rekolekcje<\/a> w listopadzie 1932 roku, w czasie kt\u00f3rych zosta\u0142a upewniona przez o. E. Eltera SJ, \u017ce to, co prze\u017cywa, pochodzi od Boga. Przy tej okazji odwiedzi\u0142a tak\u017ce po\u0142o\u017cone w odleg\u0142o\u015bci jednego kilometra Derdy, klasztor Zgromadzenia Si\u00f3str Matki Bo\u017cej Mi\u0142osierdzia po\u0142o\u017cony w lesie. Na kr\u00f3tki sta\u0142y pobyt do Walendowa przyjecha\u0142a pod koniec marca 1936 roku i po kilku tygodniach zatrzyma\u0142a si\u0119 w klasztorze w Derdach. W li\u015bcie do ks. Sopo\u0107ki pisa\u0142a, \u017ce <em>domek derdoski jest naprawd\u0119 jak z bajki wyj\u0119ty. Woko\u0142o otoczony lasem, nie ma w pobli\u017cu \u017cadnych zabudowa\u0144, cisza i spok\u00f3j. Wszystko pomaga do skupienia ducha, ptasz\u0119ta le\u015bne przerywaj\u0105 t\u0119 cisz\u0119 i swym szczebiotem wielbi\u0105 Stw\u00f3rc\u0119 swego. We wszystkim, co mnie otacza, widz\u0119 Boga. <\/em>Dzisiaj w tej scenerii siostry prowadz\u0105 dom rekolekcyjny i przedszkole. <a href=\"https:\/\/www.faustyna.pl\/zmbm\/szlak-zycia\/\">Wi\u0119cej<\/a>.<\/p>\n","protected":false},"excerpt":{"rendered":"<p>Pod\u0105\u017caj\u0105c \u015bladami \u015bw. Faustyny z Warszawy mo\u017cemy pojecha\u0107 do Walendowa i Derd, miejscowo\u015bci po\u0142o\u017conych oko\u0142o 20 km od stolicy Polski. Do Walendowa Aposto\u0142ka Bo\u017cego Mi\u0142osierdzia przyjecha\u0142a po raz pierwszy na rekolekcje w listopadzie 1932 roku, w czasie kt\u00f3rych zosta\u0142a upewniona przez o. E. Eltera SJ, \u017ce to, co prze\u017cywa, pochodzi od Boga. Przy tej okazji [&hellip;]<\/p>\n","protected":false},"author":2,"featured_media":15737,"parent":0,"menu_order":-542,"comment_status":"closed","ping_status":"closed","template":"","meta":{"footnotes":""},"categories":[],"tags":[],"class_list":["post-15736","page","type-page","status-publish","has-post-thumbnail","hentry"],"_links":{"self":[{"href":"https:\/\/www.faustyna.pl\/zmbm\/wp-json\/wp\/v2\/pages\/15736","targetHints":{"allow":["GET"]}}],"collection":[{"href":"https:\/\/www.faustyna.pl\/zmbm\/wp-json\/wp\/v2\/pages"}],"about":[{"href":"https:\/\/www.faustyna.pl\/zmbm\/wp-json\/wp\/v2\/types\/page"}],"author":[{"embeddable":true,"href":"https:\/\/www.faustyna.pl\/zmbm\/wp-json\/wp\/v2\/users\/2"}],"replies":[{"embeddable":true,"href":"https:\/\/www.faustyna.pl\/zmbm\/wp-json\/wp\/v2\/comments?post=15736"}],"version-history":[{"count":2,"href":"https:\/\/www.faustyna.pl\/zmbm\/wp-json\/wp\/v2\/pages\/15736\/revisions"}],"predecessor-version":[{"id":17801,"href":"https:\/\/www.faustyna.pl\/zmbm\/wp-json\/wp\/v2\/pages\/15736\/revisions\/17801"}],"wp:featuredmedia":[{"embeddable":true,"href":"https:\/\/www.faustyna.pl\/zmbm\/wp-json\/wp\/v2\/media\/15737"}],"wp:attachment":[{"href":"https:\/\/www.faustyna.pl\/zmbm\/wp-json\/wp\/v2\/media?parent=15736"}],"wp:term":[{"taxonomy":"category","embeddable":true,"href":"https:\/\/www.faustyna.pl\/zmbm\/wp-json\/wp\/v2\/categories?post=15736"},{"taxonomy":"post_tag","embeddable":true,"href":"https:\/\/www.faustyna.pl\/zmbm\/wp-json\/wp\/v2\/tags?post=15736"}],"curies":[{"name":"wp","href":"https:\/\/api.w.org\/{rel}","templated":true}]}}

Szlakiem św. Siostry Faustyny – Walendów-Derdy

<p><a href="https://www.faustyna.pl/zmbm/wp-content/uploads/2019/07/Walendow-klasztor-ZMBM.jpg" data-gallery><img loading="lazy" decoding="async" class="size-medium wp-image-15737 alignnone" src="https://www.faustyna.pl/zmbm/wp-content/uploads/2019/07/Walendow-klasztor-ZMBM-560x331.jpg" alt="" width="560" height="331" srcset="https://www.faustyna.pl/zmbm/wp-content/uploads/2019/07/Walendow-klasztor-ZMBM-560x331.jpg 560w, https://www.faustyna.pl/zmbm/wp-content/uploads/2019/07/Walendow-klasztor-ZMBM-140x83.jpg 140w, https://www.faustyna.pl/zmbm/wp-content/uploads/2019/07/Walendow-klasztor-ZMBM.jpg 1024w" sizes="auto, (max-width: 560px) 100vw, 560px" /></a></p>
<p style="text-align: justify;">Podążając śladami św. Faustyny z Warszawy możemy pojechać do Walendowa i Derd, miejscowości położonych około 20 km od stolicy Polski. Do Walendowa Apostołka Bożego Miłosierdzia przyjechała po raz pierwszy na <a href="https://www.faustyna.pl/zmbm/niepewnosci-i-potwierdzenie-poslannictwa-milosierdzia-9-39/">rekolekcje</a> w listopadzie 1932 roku, w czasie których została upewniona przez o. E. Eltera SJ, że to, co przeżywa, pochodzi od Boga. Przy tej okazji odwiedziła także położone w odległości jednego kilometra Derdy, klasztor Zgromadzenia Sióstr Matki Bożej Miłosierdzia położony w lesie. Na krótki stały pobyt do Walendowa przyjechała pod koniec marca 1936 roku i po kilku tygodniach zatrzymała się w klasztorze w Derdach. W liście do ks. Sopoćki pisała, że <em>domek derdoski jest naprawdę jak z bajki wyjęty. Wokoło otoczony lasem, nie ma w pobliżu żadnych zabudowań, cisza i spokój. Wszystko pomaga do skupienia ducha, ptaszęta leśne przerywają tę ciszę i swym szczebiotem wielbią Stwórcę swego. We wszystkim, co mnie otacza, widzę Boga. </em>Dzisiaj w tej scenerii siostry prowadzą dom rekolekcyjny i przedszkole. <a href="https://www.faustyna.pl/zmbm/szlak-zycia/">Więcej</a>.</p>

<p>Podążając śladami św. Faustyny z Warszawy możemy pojechać do Walendowa i Derd, miejscowości położonych około 20 km od stolicy Polski. Do Walendowa Apostołka Bożego Miłosierdzia przyjechała po raz pierwszy na rekolekcje w listopadzie 1932 roku, w czasie których została upewniona przez o. E. Eltera SJ, że to, co przeżywa, pochodzi od Boga. Przy tej okazji [&hellip;]</p>
