



{"id":1591,"date":"2014-12-19T23:45:36","date_gmt":"2014-12-19T23:45:36","guid":{"rendered":"http:\/\/www.faustyna.pl\/zmbm\/?page_id=1591"},"modified":"2023-03-08T16:25:13","modified_gmt":"2023-03-08T15:25:13","slug":"postulat","status":"publish","type":"page","link":"https:\/\/www.faustyna.pl\/zmbm\/postulat\/","title":{"rendered":"Postulat"},"content":{"rendered":"<p><a href=\"https:\/\/www.faustyna.pl\/zmbm\/wp-content\/uploads\/2014\/12\/Postulat-zmbm.jpg\" data-gallery><img loading=\"lazy\" decoding=\"async\" class=\"size-medium wp-image-10857 alignnone\" src=\"https:\/\/www.faustyna.pl\/zmbm\/wp-content\/uploads\/2014\/12\/Postulat-zmbm-560x330.jpg\" alt=\"\" width=\"560\" height=\"330\" srcset=\"https:\/\/www.faustyna.pl\/zmbm\/wp-content\/uploads\/2014\/12\/Postulat-zmbm-560x330.jpg 560w, https:\/\/www.faustyna.pl\/zmbm\/wp-content\/uploads\/2014\/12\/Postulat-zmbm-140x82.jpg 140w, https:\/\/www.faustyna.pl\/zmbm\/wp-content\/uploads\/2014\/12\/Postulat-zmbm.jpg 1024w\" sizes=\"auto, (max-width: 560px) 100vw, 560px\" \/><\/a><\/p>\n<p align=\"justify\"><i style=\"font-weight: normal\">Wreszcie przysz\u0142a chwila, w kt\u00f3rej si\u0119 otworzy\u0142a dla mnie furta klasztorna \u2013 by\u0142o to pierwszego sierpnia wieczorem, w wigili\u0119 Matki Bo\u017cej Anielskiej. Czu\u0142am si\u0119 niezmiernie szcz\u0119\u015bliwa, zdawa\u0142o mi si\u0119, \u017ce wst\u0105pi\u0142am w \u017cycie rajskie. Jedna si\u0119 wyrywa\u0142a z serca mojego modlitwa dzi\u0119kczynna<\/i> (Dz. 17).<\/p>\n<p style=\"text-align: justify\">Postulat jest pierwsz\u0105 pr\u00f3b\u0105 \u017cycia zakonnego. Rozpoczyna si\u0119 wewn\u0119trzn\u0105 ceremoni\u0105, kt\u00f3r\u0105 zwykle poprzedza dzie\u0144 skupienia. W naszym Zgromadzeniu postulat trwa zwykle 10 miesi\u0119cy. Ma on na celu przede wszystkim stopniowe wprowadzanie postulantek w \u017cycie zakonne, a tak\u017ce uzupe\u0142nienie i rozszerzenie zakresu wiedzy religijnej, kszta\u0142towanie kultury wsp\u00f3\u0142\u017cycia wed\u0142ug zasad dobrego wychowania, rozwijanie praktyki cn\u00f3t naturalnych oraz u\u0142atwienie bli\u017cszego zapoznania si\u0119 z \u017cyciem i apostolatem Zgromadzenia. S\u0142u\u017c\u0105 temu nie tylko wyk\u0142ady i czas po\u015bwi\u0119cony studiowaniu, ale tak\u017ce modlitwa i praca we wsp\u00f3lnocie si\u00f3str.<\/p>\n<p><a href=\"https:\/\/www.faustyna.pl\/zmbm\/zgromadzenie\/\">Zgromadzenie\/Etapy formacji<\/a><\/p>\n","protected":false},"excerpt":{"rendered":"<p>Wreszcie przysz\u0142a chwila, w kt\u00f3rej si\u0119 otworzy\u0142a dla mnie furta klasztorna \u2013 by\u0142o to pierwszego sierpnia wieczorem, w wigili\u0119 Matki Bo\u017cej Anielskiej. Czu\u0142am si\u0119 niezmiernie szcz\u0119\u015bliwa, zdawa\u0142o mi si\u0119, \u017ce wst\u0105pi\u0142am w \u017cycie rajskie. Jedna si\u0119 wyrywa\u0142a z serca mojego modlitwa dzi\u0119kczynna (Dz. 17). Postulat jest pierwsz\u0105 pr\u00f3b\u0105 \u017cycia zakonnego. Rozpoczyna si\u0119 wewn\u0119trzn\u0105 ceremoni\u0105, kt\u00f3r\u0105 [&hellip;]<\/p>\n","protected":false},"author":1,"featured_media":0,"parent":0,"menu_order":0,"comment_status":"closed","ping_status":"closed","template":"","meta":{"footnotes":""},"categories":[52],"tags":[],"class_list":["post-1591","page","type-page","status-publish","hentry","category-etapy-formacji"],"_links":{"self":[{"href":"https:\/\/www.faustyna.pl\/zmbm\/wp-json\/wp\/v2\/pages\/1591","targetHints":{"allow":["GET"]}}],"collection":[{"href":"https:\/\/www.faustyna.pl\/zmbm\/wp-json\/wp\/v2\/pages"}],"about":[{"href":"https:\/\/www.faustyna.pl\/zmbm\/wp-json\/wp\/v2\/types\/page"}],"author":[{"embeddable":true,"href":"https:\/\/www.faustyna.pl\/zmbm\/wp-json\/wp\/v2\/users\/1"}],"replies":[{"embeddable":true,"href":"https:\/\/www.faustyna.pl\/zmbm\/wp-json\/wp\/v2\/comments?post=1591"}],"version-history":[{"count":4,"href":"https:\/\/www.faustyna.pl\/zmbm\/wp-json\/wp\/v2\/pages\/1591\/revisions"}],"predecessor-version":[{"id":25943,"href":"https:\/\/www.faustyna.pl\/zmbm\/wp-json\/wp\/v2\/pages\/1591\/revisions\/25943"}],"wp:attachment":[{"href":"https:\/\/www.faustyna.pl\/zmbm\/wp-json\/wp\/v2\/media?parent=1591"}],"wp:term":[{"taxonomy":"category","embeddable":true,"href":"https:\/\/www.faustyna.pl\/zmbm\/wp-json\/wp\/v2\/categories?post=1591"},{"taxonomy":"post_tag","embeddable":true,"href":"https:\/\/www.faustyna.pl\/zmbm\/wp-json\/wp\/v2\/tags?post=1591"}],"curies":[{"name":"wp","href":"https:\/\/api.w.org\/{rel}","templated":true}]}}

<p><a href="https://www.faustyna.pl/zmbm/wp-content/uploads/2014/12/Postulat-zmbm.jpg" data-gallery><img loading="lazy" decoding="async" class="size-medium wp-image-10857 alignnone" src="https://www.faustyna.pl/zmbm/wp-content/uploads/2014/12/Postulat-zmbm-560x330.jpg" alt="" width="560" height="330" srcset="https://www.faustyna.pl/zmbm/wp-content/uploads/2014/12/Postulat-zmbm-560x330.jpg 560w, https://www.faustyna.pl/zmbm/wp-content/uploads/2014/12/Postulat-zmbm-140x82.jpg 140w, https://www.faustyna.pl/zmbm/wp-content/uploads/2014/12/Postulat-zmbm.jpg 1024w" sizes="auto, (max-width: 560px) 100vw, 560px" /></a></p>
<p align="justify"><i style="font-weight: normal">Wreszcie przyszła chwila, w której się otworzyła dla mnie furta klasztorna – było to pierwszego sierpnia wieczorem, w wigilię Matki Bożej Anielskiej. Czułam się niezmiernie szczęśliwa, zdawało mi się, że wstąpiłam w życie rajskie. Jedna się wyrywała z serca mojego modlitwa dziękczynna</i> (Dz. 17).</p>
<p style="text-align: justify">Postulat jest pierwszą próbą życia zakonnego. Rozpoczyna się wewnętrzną ceremonią, którą zwykle poprzedza dzień skupienia. W naszym Zgromadzeniu postulat trwa zwykle 10 miesięcy. Ma on na celu przede wszystkim stopniowe wprowadzanie postulantek w życie zakonne, a także uzupełnienie i rozszerzenie zakresu wiedzy religijnej, kształtowanie kultury współżycia według zasad dobrego wychowania, rozwijanie praktyki cnót naturalnych oraz ułatwienie bliższego zapoznania się z życiem i apostolatem Zgromadzenia. Służą temu nie tylko wykłady i czas poświęcony studiowaniu, ale także modlitwa i praca we wspólnocie sióstr.</p>
<p><a href="https://www.faustyna.pl/zmbm/zgromadzenie/">Zgromadzenie/Etapy formacji</a></p>

<p>Wreszcie przyszła chwila, w której się otworzyła dla mnie furta klasztorna – było to pierwszego sierpnia wieczorem, w wigilię Matki Bożej Anielskiej. Czułam się niezmiernie szczęśliwa, zdawało mi się, że wstąpiłam w życie rajskie. Jedna się wyrywała z serca mojego modlitwa dziękczynna (Dz. 17). Postulat jest pierwszą próbą życia zakonnego. Rozpoczyna się wewnętrzną ceremonią, którą [&hellip;]</p>
