



{"id":1599,"date":"2014-12-20T00:05:46","date_gmt":"2014-12-20T00:05:46","guid":{"rendered":"http:\/\/www.faustyna.pl\/zmbm\/?page_id=1599"},"modified":"2023-03-08T16:28:48","modified_gmt":"2023-03-08T15:28:48","slug":"media","status":"publish","type":"page","link":"https:\/\/www.faustyna.pl\/zmbm\/media\/","title":{"rendered":"Media"},"content":{"rendered":"<p style=\"margin-bottom: 0px\" align=\"justify\"><i style=\"font-weight: normal\"><a href=\"https:\/\/www.faustyna.pl\/zmbm\/wp-content\/uploads\/2014\/12\/Apostolstwo-Media.jpg\" data-gallery><img loading=\"lazy\" decoding=\"async\" class=\"size-medium wp-image-10890 aligncenter\" src=\"https:\/\/www.faustyna.pl\/zmbm\/wp-content\/uploads\/2014\/12\/Apostolstwo-Media-560x330.jpg\" alt=\"\" width=\"560\" height=\"330\" srcset=\"https:\/\/www.faustyna.pl\/zmbm\/wp-content\/uploads\/2014\/12\/Apostolstwo-Media-560x330.jpg 560w, https:\/\/www.faustyna.pl\/zmbm\/wp-content\/uploads\/2014\/12\/Apostolstwo-Media-140x82.jpg 140w, https:\/\/www.faustyna.pl\/zmbm\/wp-content\/uploads\/2014\/12\/Apostolstwo-Media.jpg 1024w\" sizes=\"auto, (max-width: 560px) 100vw, 560px\" \/><\/a><\/i><\/p>\n<p style=\"margin-bottom: 0px\" align=\"justify\"><i style=\"font-weight: normal\">Nale\u017cy\u00a0 popiera\u0107 wszelkie inicjatywy w tej nowej i donios\u0142ej dziedzinie, tak aby Ewangelia Chrystusa by\u0142a g\u0142oszona r\u00f3wnie\u017c przy pomocy tych nowoczesnych medi\u00f3w. Poszczeg\u00f3lne Instytuty niech b\u0119d\u0105 gotowe do wsp\u00f3\u0142pracy i do zaanga\u017cowania swoich si\u0142, \u015brodk\u00f3w i os\u00f3b w realizacj\u0119 wsp\u00f3lnych projekt\u00f3w w r\u00f3\u017cnych sektorach spo\u0142ecznego przekazu <\/i><\/p>\n<div align=\"right\">Jan Pawe\u0142 II, <i style=\"font-weight: normal\">Vita <\/i>consecrata, 99<\/div>\n<p align=\"justify\">Or\u0119dzie Mi\u0142osierdzia, kt\u00f3re Chrystus przekaza\u0142 przez \u015bw. Siostr\u0119 Faustyn\u0119, wymaga szerokiego otwarcia si\u0119 Zgromadzenia na wsp\u00f3\u0142prac\u0119 z mediami. Siostry dziel\u0105 si\u0119 tym darem w mediach na r\u00f3\u017cne sposoby, poprzez wywiady prasowe, udzia\u0142 w filmach, programach radiowych i telewizyjnych po\u015bwi\u0119conych modlitwie do Mi\u0142osierdzia Bo\u017cego oraz \u017cyciu i misji \u015bw. Siostry Faustyny. Od 2004 roku z Sanktuarium w Krakowie-\u0141agiewnikach w ka\u017cdy pi\u0105tek transmitowana jest przez TV Puls modlitwa w Godzinie Mi\u0142osierdzia, Koronka do Mi\u0142osierdzia Bo\u017cego, wywiady o mi\u0142osierdziu Boskim i ludzkim oraz \u017cyciu i misji \u015bw. Siostry Faustyny. Z mediami wsp\u00f3\u0142pracuj\u0105 tak\u017ce pozosta\u0142e klasztory Zgromadzenia w Polsce i poza granicami kraju. W Sanktuarium w Krakowie-\u0141agiewnikach od 1987 roku wychodzi pismo w ca\u0142o\u015bci po\u015bwi\u0119cone tajemnicy mi\u0142osierdzia Boskiego i ludzkiego oraz \u017cyciu i misji \u015bw. Siostry Faustyny pt. \u201eOr\u0119dzie Mi\u0142osierdzia\u201d.<\/p>\n<div align=\"right\"><a title=\"Or\u0119dzie Mi\u0142osierdzia - Kwartalnik\" href=\"https:\/\/www.faustyna.pl\/index.php?option=com_content&amp;task=category&amp;sectionid=15&amp;id=30&amp;Itemid=58\">Wi\u0119cej&#8230;<\/a><\/div>\n<div style=\"text-align: left\" align=\"right\"><a href=\"https:\/\/www.faustyna.pl\/zmbm\/zgromadzenie\/\">Zgromadzenie\/Apostolstwo<\/a><\/div>\n","protected":false},"excerpt":{"rendered":"<p>Nale\u017cy\u00a0 popiera\u0107 wszelkie inicjatywy w tej nowej i donios\u0142ej dziedzinie, tak aby Ewangelia Chrystusa by\u0142a g\u0142oszona r\u00f3wnie\u017c przy pomocy tych nowoczesnych medi\u00f3w. Poszczeg\u00f3lne Instytuty niech b\u0119d\u0105 gotowe do wsp\u00f3\u0142pracy i do zaanga\u017cowania swoich si\u0142, \u015brodk\u00f3w i os\u00f3b w realizacj\u0119 wsp\u00f3lnych projekt\u00f3w w r\u00f3\u017cnych sektorach spo\u0142ecznego przekazu Jan Pawe\u0142 II, Vita consecrata, 99 Or\u0119dzie Mi\u0142osierdzia, kt\u00f3re [&hellip;]<\/p>\n","protected":false},"author":1,"featured_media":0,"parent":0,"menu_order":0,"comment_status":"closed","ping_status":"closed","template":"","meta":{"footnotes":""},"categories":[53],"tags":[],"class_list":["post-1599","page","type-page","status-publish","hentry","category-apostolstwo"],"_links":{"self":[{"href":"https:\/\/www.faustyna.pl\/zmbm\/wp-json\/wp\/v2\/pages\/1599","targetHints":{"allow":["GET"]}}],"collection":[{"href":"https:\/\/www.faustyna.pl\/zmbm\/wp-json\/wp\/v2\/pages"}],"about":[{"href":"https:\/\/www.faustyna.pl\/zmbm\/wp-json\/wp\/v2\/types\/page"}],"author":[{"embeddable":true,"href":"https:\/\/www.faustyna.pl\/zmbm\/wp-json\/wp\/v2\/users\/1"}],"replies":[{"embeddable":true,"href":"https:\/\/www.faustyna.pl\/zmbm\/wp-json\/wp\/v2\/comments?post=1599"}],"version-history":[{"count":5,"href":"https:\/\/www.faustyna.pl\/zmbm\/wp-json\/wp\/v2\/pages\/1599\/revisions"}],"predecessor-version":[{"id":25952,"href":"https:\/\/www.faustyna.pl\/zmbm\/wp-json\/wp\/v2\/pages\/1599\/revisions\/25952"}],"wp:attachment":[{"href":"https:\/\/www.faustyna.pl\/zmbm\/wp-json\/wp\/v2\/media?parent=1599"}],"wp:term":[{"taxonomy":"category","embeddable":true,"href":"https:\/\/www.faustyna.pl\/zmbm\/wp-json\/wp\/v2\/categories?post=1599"},{"taxonomy":"post_tag","embeddable":true,"href":"https:\/\/www.faustyna.pl\/zmbm\/wp-json\/wp\/v2\/tags?post=1599"}],"curies":[{"name":"wp","href":"https:\/\/api.w.org\/{rel}","templated":true}]}}