



{"id":16209,"date":"2019-10-16T17:35:38","date_gmt":"2019-10-16T15:35:38","guid":{"rendered":"https:\/\/www.faustyna.pl\/zmbm\/?page_id=16209"},"modified":"2019-10-16T17:37:52","modified_gmt":"2019-10-16T15:37:52","slug":"formularz-do-zglaszania-osob-konajacych-dziekujemy","status":"publish","type":"page","link":"https:\/\/www.faustyna.pl\/zmbm\/formularz-do-zglaszania-osob-konajacych-dziekujemy\/","title":{"rendered":"Formularz do zg\u0142aszania os\u00f3b konaj\u0105cych \u2013 dzi\u0119kujemy"},"content":{"rendered":"","protected":false},"excerpt":{"rendered":"","protected":false},"author":1,"featured_media":0,"parent":0,"menu_order":0,"comment_status":"closed","ping_status":"closed","template":"page_kzk_dying_email_confirmation.php","meta":{"footnotes":""},"categories":[105],"tags":[],"class_list":["post-16209","page","type-page","status-publish","hentry","category-koronka-za-konajacych"],"_links":{"self":[{"href":"https:\/\/www.faustyna.pl\/zmbm\/wp-json\/wp\/v2\/pages\/16209","targetHints":{"allow":["GET"]}}],"collection":[{"href":"https:\/\/www.faustyna.pl\/zmbm\/wp-json\/wp\/v2\/pages"}],"about":[{"href":"https:\/\/www.faustyna.pl\/zmbm\/wp-json\/wp\/v2\/types\/page"}],"author":[{"embeddable":true,"href":"https:\/\/www.faustyna.pl\/zmbm\/wp-json\/wp\/v2\/users\/1"}],"replies":[{"embeddable":true,"href":"https:\/\/www.faustyna.pl\/zmbm\/wp-json\/wp\/v2\/comments?post=16209"}],"version-history":[{"count":1,"href":"https:\/\/www.faustyna.pl\/zmbm\/wp-json\/wp\/v2\/pages\/16209\/revisions"}],"predecessor-version":[{"id":16210,"href":"https:\/\/www.faustyna.pl\/zmbm\/wp-json\/wp\/v2\/pages\/16209\/revisions\/16210"}],"wp:attachment":[{"href":"https:\/\/www.faustyna.pl\/zmbm\/wp-json\/wp\/v2\/media?parent=16209"}],"wp:term":[{"taxonomy":"category","embeddable":true,"href":"https:\/\/www.faustyna.pl\/zmbm\/wp-json\/wp\/v2\/categories?post=16209"},{"taxonomy":"post_tag","embeddable":true,"href":"https:\/\/www.faustyna.pl\/zmbm\/wp-json\/wp\/v2\/tags?post=16209"}],"curies":[{"name":"wp","href":"https:\/\/api.w.org\/{rel}","templated":true}]}}