



{"id":18459,"date":"2020-09-13T11:44:18","date_gmt":"2020-09-13T09:44:18","guid":{"rendered":"https:\/\/www.faustyna.pl\/zmbm\/?page_id=18459"},"modified":"2022-02-26T09:14:21","modified_gmt":"2022-02-26T08:14:21","slug":"msze-sw-po-angielsku-w-lagiewnickim-sanktuarium","status":"publish","type":"page","link":"https:\/\/www.faustyna.pl\/zmbm\/msze-sw-po-angielsku-w-lagiewnickim-sanktuarium\/","title":{"rendered":"Msze \u015bw. po angielsku w \u0142agiewnickim Sanktuarium"},"content":{"rendered":"<p><a href=\"https:\/\/www.faustyna.pl\/zmbm\/wp-content\/uploads\/2020\/09\/Eucharystia-en.jpg\" data-gallery><img loading=\"lazy\" decoding=\"async\" class=\"size-medium wp-image-18460 alignnone\" src=\"https:\/\/www.faustyna.pl\/zmbm\/wp-content\/uploads\/2020\/09\/Eucharystia-en-560x332.jpg\" alt=\"\" width=\"560\" height=\"332\" srcset=\"https:\/\/www.faustyna.pl\/zmbm\/wp-content\/uploads\/2020\/09\/Eucharystia-en-560x332.jpg 560w, https:\/\/www.faustyna.pl\/zmbm\/wp-content\/uploads\/2020\/09\/Eucharystia-en-140x83.jpg 140w, https:\/\/www.faustyna.pl\/zmbm\/wp-content\/uploads\/2020\/09\/Eucharystia-en.jpg 1024w\" sizes=\"auto, (max-width: 560px) 100vw, 560px\" \/><\/a><\/p>\n<p style=\"text-align: justify\">Po wakacyjnej przerwie przed \u0142askami s\u0142yn\u0105cym obrazem Jezusa Mi\u0142osiernego i przy grobie \u015bw. Siostry Faustyny w Sanktuarium Bo\u017cego Mi\u0142osierdzia w Krakowie-\u0141agiewnikach w ka\u017cd\u0105 niedziel\u0119 i w uroczysto\u015bci o godzinie 12.00 b\u0119dzie celebrowana Msza \u015bw. w j\u0119zyku angielskim dla obcokrajowc\u00f3w mieszkaj\u0105cych w Krakowie, pielgrzym\u00f3w i internat\u00f3w \u0142\u0105cz\u0105cych si\u0119 z tym \u015bwi\u0119tym miejscem przez transmisj\u0119 on-line na stronie: faustyna.pl i na You Tube w kanale: Faustyna.pl. i aplikacji mobilnej: Faustyna.pl.<\/p>\n<p>&nbsp;<\/p>\n","protected":false},"excerpt":{"rendered":"<p>Po wakacyjnej przerwie przed \u0142askami s\u0142yn\u0105cym obrazem Jezusa Mi\u0142osiernego i przy grobie \u015bw. Siostry Faustyny w Sanktuarium Bo\u017cego Mi\u0142osierdzia w Krakowie-\u0141agiewnikach w ka\u017cd\u0105 niedziel\u0119 i w uroczysto\u015bci o godzinie 12.00 b\u0119dzie celebrowana Msza \u015bw. w j\u0119zyku angielskim dla obcokrajowc\u00f3w mieszkaj\u0105cych w Krakowie, pielgrzym\u00f3w i internat\u00f3w \u0142\u0105cz\u0105cych si\u0119 z tym \u015bwi\u0119tym miejscem przez transmisj\u0119 on-line na [&hellip;]<\/p>\n","protected":false},"author":2,"featured_media":18460,"parent":0,"menu_order":-682,"comment_status":"closed","ping_status":"closed","template":"","meta":{"footnotes":""},"categories":[4],"tags":[],"class_list":["post-18459","page","type-page","status-publish","has-post-thumbnail","hentry","category-aktualnosci"],"_links":{"self":[{"href":"https:\/\/www.faustyna.pl\/zmbm\/wp-json\/wp\/v2\/pages\/18459","targetHints":{"allow":["GET"]}}],"collection":[{"href":"https:\/\/www.faustyna.pl\/zmbm\/wp-json\/wp\/v2\/pages"}],"about":[{"href":"https:\/\/www.faustyna.pl\/zmbm\/wp-json\/wp\/v2\/types\/page"}],"author":[{"embeddable":true,"href":"https:\/\/www.faustyna.pl\/zmbm\/wp-json\/wp\/v2\/users\/2"}],"replies":[{"embeddable":true,"href":"https:\/\/www.faustyna.pl\/zmbm\/wp-json\/wp\/v2\/comments?post=18459"}],"version-history":[{"count":1,"href":"https:\/\/www.faustyna.pl\/zmbm\/wp-json\/wp\/v2\/pages\/18459\/revisions"}],"predecessor-version":[{"id":18461,"href":"https:\/\/www.faustyna.pl\/zmbm\/wp-json\/wp\/v2\/pages\/18459\/revisions\/18461"}],"wp:featuredmedia":[{"embeddable":true,"href":"https:\/\/www.faustyna.pl\/zmbm\/wp-json\/wp\/v2\/media\/18460"}],"wp:attachment":[{"href":"https:\/\/www.faustyna.pl\/zmbm\/wp-json\/wp\/v2\/media?parent=18459"}],"wp:term":[{"taxonomy":"category","embeddable":true,"href":"https:\/\/www.faustyna.pl\/zmbm\/wp-json\/wp\/v2\/categories?post=18459"},{"taxonomy":"post_tag","embeddable":true,"href":"https:\/\/www.faustyna.pl\/zmbm\/wp-json\/wp\/v2\/tags?post=18459"}],"curies":[{"name":"wp","href":"https:\/\/api.w.org\/{rel}","templated":true}]}}

Msze św. po angielsku w łagiewnickim Sanktuarium

<p><a href="https://www.faustyna.pl/zmbm/wp-content/uploads/2020/09/Eucharystia-en.jpg" data-gallery><img loading="lazy" decoding="async" class="size-medium wp-image-18460 alignnone" src="https://www.faustyna.pl/zmbm/wp-content/uploads/2020/09/Eucharystia-en-560x332.jpg" alt="" width="560" height="332" srcset="https://www.faustyna.pl/zmbm/wp-content/uploads/2020/09/Eucharystia-en-560x332.jpg 560w, https://www.faustyna.pl/zmbm/wp-content/uploads/2020/09/Eucharystia-en-140x83.jpg 140w, https://www.faustyna.pl/zmbm/wp-content/uploads/2020/09/Eucharystia-en.jpg 1024w" sizes="auto, (max-width: 560px) 100vw, 560px" /></a></p>
<p style="text-align: justify">Po wakacyjnej przerwie przed łaskami słynącym obrazem Jezusa Miłosiernego i przy grobie św. Siostry Faustyny w Sanktuarium Bożego Miłosierdzia w Krakowie-Łagiewnikach w każdą niedzielę i w uroczystości o godzinie 12.00 będzie celebrowana Msza św. w języku angielskim dla obcokrajowców mieszkających w Krakowie, pielgrzymów i internatów łączących się z tym świętym miejscem przez transmisję on-line na stronie: faustyna.pl i na You Tube w kanale: Faustyna.pl. i aplikacji mobilnej: Faustyna.pl.</p>
<p>&nbsp;</p>

<p>Po wakacyjnej przerwie przed łaskami słynącym obrazem Jezusa Miłosiernego i przy grobie św. Siostry Faustyny w Sanktuarium Bożego Miłosierdzia w Krakowie-Łagiewnikach w każdą niedzielę i w uroczystości o godzinie 12.00 będzie celebrowana Msza św. w języku angielskim dla obcokrajowców mieszkających w Krakowie, pielgrzymów i internatów łączących się z tym świętym miejscem przez transmisję on-line na [&hellip;]</p>
