



{"id":22602,"date":"2021-11-23T09:20:52","date_gmt":"2021-11-23T08:20:52","guid":{"rendered":"https:\/\/www.faustyna.pl\/zmbm\/?page_id=22602"},"modified":"2022-02-26T09:15:00","modified_gmt":"2022-02-26T08:15:00","slug":"polska-w-dzienniczku-sw-faustyny","status":"publish","type":"page","link":"https:\/\/www.faustyna.pl\/zmbm\/polska-w-dzienniczku-sw-faustyny\/","title":{"rendered":"Polska w \u201eDzienniczku\u201d \u015bw. Faustyny"},"content":{"rendered":"<p><a href=\"https:\/\/www.faustyna.pl\/zmbm\/wp-content\/uploads\/2021\/11\/siostra-Elzbieta-konferencja-o-Polsce.jpg\" data-gallery><img loading=\"lazy\" decoding=\"async\" class=\"size-medium wp-image-22603 alignnone\" src=\"https:\/\/www.faustyna.pl\/zmbm\/wp-content\/uploads\/2021\/11\/siostra-Elzbieta-konferencja-o-Polsce-560x334.jpg\" alt=\"\" width=\"560\" height=\"334\" srcset=\"https:\/\/www.faustyna.pl\/zmbm\/wp-content\/uploads\/2021\/11\/siostra-Elzbieta-konferencja-o-Polsce-560x334.jpg 560w, https:\/\/www.faustyna.pl\/zmbm\/wp-content\/uploads\/2021\/11\/siostra-Elzbieta-konferencja-o-Polsce-140x83.jpg 140w, https:\/\/www.faustyna.pl\/zmbm\/wp-content\/uploads\/2021\/11\/siostra-Elzbieta-konferencja-o-Polsce.jpg 1024w\" sizes=\"auto, (max-width: 560px) 100vw, 560px\" \/><\/a><\/p>\n<p style=\"text-align: justify\">Mo\u017cna si\u0119 zdziwi\u0107, \u017ce w \u201eDzienniczku\u201d \u015bw. Faustyny, kt\u00f3ry jest per\u0142\u0105 literatury mistycznej, dzie\u0142em o tematyce religijnej, duchowej, pojawia si\u0119 w og\u00f3le temat Ojczyzny i to tak cz\u0119sto. A co jeszcze dziwniejsze, \u017ce o Polsce m\u00f3wi Jezus i Matka Bo\u017ca. S\u0142owo Polska pojawia si\u0119 w tym dziele 12 razy, a Ojczyna ziemska \u2013 a\u017c 15 razy. <a href=\"https:\/\/www.youtube.com\/watch?v=XgZ5FL5OsvY&amp;t=9s\">W tej konferencji s. M. El\u017cbiety Siepak<\/a> z klasztoru Zgromadzenia Matki Bo\u017cej Mi\u0142osierdzia w Krakowie-\u0141agiewnikach mo\u017cna us\u0142ysze\u0107, co Jezus i Maryja m\u00f3wi\u0105 po polsku o Polsce, w jaki spos\u00f3b \u015bw. Faustyna mi\u0142owa\u0142a sw\u0105 Ojczyzn\u0119 i jakie jest miejsce Polski na mapie religijnej Europy i \u015bwiata.<\/p>\n","protected":false},"excerpt":{"rendered":"<p>Mo\u017cna si\u0119 zdziwi\u0107, \u017ce w \u201eDzienniczku\u201d \u015bw. Faustyny, kt\u00f3ry jest per\u0142\u0105 literatury mistycznej, dzie\u0142em o tematyce religijnej, duchowej, pojawia si\u0119 w og\u00f3le temat Ojczyzny i to tak cz\u0119sto. A co jeszcze dziwniejsze, \u017ce o Polsce m\u00f3wi Jezus i Matka Bo\u017ca. S\u0142owo Polska pojawia si\u0119 w tym dziele 12 razy, a Ojczyna ziemska \u2013 a\u017c 15 [&hellip;]<\/p>\n","protected":false},"author":2,"featured_media":22603,"parent":0,"menu_order":-685,"comment_status":"closed","ping_status":"closed","template":"","meta":{"footnotes":""},"categories":[4],"tags":[],"class_list":["post-22602","page","type-page","status-publish","has-post-thumbnail","hentry","category-aktualnosci"],"_links":{"self":[{"href":"https:\/\/www.faustyna.pl\/zmbm\/wp-json\/wp\/v2\/pages\/22602","targetHints":{"allow":["GET"]}}],"collection":[{"href":"https:\/\/www.faustyna.pl\/zmbm\/wp-json\/wp\/v2\/pages"}],"about":[{"href":"https:\/\/www.faustyna.pl\/zmbm\/wp-json\/wp\/v2\/types\/page"}],"author":[{"embeddable":true,"href":"https:\/\/www.faustyna.pl\/zmbm\/wp-json\/wp\/v2\/users\/2"}],"replies":[{"embeddable":true,"href":"https:\/\/www.faustyna.pl\/zmbm\/wp-json\/wp\/v2\/comments?post=22602"}],"version-history":[{"count":1,"href":"https:\/\/www.faustyna.pl\/zmbm\/wp-json\/wp\/v2\/pages\/22602\/revisions"}],"predecessor-version":[{"id":22604,"href":"https:\/\/www.faustyna.pl\/zmbm\/wp-json\/wp\/v2\/pages\/22602\/revisions\/22604"}],"wp:featuredmedia":[{"embeddable":true,"href":"https:\/\/www.faustyna.pl\/zmbm\/wp-json\/wp\/v2\/media\/22603"}],"wp:attachment":[{"href":"https:\/\/www.faustyna.pl\/zmbm\/wp-json\/wp\/v2\/media?parent=22602"}],"wp:term":[{"taxonomy":"category","embeddable":true,"href":"https:\/\/www.faustyna.pl\/zmbm\/wp-json\/wp\/v2\/categories?post=22602"},{"taxonomy":"post_tag","embeddable":true,"href":"https:\/\/www.faustyna.pl\/zmbm\/wp-json\/wp\/v2\/tags?post=22602"}],"curies":[{"name":"wp","href":"https:\/\/api.w.org\/{rel}","templated":true}]}}

Polska w „Dzienniczku” św. Faustyny

<p><a href="https://www.faustyna.pl/zmbm/wp-content/uploads/2021/11/siostra-Elzbieta-konferencja-o-Polsce.jpg" data-gallery><img loading="lazy" decoding="async" class="size-medium wp-image-22603 alignnone" src="https://www.faustyna.pl/zmbm/wp-content/uploads/2021/11/siostra-Elzbieta-konferencja-o-Polsce-560x334.jpg" alt="" width="560" height="334" srcset="https://www.faustyna.pl/zmbm/wp-content/uploads/2021/11/siostra-Elzbieta-konferencja-o-Polsce-560x334.jpg 560w, https://www.faustyna.pl/zmbm/wp-content/uploads/2021/11/siostra-Elzbieta-konferencja-o-Polsce-140x83.jpg 140w, https://www.faustyna.pl/zmbm/wp-content/uploads/2021/11/siostra-Elzbieta-konferencja-o-Polsce.jpg 1024w" sizes="auto, (max-width: 560px) 100vw, 560px" /></a></p>
<p style="text-align: justify">Można się zdziwić, że w „Dzienniczku” św. Faustyny, który jest perłą literatury mistycznej, dziełem o tematyce religijnej, duchowej, pojawia się w ogóle temat Ojczyzny i to tak często. A co jeszcze dziwniejsze, że o Polsce mówi Jezus i Matka Boża. Słowo Polska pojawia się w tym dziele 12 razy, a Ojczyna ziemska – aż 15 razy. <a href="https://www.youtube.com/watch?v=XgZ5FL5OsvY&amp;t=9s">W tej konferencji s. M. Elżbiety Siepak</a> z klasztoru Zgromadzenia Matki Bożej Miłosierdzia w Krakowie-Łagiewnikach można usłyszeć, co Jezus i Maryja mówią po polsku o Polsce, w jaki sposób św. Faustyna miłowała swą Ojczyznę i jakie jest miejsce Polski na mapie religijnej Europy i świata.</p>

<p>Można się zdziwić, że w „Dzienniczku” św. Faustyny, który jest perłą literatury mistycznej, dziełem o tematyce religijnej, duchowej, pojawia się w ogóle temat Ojczyzny i to tak często. A co jeszcze dziwniejsze, że o Polsce mówi Jezus i Matka Boża. Słowo Polska pojawia się w tym dziele 12 razy, a Ojczyna ziemska – aż 15 [&hellip;]</p>
