



{"id":2429,"date":"2014-12-27T01:09:52","date_gmt":"2014-12-27T01:09:52","guid":{"rendered":"http:\/\/www.faustyna.pl\/zmbm\/?page_id=2429"},"modified":"2023-03-08T16:35:43","modified_gmt":"2023-03-08T15:35:43","slug":"zasady-przyjecie-do-zgromadzenia","status":"publish","type":"page","link":"https:\/\/www.faustyna.pl\/zmbm\/zasady-przyjecie-do-zgromadzenia\/","title":{"rendered":"Zasady"},"content":{"rendered":"<h3 style=\"text-align: center\" align=\"justify\"><a href=\"https:\/\/www.faustyna.pl\/zmbm\/wp-content\/uploads\/2014\/12\/Furta-klasztorna-w-Krakowie-Lagiewnikach.jpg\" data-gallery><img loading=\"lazy\" decoding=\"async\" class=\"size-medium wp-image-10920 alignnone\" src=\"https:\/\/www.faustyna.pl\/zmbm\/wp-content\/uploads\/2014\/12\/Furta-klasztorna-w-Krakowie-Lagiewnikach-560x330.jpg\" alt=\"\" width=\"560\" height=\"330\" srcset=\"https:\/\/www.faustyna.pl\/zmbm\/wp-content\/uploads\/2014\/12\/Furta-klasztorna-w-Krakowie-Lagiewnikach-560x330.jpg 560w, https:\/\/www.faustyna.pl\/zmbm\/wp-content\/uploads\/2014\/12\/Furta-klasztorna-w-Krakowie-Lagiewnikach-140x83.jpg 140w, https:\/\/www.faustyna.pl\/zmbm\/wp-content\/uploads\/2014\/12\/Furta-klasztorna-w-Krakowie-Lagiewnikach.jpg 1024w\" sizes=\"auto, (max-width: 560px) 100vw, 560px\" \/><\/a><\/h3>\n<h3 style=\"text-align: center\" align=\"justify\"><strong><span style=\"color: #800000\">Do Zgromadzenia Si\u00f3str Matki Bo\u017cej Mi\u0142osierdzia<br \/>\nmo\u017ce by\u0107 przyj\u0119ta:<\/span><\/strong><\/h3>\n<table>\n<tbody>\n<tr>\n<td style=\"vertical-align: top\">I.<\/td>\n<td style=\"text-align: left\">Katoliczka stanu wolnego w wieku od 18 do 35 lat obdarzona \u0142ask\u0105 powo\u0142ania i pragnieniem g\u0142oszenia w Ko\u015bciele i w \u015bwiecie mi\u0142osiernej mi\u0142o\u015bci Boga \u015bwiadectwem \u017cycia,\u00a0 czynem,\u00a0 s\u0142owem i modlitw\u0105.<\/td>\n<\/tr>\n<\/tbody>\n<\/table>\n<table>\n<tbody>\n<tr>\n<td style=\"vertical-align: top\">II.<\/td>\n<td style=\"text-align: left\">Kandydatki do Zgromadzenia winny by\u0107 wolne od przeszk\u00f3d, o jakich m\u00f3wi Kodeks Prawa Kanonicznego: Kan. 642 \u2013 Przej\u0119ci czujn\u0105 trosk\u0105 prze\u0142o\u017ceni powinni przyjmowa\u0107 tylko tych, kt\u00f3rzy, opr\u00f3cz wymaganego wieku, maj\u0105 zdrowie, odpowiedni charakter i wystarczaj\u0105ce przymioty dojrza\u0142o\u015bci, konieczne do podj\u0119cia \u017cycia w\u0142a\u015bciwego danemu instytutowi. W razie potrzeby zdrowie, charakter i dojrza\u0142o\u015b\u0107 mo\u017cna stwierdzi\u0107 r\u00f3wnie\u017c przy pomocy bieg\u0142ych, z zachowaniem przepisu kan. 220 (bez naruszenia dobrego imienia i prawa do ochrony w\u0142asnej intymno\u015bci).<\/td>\n<\/tr>\n<\/tbody>\n<\/table>\n<table style=\"width: 100%;height: 319px\">\n<tbody>\n<tr style=\"height: 179px\">\n<td style=\"vertical-align: top;height: 179px\">III.<\/td>\n<td style=\"height: 179px\">\u00a0Kan.643 &#8211; Niewa\u017cnie jest przyj\u0119ty do nowicjatu:<\/p>\n<div align=\"justify\">\n<ol>\n<li>kto nie uko\u0144czy\u0142 jeszcze siedemnastu lat;<\/li>\n<li>ma\u0142\u017conek w czasie trwania ma\u0142\u017ce\u0144stwa;<\/li>\n<li style=\"text-align: left\">kto jest aktualnie zwi\u0105zany \u015bwi\u0119tym w\u0119z\u0142em z jakim\u015b instytutem \u017cycia konsekrowanego albo przynale\u017cy do jakiego\u015b stowarzyszenia \u017cycia apostolskiego, z zachowaniem kan. 684;<\/li>\n<li>kto wst\u0119puje do instytutu pod wp\u0142ywem przymusu, ci\u0119\u017ckiej boja\u017ani albo kto zosta\u0142 przyj\u0119ty przez prze\u0142o\u017conego dzia\u0142aj\u0105cego pod takim samym wp\u0142ywem;<\/li>\n<li style=\"text-align: left\">kto zatai\u0142 swoje w\u0142\u0105czenie do jakiego\u015b instytutu \u017cycia konsekrowanego lub stowarzyszenia \u017cycia apostolskiego.<\/li>\n<\/ol>\n<\/div>\n<\/td>\n<\/tr>\n<tr style=\"height: 40px\">\n<td style=\"vertical-align: top;height: 40px\">IV.<\/td>\n<td style=\"text-align: left;height: 40px\">Konstytucje i Dyrektorium Zgromadzenia wymaga r\u00f3wnie\u017c: nieposzlakowanej opinii, zdrowej pobo\u017cno\u015bci i wewn\u0119trznej zgody na przyj\u0119cie ka\u017cdego miejsca przysz\u0142ej pracy i rodzaju zaj\u0119cia (art. 319 Konstytucji Zgromadzenia).<\/td>\n<\/tr>\n<tr style=\"height: 20px\">\n<td style=\"vertical-align: top;height: 20px\"><\/td>\n<td style=\"text-align: justify;height: 20px\"><\/td>\n<\/tr>\n<tr style=\"height: 40px\">\n<td style=\"vertical-align: top;height: 40px\">V.<\/td>\n<td style=\"text-align: left;height: 40px\">\u00a0Wst\u0119puj\u0105c do Zgromadzenia kandydatka sk\u0142ada o\u015bwiadczenie na pi\u015bmie, \u017ce nie b\u0119dzie \u017c\u0105da\u0142a wynagrodzenia za prace wykonywane w czasie pobytu w domu zakonnym (art. 320 Konstytucji Zgromadzenia).<\/td>\n<\/tr>\n<tr style=\"height: 20px\">\n<td style=\"vertical-align: top;height: 20px\"><\/td>\n<td style=\"text-align: justify;height: 20px\"><\/td>\n<\/tr>\n<tr style=\"height: 20px\">\n<td style=\"vertical-align: top;height: 20px\">VI.<\/td>\n<td style=\"text-align: justify;height: 20px\">\u00a0O przyj\u0119ciu kandydatki i dopuszczeniu jej do r\u00f3\u017cnych stopni formacji decyduje prze\u0142o\u017cona generalna za zgod\u0105 swej rady (art. 91 Konstytucji Zgromadzenia).<\/td>\n<\/tr>\n<\/tbody>\n<\/table>\n<p>Dzie\u0142o powo\u0142a\u0144\/Przyj\u0119cie do Zgromadzenia<\/p>\n","protected":false},"excerpt":{"rendered":"<p>Do Zgromadzenia Si\u00f3str Matki Bo\u017cej Mi\u0142osierdzia mo\u017ce by\u0107 przyj\u0119ta: I. Katoliczka stanu wolnego w wieku od 18 do 35 lat obdarzona \u0142ask\u0105 powo\u0142ania i pragnieniem g\u0142oszenia w Ko\u015bciele i w \u015bwiecie mi\u0142osiernej mi\u0142o\u015bci Boga \u015bwiadectwem \u017cycia,\u00a0 czynem,\u00a0 s\u0142owem i modlitw\u0105. II. Kandydatki do Zgromadzenia winny by\u0107 wolne od przeszk\u00f3d, o jakich m\u00f3wi Kodeks Prawa Kanonicznego: [&hellip;]<\/p>\n","protected":false},"author":1,"featured_media":0,"parent":0,"menu_order":0,"comment_status":"closed","ping_status":"closed","template":"","meta":{"footnotes":""},"categories":[67],"tags":[],"class_list":["post-2429","page","type-page","status-publish","hentry","category-przyjecie-do-zgromadzenia"],"_links":{"self":[{"href":"https:\/\/www.faustyna.pl\/zmbm\/wp-json\/wp\/v2\/pages\/2429","targetHints":{"allow":["GET"]}}],"collection":[{"href":"https:\/\/www.faustyna.pl\/zmbm\/wp-json\/wp\/v2\/pages"}],"about":[{"href":"https:\/\/www.faustyna.pl\/zmbm\/wp-json\/wp\/v2\/types\/page"}],"author":[{"embeddable":true,"href":"https:\/\/www.faustyna.pl\/zmbm\/wp-json\/wp\/v2\/users\/1"}],"replies":[{"embeddable":true,"href":"https:\/\/www.faustyna.pl\/zmbm\/wp-json\/wp\/v2\/comments?post=2429"}],"version-history":[{"count":19,"href":"https:\/\/www.faustyna.pl\/zmbm\/wp-json\/wp\/v2\/pages\/2429\/revisions"}],"predecessor-version":[{"id":25959,"href":"https:\/\/www.faustyna.pl\/zmbm\/wp-json\/wp\/v2\/pages\/2429\/revisions\/25959"}],"wp:attachment":[{"href":"https:\/\/www.faustyna.pl\/zmbm\/wp-json\/wp\/v2\/media?parent=2429"}],"wp:term":[{"taxonomy":"category","embeddable":true,"href":"https:\/\/www.faustyna.pl\/zmbm\/wp-json\/wp\/v2\/categories?post=2429"},{"taxonomy":"post_tag","embeddable":true,"href":"https:\/\/www.faustyna.pl\/zmbm\/wp-json\/wp\/v2\/tags?post=2429"}],"curies":[{"name":"wp","href":"https:\/\/api.w.org\/{rel}","templated":true}]}}

<h3 style="text-align: center" align="justify"><a href="https://www.faustyna.pl/zmbm/wp-content/uploads/2014/12/Furta-klasztorna-w-Krakowie-Lagiewnikach.jpg" data-gallery><img loading="lazy" decoding="async" class="size-medium wp-image-10920 alignnone" src="https://www.faustyna.pl/zmbm/wp-content/uploads/2014/12/Furta-klasztorna-w-Krakowie-Lagiewnikach-560x330.jpg" alt="" width="560" height="330" srcset="https://www.faustyna.pl/zmbm/wp-content/uploads/2014/12/Furta-klasztorna-w-Krakowie-Lagiewnikach-560x330.jpg 560w, https://www.faustyna.pl/zmbm/wp-content/uploads/2014/12/Furta-klasztorna-w-Krakowie-Lagiewnikach-140x83.jpg 140w, https://www.faustyna.pl/zmbm/wp-content/uploads/2014/12/Furta-klasztorna-w-Krakowie-Lagiewnikach.jpg 1024w" sizes="auto, (max-width: 560px) 100vw, 560px" /></a></h3>
<h3 style="text-align: center" align="justify"><strong><span style="color: #800000">Do Zgromadzenia Sióstr Matki Bożej Miłosierdzia<br />
może być przyjęta:</span></strong></h3>
<table>
<tbody>
<tr>
<td style="vertical-align: top">I.</td>
<td style="text-align: left">Katoliczka stanu wolnego w wieku od 18 do 35 lat obdarzona łaską powołania i pragnieniem głoszenia w Kościele i w świecie miłosiernej miłości Boga świadectwem życia,  czynem,  słowem i modlitwą.</td>
</tr>
</tbody>
</table>
<table>
<tbody>
<tr>
<td style="vertical-align: top">II.</td>
<td style="text-align: left">Kandydatki do Zgromadzenia winny być wolne od przeszkód, o jakich mówi Kodeks Prawa Kanonicznego: Kan. 642 – Przejęci czujną troską przełożeni powinni przyjmować tylko tych, którzy, oprócz wymaganego wieku, mają zdrowie, odpowiedni charakter i wystarczające przymioty dojrzałości, konieczne do podjęcia życia właściwego danemu instytutowi. W razie potrzeby zdrowie, charakter i dojrzałość można stwierdzić również przy pomocy biegłych, z zachowaniem przepisu kan. 220 (bez naruszenia dobrego imienia i prawa do ochrony własnej intymności).</td>
</tr>
</tbody>
</table>
<table style="width: 100%;height: 319px">
<tbody>
<tr style="height: 179px">
<td style="vertical-align: top;height: 179px">III.</td>
<td style="height: 179px"> Kan.643 &#8211; Nieważnie jest przyjęty do nowicjatu:</p>
<div align="justify">
<ol>
<li>kto nie ukończył jeszcze siedemnastu lat;</li>
<li>małżonek w czasie trwania małżeństwa;</li>
<li style="text-align: left">kto jest aktualnie związany świętym węzłem z jakimś instytutem życia konsekrowanego albo przynależy do jakiegoś stowarzyszenia życia apostolskiego, z zachowaniem kan. 684;</li>
<li>kto wstępuje do instytutu pod wpływem przymusu, ciężkiej bojaźni albo kto został przyjęty przez przełożonego działającego pod takim samym wpływem;</li>
<li style="text-align: left">kto zataił swoje włączenie do jakiegoś instytutu życia konsekrowanego lub stowarzyszenia życia apostolskiego.</li>
</ol>
</div>
</td>
</tr>
<tr style="height: 40px">
<td style="vertical-align: top;height: 40px">IV.</td>
<td style="text-align: left;height: 40px">Konstytucje i Dyrektorium Zgromadzenia wymaga również: nieposzlakowanej opinii, zdrowej pobożności i wewnętrznej zgody na przyjęcie każdego miejsca przyszłej pracy i rodzaju zajęcia (art. 319 Konstytucji Zgromadzenia).</td>
</tr>
<tr style="height: 20px">
<td style="vertical-align: top;height: 20px"></td>
<td style="text-align: justify;height: 20px"></td>
</tr>
<tr style="height: 40px">
<td style="vertical-align: top;height: 40px">V.</td>
<td style="text-align: left;height: 40px"> Wstępując do Zgromadzenia kandydatka składa oświadczenie na piśmie, że nie będzie żądała wynagrodzenia za prace wykonywane w czasie pobytu w domu zakonnym (art. 320 Konstytucji Zgromadzenia).</td>
</tr>
<tr style="height: 20px">
<td style="vertical-align: top;height: 20px"></td>
<td style="text-align: justify;height: 20px"></td>
</tr>
<tr style="height: 20px">
<td style="vertical-align: top;height: 20px">VI.</td>
<td style="text-align: justify;height: 20px"> O przyjęciu kandydatki i dopuszczeniu jej do różnych stopni formacji decyduje przełożona generalna za zgodą swej rady (art. 91 Konstytucji Zgromadzenia).</td>
</tr>
</tbody>
</table>
<p>Dzieło powołań/Przyjęcie do Zgromadzenia</p>

<p>Do Zgromadzenia Sióstr Matki Bożej Miłosierdzia może być przyjęta: I. Katoliczka stanu wolnego w wieku od 18 do 35 lat obdarzona łaską powołania i pragnieniem głoszenia w Kościele i w świecie miłosiernej miłości Boga świadectwem życia,  czynem,  słowem i modlitwą. II. Kandydatki do Zgromadzenia winny być wolne od przeszkód, o jakich mówi Kodeks Prawa Kanonicznego: [&hellip;]</p>
