



{"id":2441,"date":"2014-12-27T01:17:48","date_gmt":"2014-12-27T01:17:48","guid":{"rendered":"http:\/\/www.faustyna.pl\/zmbm\/?page_id=2441"},"modified":"2025-09-16T14:16:15","modified_gmt":"2025-09-16T12:16:15","slug":"w-polsce-kontat-dzielo-powolan","status":"publish","type":"page","link":"https:\/\/www.faustyna.pl\/zmbm\/w-polsce-kontat-dzielo-powolan\/","title":{"rendered":"W Polsce"},"content":{"rendered":"<h3><span style=\"color: #003300\"><strong>Dziewcz\u0119ta, pragn\u0105ce rozezna\u0107 drog\u0119 powo\u0142ania, mog\u0105 zwr\u00f3ci\u0107 si\u0119 o pomoc do\u00a0 si\u00f3str:<\/strong><\/span><\/h3>\n<h3><span style=\"color: #800000\"><a href=\"https:\/\/www.faustyna.pl\/zmbm\/wp-content\/uploads\/2025\/09\/Siostra_Anna_Maria.jpg\" data-gallery><img loading=\"lazy\" decoding=\"async\" class=\"alignleft wp-image-31140\" src=\"https:\/\/www.faustyna.pl\/zmbm\/wp-content\/uploads\/2025\/09\/Siostra_Anna_Maria-560x334.jpg\" alt=\"\" width=\"300\" height=\"179\" srcset=\"https:\/\/www.faustyna.pl\/zmbm\/wp-content\/uploads\/2025\/09\/Siostra_Anna_Maria-560x334.jpg 560w, https:\/\/www.faustyna.pl\/zmbm\/wp-content\/uploads\/2025\/09\/Siostra_Anna_Maria-140x83.jpg 140w, https:\/\/www.faustyna.pl\/zmbm\/wp-content\/uploads\/2025\/09\/Siostra_Anna_Maria.jpg 1024w\" sizes=\"auto, (max-width: 300px) 100vw, 300px\" \/><\/a>KRAK\u00d3W<\/span><\/h3>\n<p><strong>s. Anna Maria Trzci\u0144ska ISMM<\/strong><\/p>\n<p>tel.: 883\u00a0780\u00a0670<\/p>\n<p>e-mail: kontakt@faustyna.pl<\/p>\n<p>&nbsp;<\/p>\n<p>&nbsp;<\/p>\n<h3><strong><a href=\"https:\/\/www.faustyna.pl\/zmbm\/wp-content\/uploads\/2023\/10\/s_Gracjana.jpg\" data-gallery><img loading=\"lazy\" decoding=\"async\" class=\"alignleft wp-image-27506\" src=\"https:\/\/www.faustyna.pl\/zmbm\/wp-content\/uploads\/2023\/10\/s_Gracjana-560x334.jpg\" alt=\"\" width=\"300\" height=\"179\" srcset=\"https:\/\/www.faustyna.pl\/zmbm\/wp-content\/uploads\/2023\/10\/s_Gracjana-560x334.jpg 560w, https:\/\/www.faustyna.pl\/zmbm\/wp-content\/uploads\/2023\/10\/s_Gracjana-140x83.jpg 140w, https:\/\/www.faustyna.pl\/zmbm\/wp-content\/uploads\/2023\/10\/s_Gracjana.jpg 1024w\" sizes=\"auto, (max-width: 300px) 100vw, 300px\" \/><\/a><span style=\"color: #800000\">GDA\u0143SK<\/span><\/strong><\/h3>\n<p><strong>s. M. Gracjana Szewc ISMM<\/strong><\/p>\n<p>tel.: 797 907 345; 797 907 345<\/p>\n<p>e-mail:\u00a0<a href=\"mailto:zmbm.gdansk@faustyna.pl\">zmbm.gdansk@faustyna.pl<\/a><\/p>\n<p>&nbsp;<\/p>\n<p>&nbsp;<\/p>\n<h3><span style=\"color: #800000\"><a href=\"https:\/\/www.faustyna.pl\/zmbm\/wp-content\/uploads\/2022\/10\/s-Alberta.jpg\" data-gallery><img loading=\"lazy\" decoding=\"async\" class=\"alignleft wp-image-24985\" src=\"https:\/\/www.faustyna.pl\/zmbm\/wp-content\/uploads\/2022\/10\/s-Alberta-560x334.jpg\" alt=\"\" width=\"300\" height=\"179\" srcset=\"https:\/\/www.faustyna.pl\/zmbm\/wp-content\/uploads\/2022\/10\/s-Alberta-560x334.jpg 560w, https:\/\/www.faustyna.pl\/zmbm\/wp-content\/uploads\/2022\/10\/s-Alberta-140x83.jpg 140w, https:\/\/www.faustyna.pl\/zmbm\/wp-content\/uploads\/2022\/10\/s-Alberta.jpg 1024w\" sizes=\"auto, (max-width: 300px) 100vw, 300px\" \/><\/a>WROC\u0141AW<\/span><\/h3>\n<p><strong>s. M. Alberta Perkowska ISMM<\/strong><\/p>\n<p>tel.: 698\u00a0056 081<\/p>\n<p>e-mail: alberta@faustyna.pl<\/p>\n<p>&nbsp;<\/p>\n<p>&nbsp;<\/p>\n<p><a href=\"https:\/\/www.faustyna.pl\/zmbm\/wp-content\/uploads\/2020\/10\/s-Julia-1.jpg\" data-gallery><img loading=\"lazy\" decoding=\"async\" class=\"alignleft wp-image-18783\" src=\"https:\/\/www.faustyna.pl\/zmbm\/wp-content\/uploads\/2020\/10\/s-Julia-1-560x331.jpg\" alt=\"\" width=\"300\" height=\"177\" srcset=\"https:\/\/www.faustyna.pl\/zmbm\/wp-content\/uploads\/2020\/10\/s-Julia-1-560x331.jpg 560w, https:\/\/www.faustyna.pl\/zmbm\/wp-content\/uploads\/2020\/10\/s-Julia-1-140x83.jpg 140w, https:\/\/www.faustyna.pl\/zmbm\/wp-content\/uploads\/2020\/10\/s-Julia-1.jpg 1024w\" sizes=\"auto, (max-width: 300px) 100vw, 300px\" \/><\/a><\/p>\n<p><span style=\"color: #003300\"><strong><span style=\"color: #800000\">KLASZTOR KONTEMPLACYJNY<\/span><br \/>\n<\/strong><\/span><\/p>\n<h3><span style=\"color: #800000\">\u015aWINICE WARCKIE<\/span><\/h3>\n<p><span style=\"color: #000000\"><strong>s. M. Julia Dziurczak ISMM<\/strong><\/span><\/p>\n<p><strong>e-mail:\u00a0<\/strong><a href=\"mailto:kontemplacja@faustyna.pl\">kontemplacja@faustyna.pl<\/a><\/p>\n<p><a href=\"https:\/\/www.faustyna.pl\/zmbm\/dzielo-powolan-2\/\">Dzie\u0142o powo\u0142a\u0144\/Kontakt w Polsce<\/a><\/p>\n","protected":false},"excerpt":{"rendered":"<p>Dziewcz\u0119ta, pragn\u0105ce rozezna\u0107 drog\u0119 powo\u0142ania, mog\u0105 zwr\u00f3ci\u0107 si\u0119 o pomoc do\u00a0 si\u00f3str: KRAK\u00d3W s. Anna Maria Trzci\u0144ska ISMM tel.: 883\u00a0780\u00a0670 e-mail: kontakt@faustyna.pl &nbsp; &nbsp; GDA\u0143SK s. M. Gracjana Szewc ISMM tel.: 797 907 345; 797 907 345 e-mail:\u00a0zmbm.gdansk@faustyna.pl &nbsp; &nbsp; WROC\u0141AW s. M. Alberta Perkowska ISMM tel.: 698\u00a0056 081 e-mail: alberta@faustyna.pl &nbsp; &nbsp; KLASZTOR KONTEMPLACYJNY [&hellip;]<\/p>\n","protected":false},"author":1,"featured_media":0,"parent":0,"menu_order":0,"comment_status":"closed","ping_status":"closed","template":"","meta":{"footnotes":""},"categories":[69],"tags":[],"class_list":["post-2441","page","type-page","status-publish","hentry","category-kontakt"],"_links":{"self":[{"href":"https:\/\/www.faustyna.pl\/zmbm\/wp-json\/wp\/v2\/pages\/2441","targetHints":{"allow":["GET"]}}],"collection":[{"href":"https:\/\/www.faustyna.pl\/zmbm\/wp-json\/wp\/v2\/pages"}],"about":[{"href":"https:\/\/www.faustyna.pl\/zmbm\/wp-json\/wp\/v2\/types\/page"}],"author":[{"embeddable":true,"href":"https:\/\/www.faustyna.pl\/zmbm\/wp-json\/wp\/v2\/users\/1"}],"replies":[{"embeddable":true,"href":"https:\/\/www.faustyna.pl\/zmbm\/wp-json\/wp\/v2\/comments?post=2441"}],"version-history":[{"count":76,"href":"https:\/\/www.faustyna.pl\/zmbm\/wp-json\/wp\/v2\/pages\/2441\/revisions"}],"predecessor-version":[{"id":31142,"href":"https:\/\/www.faustyna.pl\/zmbm\/wp-json\/wp\/v2\/pages\/2441\/revisions\/31142"}],"wp:attachment":[{"href":"https:\/\/www.faustyna.pl\/zmbm\/wp-json\/wp\/v2\/media?parent=2441"}],"wp:term":[{"taxonomy":"category","embeddable":true,"href":"https:\/\/www.faustyna.pl\/zmbm\/wp-json\/wp\/v2\/categories?post=2441"},{"taxonomy":"post_tag","embeddable":true,"href":"https:\/\/www.faustyna.pl\/zmbm\/wp-json\/wp\/v2\/tags?post=2441"}],"curies":[{"name":"wp","href":"https:\/\/api.w.org\/{rel}","templated":true}]}}

<h3><span style="color: #003300"><strong>Dziewczęta, pragnące rozeznać drogę powołania, mogą zwrócić się o pomoc do  sióstr:</strong></span></h3>
<h3><span style="color: #800000"><a href="https://www.faustyna.pl/zmbm/wp-content/uploads/2025/09/Siostra_Anna_Maria.jpg" data-gallery><img loading="lazy" decoding="async" class="alignleft wp-image-31140" src="https://www.faustyna.pl/zmbm/wp-content/uploads/2025/09/Siostra_Anna_Maria-560x334.jpg" alt="" width="300" height="179" srcset="https://www.faustyna.pl/zmbm/wp-content/uploads/2025/09/Siostra_Anna_Maria-560x334.jpg 560w, https://www.faustyna.pl/zmbm/wp-content/uploads/2025/09/Siostra_Anna_Maria-140x83.jpg 140w, https://www.faustyna.pl/zmbm/wp-content/uploads/2025/09/Siostra_Anna_Maria.jpg 1024w" sizes="auto, (max-width: 300px) 100vw, 300px" /></a>KRAKÓW</span></h3>
<p><strong>s. Anna Maria Trzcińska ISMM</strong></p>
<p>tel.: 883 780 670</p>
<p>e-mail: kontakt@faustyna.pl</p>
<p>&nbsp;</p>
<p>&nbsp;</p>
<h3><strong><a href="https://www.faustyna.pl/zmbm/wp-content/uploads/2023/10/s_Gracjana.jpg" data-gallery><img loading="lazy" decoding="async" class="alignleft wp-image-27506" src="https://www.faustyna.pl/zmbm/wp-content/uploads/2023/10/s_Gracjana-560x334.jpg" alt="" width="300" height="179" srcset="https://www.faustyna.pl/zmbm/wp-content/uploads/2023/10/s_Gracjana-560x334.jpg 560w, https://www.faustyna.pl/zmbm/wp-content/uploads/2023/10/s_Gracjana-140x83.jpg 140w, https://www.faustyna.pl/zmbm/wp-content/uploads/2023/10/s_Gracjana.jpg 1024w" sizes="auto, (max-width: 300px) 100vw, 300px" /></a><span style="color: #800000">GDAŃSK</span></strong></h3>
<p><strong>s. M. Gracjana Szewc ISMM</strong></p>
<p>tel.: 797 907 345; 797 907 345</p>
<p>e-mail: <a href="mailto:zmbm.gdansk@faustyna.pl">zmbm.gdansk@faustyna.pl</a></p>
<p>&nbsp;</p>
<p>&nbsp;</p>
<h3><span style="color: #800000"><a href="https://www.faustyna.pl/zmbm/wp-content/uploads/2022/10/s-Alberta.jpg" data-gallery><img loading="lazy" decoding="async" class="alignleft wp-image-24985" src="https://www.faustyna.pl/zmbm/wp-content/uploads/2022/10/s-Alberta-560x334.jpg" alt="" width="300" height="179" srcset="https://www.faustyna.pl/zmbm/wp-content/uploads/2022/10/s-Alberta-560x334.jpg 560w, https://www.faustyna.pl/zmbm/wp-content/uploads/2022/10/s-Alberta-140x83.jpg 140w, https://www.faustyna.pl/zmbm/wp-content/uploads/2022/10/s-Alberta.jpg 1024w" sizes="auto, (max-width: 300px) 100vw, 300px" /></a>WROCŁAW</span></h3>
<p><strong>s. M. Alberta Perkowska ISMM</strong></p>
<p>tel.: 698 056 081</p>
<p>e-mail: alberta@faustyna.pl</p>
<p>&nbsp;</p>
<p>&nbsp;</p>
<p><a href="https://www.faustyna.pl/zmbm/wp-content/uploads/2020/10/s-Julia-1.jpg" data-gallery><img loading="lazy" decoding="async" class="alignleft wp-image-18783" src="https://www.faustyna.pl/zmbm/wp-content/uploads/2020/10/s-Julia-1-560x331.jpg" alt="" width="300" height="177" srcset="https://www.faustyna.pl/zmbm/wp-content/uploads/2020/10/s-Julia-1-560x331.jpg 560w, https://www.faustyna.pl/zmbm/wp-content/uploads/2020/10/s-Julia-1-140x83.jpg 140w, https://www.faustyna.pl/zmbm/wp-content/uploads/2020/10/s-Julia-1.jpg 1024w" sizes="auto, (max-width: 300px) 100vw, 300px" /></a></p>
<p><span style="color: #003300"><strong><span style="color: #800000">KLASZTOR KONTEMPLACYJNY</span><br />
</strong></span></p>
<h3><span style="color: #800000">ŚWINICE WARCKIE</span></h3>
<p><span style="color: #000000"><strong>s. M. Julia Dziurczak ISMM</strong></span></p>
<p><strong>e-mail: </strong><a href="mailto:kontemplacja@faustyna.pl">kontemplacja@faustyna.pl</a></p>
<p><a href="https://www.faustyna.pl/zmbm/dzielo-powolan-2/">Dzieło powołań/Kontakt w Polsce</a></p>

<p>Dziewczęta, pragnące rozeznać drogę powołania, mogą zwrócić się o pomoc do  sióstr: KRAKÓW s. Anna Maria Trzcińska ISMM tel.: 883 780 670 e-mail: kontakt@faustyna.pl &nbsp; &nbsp; GDAŃSK s. M. Gracjana Szewc ISMM tel.: 797 907 345; 797 907 345 e-mail: zmbm.gdansk@faustyna.pl &nbsp; &nbsp; WROCŁAW s. M. Alberta Perkowska ISMM tel.: 698 056 081 e-mail: alberta@faustyna.pl &nbsp; &nbsp; KLASZTOR KONTEMPLACYJNY [&hellip;]</p>
