



{"id":2444,"date":"2014-12-27T01:20:02","date_gmt":"2014-12-27T01:20:02","guid":{"rendered":"http:\/\/www.faustyna.pl\/zmbm\/?page_id=2444"},"modified":"2023-03-08T16:42:55","modified_gmt":"2023-03-08T15:42:55","slug":"kontakt-osrodek-powolan-w-usa","status":"publish","type":"page","link":"https:\/\/www.faustyna.pl\/zmbm\/kontakt-osrodek-powolan-w-usa\/","title":{"rendered":"Kontakt"},"content":{"rendered":"<p><span style=\"color: #003300\"><a href=\"https:\/\/www.faustyna.pl\/zmbm\/wp-content\/uploads\/2022\/07\/Siostra-Inga-ISMM.jpg\" data-gallery><img loading=\"lazy\" decoding=\"async\" class=\"size-medium wp-image-24299 alignnone\" src=\"https:\/\/www.faustyna.pl\/zmbm\/wp-content\/uploads\/2022\/07\/Siostra-Inga-ISMM-560x334.jpg\" alt=\"\" width=\"560\" height=\"334\" srcset=\"https:\/\/www.faustyna.pl\/zmbm\/wp-content\/uploads\/2022\/07\/Siostra-Inga-ISMM-560x334.jpg 560w, https:\/\/www.faustyna.pl\/zmbm\/wp-content\/uploads\/2022\/07\/Siostra-Inga-ISMM-140x83.jpg 140w, https:\/\/www.faustyna.pl\/zmbm\/wp-content\/uploads\/2022\/07\/Siostra-Inga-ISMM.jpg 1024w\" sizes=\"auto, (max-width: 560px) 100vw, 560px\" \/><\/a><\/span><\/p>\n<h3><span style=\"color: #003300\">Sr. M. Inga Kvassayova<\/span><\/h3>\n<p>7001 Forest Hill Dr<br \/>\nUniversity Park, MD 20782<br \/>\nUSA<br \/>\ntel.:\u00a0+1 301 403 9023<br \/>\ne-mail: <a href=\"mailto:vocation@sisterfaustina.org\">vocation@sisterfaustina.org<\/a><br \/>\n<a href=\"http:\/\/www.sisterfaustina.org\">www.sisterfaustina.org<\/a><\/p>\n<p><a href=\"https:\/\/www.faustyna.pl\/zmbm\/dzielo-powolan-2\/\">Dzie\u0142o powo\u0142a\u0144\/O\u015brodek powo\u0142a\u0144 w USA<\/a><\/p>\n","protected":false},"excerpt":{"rendered":"<p>Sr. M. Inga Kvassayova 7001 Forest Hill Dr University Park, MD 20782 USA tel.:\u00a0+1 301 403 9023 e-mail: vocation@sisterfaustina.org www.sisterfaustina.org Dzie\u0142o powo\u0142a\u0144\/O\u015brodek powo\u0142a\u0144 w USA<\/p>\n","protected":false},"author":1,"featured_media":0,"parent":0,"menu_order":0,"comment_status":"closed","ping_status":"closed","template":"","meta":{"footnotes":""},"categories":[71],"tags":[],"class_list":["post-2444","page","type-page","status-publish","hentry","category-osrodek-powolan-w-usa"],"_links":{"self":[{"href":"https:\/\/www.faustyna.pl\/zmbm\/wp-json\/wp\/v2\/pages\/2444","targetHints":{"allow":["GET"]}}],"collection":[{"href":"https:\/\/www.faustyna.pl\/zmbm\/wp-json\/wp\/v2\/pages"}],"about":[{"href":"https:\/\/www.faustyna.pl\/zmbm\/wp-json\/wp\/v2\/types\/page"}],"author":[{"embeddable":true,"href":"https:\/\/www.faustyna.pl\/zmbm\/wp-json\/wp\/v2\/users\/1"}],"replies":[{"embeddable":true,"href":"https:\/\/www.faustyna.pl\/zmbm\/wp-json\/wp\/v2\/comments?post=2444"}],"version-history":[{"count":7,"href":"https:\/\/www.faustyna.pl\/zmbm\/wp-json\/wp\/v2\/pages\/2444\/revisions"}],"predecessor-version":[{"id":25965,"href":"https:\/\/www.faustyna.pl\/zmbm\/wp-json\/wp\/v2\/pages\/2444\/revisions\/25965"}],"wp:attachment":[{"href":"https:\/\/www.faustyna.pl\/zmbm\/wp-json\/wp\/v2\/media?parent=2444"}],"wp:term":[{"taxonomy":"category","embeddable":true,"href":"https:\/\/www.faustyna.pl\/zmbm\/wp-json\/wp\/v2\/categories?post=2444"},{"taxonomy":"post_tag","embeddable":true,"href":"https:\/\/www.faustyna.pl\/zmbm\/wp-json\/wp\/v2\/tags?post=2444"}],"curies":[{"name":"wp","href":"https:\/\/api.w.org\/{rel}","templated":true}]}}