



{"id":2581,"date":"2014-12-29T16:01:49","date_gmt":"2014-12-29T16:01:49","guid":{"rendered":"http:\/\/www.faustyna.pl\/zmbm\/?page_id=2581"},"modified":"2021-06-21T10:23:29","modified_gmt":"2021-06-21T08:23:29","slug":"przedszkola","status":"publish","type":"page","link":"https:\/\/www.faustyna.pl\/zmbm\/przedszkola\/","title":{"rendered":"Przedszkola"},"content":{"rendered":"\n<p><strong>DERDY<\/strong><\/p>\n\n\n\n<div class=\"wp-block-media-text alignwide is-stacked-on-mobile\"><figure class=\"wp-block-media-text__media\"><img loading=\"lazy\" decoding=\"async\" width=\"1024\" height=\"609\" src=\"https:\/\/www.faustyna.pl\/zmbm\/wp-content\/uploads\/2021\/06\/Derdy-przedszkole.jpg\" alt=\"\" class=\"wp-image-21192 size-full\" srcset=\"https:\/\/www.faustyna.pl\/zmbm\/wp-content\/uploads\/2021\/06\/Derdy-przedszkole.jpg 1024w, https:\/\/www.faustyna.pl\/zmbm\/wp-content\/uploads\/2021\/06\/Derdy-przedszkole-560x333.jpg 560w, https:\/\/www.faustyna.pl\/zmbm\/wp-content\/uploads\/2021\/06\/Derdy-przedszkole-140x83.jpg 140w\" sizes=\"auto, (max-width: 1024px) 100vw, 1024px\" \/><\/figure><div class=\"wp-block-media-text__content\">\n<p>ul. \u0141\u0105czno\u015bci 158<br>05-552 W\u00d3LKA KOSOWSKA<br>tf.: (22) 757 77 40<br>e-mail: milosierdzie-derdy@faustyna.pl<\/p>\n<\/div><\/div>\n\n\n\n<p><strong>RABKA<\/strong><\/p>\n\n\n\n<div class=\"wp-block-media-text alignwide is-stacked-on-mobile\"><figure class=\"wp-block-media-text__media\"><img loading=\"lazy\" decoding=\"async\" width=\"1024\" height=\"610\" src=\"https:\/\/www.faustyna.pl\/zmbm\/wp-content\/uploads\/2021\/06\/Rabka-przedszkole.jpg\" alt=\"\" class=\"wp-image-21194 size-full\" srcset=\"https:\/\/www.faustyna.pl\/zmbm\/wp-content\/uploads\/2021\/06\/Rabka-przedszkole.jpg 1024w, https:\/\/www.faustyna.pl\/zmbm\/wp-content\/uploads\/2021\/06\/Rabka-przedszkole-560x334.jpg 560w, https:\/\/www.faustyna.pl\/zmbm\/wp-content\/uploads\/2021\/06\/Rabka-przedszkole-140x83.jpg 140w\" sizes=\"auto, (max-width: 1024px) 100vw, 1024px\" \/><\/figure><div class=\"wp-block-media-text__content\">\n<p>ul. Juliusza S\u0142owackiego 12<br>34-700 RABKA<br>tf.: (18) 267 66 04<br>e-mail: rabka@faustyna.pl<br>www.rabka.faustyna.pl<\/p>\n<\/div><\/div>\n\n\n\n<p><strong>WALEND\u00d3W<\/strong><\/p>\n\n\n\n<div class=\"wp-block-media-text alignwide is-stacked-on-mobile\"><figure class=\"wp-block-media-text__media\"><img loading=\"lazy\" decoding=\"async\" width=\"1024\" height=\"609\" src=\"https:\/\/www.faustyna.pl\/zmbm\/wp-content\/uploads\/2021\/06\/Walendow-Dom-opieki-1.jpg\" alt=\"\" class=\"wp-image-21195 size-full\" srcset=\"https:\/\/www.faustyna.pl\/zmbm\/wp-content\/uploads\/2021\/06\/Walendow-Dom-opieki-1.jpg 1024w, https:\/\/www.faustyna.pl\/zmbm\/wp-content\/uploads\/2021\/06\/Walendow-Dom-opieki-1-560x333.jpg 560w, https:\/\/www.faustyna.pl\/zmbm\/wp-content\/uploads\/2021\/06\/Walendow-Dom-opieki-1-140x83.jpg 140w\" sizes=\"auto, (max-width: 1024px) 100vw, 1024px\" \/><\/figure><div class=\"wp-block-media-text__content\">\n<p>ul. Nad Utrat\u0105 30<br>05-830 Nadarzyn<br>tf.: (22) 729 81 15; 729 88 81<br>e-mail: walendow@faustyna.pl<br>www.walendow.faustyna.pl<\/p>\n<\/div><\/div>\n","protected":false},"excerpt":{"rendered":"<p>DERDY ul. \u0141\u0105czno\u015bci 15805-552 W\u00d3LKA KOSOWSKAtf.: (22) 757 77 40e-mail: milosierdzie-derdy@faustyna.pl RABKA ul. Juliusza S\u0142owackiego 1234-700 RABKAtf.: (18) 267 66 04e-mail: rabka@faustyna.plwww.rabka.faustyna.pl WALEND\u00d3W ul. Nad Utrat\u0105 3005-830 Nadarzyntf.: (22) 729 81 15; 729 88 81e-mail: walendow@faustyna.plwww.walendow.faustyna.pl<\/p>\n","protected":false},"author":1,"featured_media":0,"parent":0,"menu_order":0,"comment_status":"closed","ping_status":"closed","template":"","meta":{"footnotes":""},"categories":[73],"tags":[],"class_list":["post-2581","page","type-page","status-publish","hentry","category-domy-milosierdzia"],"_links":{"self":[{"href":"https:\/\/www.faustyna.pl\/zmbm\/wp-json\/wp\/v2\/pages\/2581","targetHints":{"allow":["GET"]}}],"collection":[{"href":"https:\/\/www.faustyna.pl\/zmbm\/wp-json\/wp\/v2\/pages"}],"about":[{"href":"https:\/\/www.faustyna.pl\/zmbm\/wp-json\/wp\/v2\/types\/page"}],"author":[{"embeddable":true,"href":"https:\/\/www.faustyna.pl\/zmbm\/wp-json\/wp\/v2\/users\/1"}],"replies":[{"embeddable":true,"href":"https:\/\/www.faustyna.pl\/zmbm\/wp-json\/wp\/v2\/comments?post=2581"}],"version-history":[{"count":3,"href":"https:\/\/www.faustyna.pl\/zmbm\/wp-json\/wp\/v2\/pages\/2581\/revisions"}],"predecessor-version":[{"id":21196,"href":"https:\/\/www.faustyna.pl\/zmbm\/wp-json\/wp\/v2\/pages\/2581\/revisions\/21196"}],"wp:attachment":[{"href":"https:\/\/www.faustyna.pl\/zmbm\/wp-json\/wp\/v2\/media?parent=2581"}],"wp:term":[{"taxonomy":"category","embeddable":true,"href":"https:\/\/www.faustyna.pl\/zmbm\/wp-json\/wp\/v2\/categories?post=2581"},{"taxonomy":"post_tag","embeddable":true,"href":"https:\/\/www.faustyna.pl\/zmbm\/wp-json\/wp\/v2\/tags?post=2581"}],"curies":[{"name":"wp","href":"https:\/\/api.w.org\/{rel}","templated":true}]}}

<p><strong>DERDY</strong></p>



<div class="wp-block-media-text alignwide is-stacked-on-mobile"><figure class="wp-block-media-text__media"><img loading="lazy" decoding="async" width="1024" height="609" src="https://www.faustyna.pl/zmbm/wp-content/uploads/2021/06/Derdy-przedszkole.jpg" alt="" class="wp-image-21192 size-full" srcset="https://www.faustyna.pl/zmbm/wp-content/uploads/2021/06/Derdy-przedszkole.jpg 1024w, https://www.faustyna.pl/zmbm/wp-content/uploads/2021/06/Derdy-przedszkole-560x333.jpg 560w, https://www.faustyna.pl/zmbm/wp-content/uploads/2021/06/Derdy-przedszkole-140x83.jpg 140w" sizes="auto, (max-width: 1024px) 100vw, 1024px" /></figure><div class="wp-block-media-text__content">
<p>ul. Łączności 158<br>05-552 WÓLKA KOSOWSKA<br>tf.: (22) 757 77 40<br>e-mail: milosierdzie-derdy@faustyna.pl</p>
</div></div>



<p><strong>RABKA</strong></p>



<div class="wp-block-media-text alignwide is-stacked-on-mobile"><figure class="wp-block-media-text__media"><img loading="lazy" decoding="async" width="1024" height="610" src="https://www.faustyna.pl/zmbm/wp-content/uploads/2021/06/Rabka-przedszkole.jpg" alt="" class="wp-image-21194 size-full" srcset="https://www.faustyna.pl/zmbm/wp-content/uploads/2021/06/Rabka-przedszkole.jpg 1024w, https://www.faustyna.pl/zmbm/wp-content/uploads/2021/06/Rabka-przedszkole-560x334.jpg 560w, https://www.faustyna.pl/zmbm/wp-content/uploads/2021/06/Rabka-przedszkole-140x83.jpg 140w" sizes="auto, (max-width: 1024px) 100vw, 1024px" /></figure><div class="wp-block-media-text__content">
<p>ul. Juliusza Słowackiego 12<br>34-700 RABKA<br>tf.: (18) 267 66 04<br>e-mail: rabka@faustyna.pl<br>www.rabka.faustyna.pl</p>
</div></div>



<p><strong>WALENDÓW</strong></p>



<div class="wp-block-media-text alignwide is-stacked-on-mobile"><figure class="wp-block-media-text__media"><img loading="lazy" decoding="async" width="1024" height="609" src="https://www.faustyna.pl/zmbm/wp-content/uploads/2021/06/Walendow-Dom-opieki-1.jpg" alt="" class="wp-image-21195 size-full" srcset="https://www.faustyna.pl/zmbm/wp-content/uploads/2021/06/Walendow-Dom-opieki-1.jpg 1024w, https://www.faustyna.pl/zmbm/wp-content/uploads/2021/06/Walendow-Dom-opieki-1-560x333.jpg 560w, https://www.faustyna.pl/zmbm/wp-content/uploads/2021/06/Walendow-Dom-opieki-1-140x83.jpg 140w" sizes="auto, (max-width: 1024px) 100vw, 1024px" /></figure><div class="wp-block-media-text__content">
<p>ul. Nad Utratą 30<br>05-830 Nadarzyn<br>tf.: (22) 729 81 15; 729 88 81<br>e-mail: walendow@faustyna.pl<br>www.walendow.faustyna.pl</p>
</div></div>

<p>DERDY ul. Łączności 15805-552 WÓLKA KOSOWSKAtf.: (22) 757 77 40e-mail: milosierdzie-derdy@faustyna.pl RABKA ul. Juliusza Słowackiego 1234-700 RABKAtf.: (18) 267 66 04e-mail: rabka@faustyna.plwww.rabka.faustyna.pl WALENDÓW ul. Nad Utratą 3005-830 Nadarzyntf.: (22) 729 81 15; 729 88 81e-mail: walendow@faustyna.plwww.walendow.faustyna.pl</p>
