



{"id":2808,"date":"2014-12-30T23:36:03","date_gmt":"2014-12-30T22:36:03","guid":{"rendered":"http:\/\/www.faustyna.pl\/zmbm\/?page_id=2808"},"modified":"2021-07-10T19:44:02","modified_gmt":"2021-07-10T17:44:02","slug":"oredzie-milosierdzia-kwartalnik","status":"publish","type":"page","link":"https:\/\/www.faustyna.pl\/zmbm\/oredzie-milosierdzia-kwartalnik\/","title":{"rendered":"\u201eOr\u0119dzie Mi\u0142osierdzia\u201d Kwartalnik"},"content":{"rendered":"<p style=\"text-align: justify\">Pismo ma charakter informacyjno-formacyjny i jest w ca\u0142o\u015bci po\u015bwi\u0119cone tematyce mi\u0142osierdzia Bo\u017cego i ludzkiego oraz \u017cyciu i misji \u015bw. Siostry Faustyny. Wychodzi w Sanktuarium Mi\u0142osierdzia Bo\u017cego w Krakowie-\u0141agiewnikach od 1987 roku pocz\u0105tkowo tylko dwa razy w roku (na \u015awi\u0119to Mi\u0142osierdzia i 5 pa\u017adziernika \u2013 rocznica \u015bmierci Siostry Faustyny), a od 1996 roku \u2013 jako kwartalnik i organ prasowy Stowarzyszenia Aposto\u0142\u00f3w Bo\u017cego Mi\u0142osierdzia \u201eFaustinum\u201d.<\/p>\n","protected":false},"excerpt":{"rendered":"<p>Pismo ma charakter informacyjno-formacyjny i jest w ca\u0142o\u015bci po\u015bwi\u0119cone tematyce mi\u0142osierdzia Bo\u017cego i ludzkiego oraz \u017cyciu i misji \u015bw. Siostry Faustyny. Wychodzi w Sanktuarium Mi\u0142osierdzia Bo\u017cego w Krakowie-\u0141agiewnikach od 1987 roku pocz\u0105tkowo tylko dwa razy w roku (na \u015awi\u0119to Mi\u0142osierdzia i 5 pa\u017adziernika \u2013 rocznica \u015bmierci Siostry Faustyny), a od 1996 roku \u2013 jako kwartalnik [&hellip;]<\/p>\n","protected":false},"author":1,"featured_media":21545,"parent":0,"menu_order":0,"comment_status":"closed","ping_status":"closed","template":"page_section_menu.php","meta":{"footnotes":""},"categories":[84],"tags":[],"class_list":["post-2808","page","type-page","status-publish","has-post-thumbnail","hentry","category-oredzie-milosierdzia-kwartalnik"],"_links":{"self":[{"href":"https:\/\/www.faustyna.pl\/zmbm\/wp-json\/wp\/v2\/pages\/2808","targetHints":{"allow":["GET"]}}],"collection":[{"href":"https:\/\/www.faustyna.pl\/zmbm\/wp-json\/wp\/v2\/pages"}],"about":[{"href":"https:\/\/www.faustyna.pl\/zmbm\/wp-json\/wp\/v2\/types\/page"}],"author":[{"embeddable":true,"href":"https:\/\/www.faustyna.pl\/zmbm\/wp-json\/wp\/v2\/users\/1"}],"replies":[{"embeddable":true,"href":"https:\/\/www.faustyna.pl\/zmbm\/wp-json\/wp\/v2\/comments?post=2808"}],"version-history":[{"count":4,"href":"https:\/\/www.faustyna.pl\/zmbm\/wp-json\/wp\/v2\/pages\/2808\/revisions"}],"predecessor-version":[{"id":21544,"href":"https:\/\/www.faustyna.pl\/zmbm\/wp-json\/wp\/v2\/pages\/2808\/revisions\/21544"}],"wp:featuredmedia":[{"embeddable":true,"href":"https:\/\/www.faustyna.pl\/zmbm\/wp-json\/wp\/v2\/media\/21545"}],"wp:attachment":[{"href":"https:\/\/www.faustyna.pl\/zmbm\/wp-json\/wp\/v2\/media?parent=2808"}],"wp:term":[{"taxonomy":"category","embeddable":true,"href":"https:\/\/www.faustyna.pl\/zmbm\/wp-json\/wp\/v2\/categories?post=2808"},{"taxonomy":"post_tag","embeddable":true,"href":"https:\/\/www.faustyna.pl\/zmbm\/wp-json\/wp\/v2\/tags?post=2808"}],"curies":[{"name":"wp","href":"https:\/\/api.w.org\/{rel}","templated":true}]}}