



{"id":28138,"date":"2024-02-08T10:18:40","date_gmt":"2024-02-08T09:18:40","guid":{"rendered":"https:\/\/www.faustyna.pl\/zmbm\/?page_id=28138"},"modified":"2024-04-04T11:03:39","modified_gmt":"2024-04-04T09:03:39","slug":"kaplica-communio-sanctorum-wegierska","status":"publish","type":"page","link":"https:\/\/www.faustyna.pl\/zmbm\/kaplica-communio-sanctorum-wegierska\/","title":{"rendered":"Kaplica Communio Sanctorum \u2013 w\u0119gierska"},"content":{"rendered":"<p><img loading=\"lazy\" decoding=\"async\" class=\"alignnone size-medium wp-image-28205\" src=\"https:\/\/www.faustyna.pl\/zmbm\/wp-content\/uploads\/2024\/02\/Kaplica_Communio_Sancorum_Lagiewniki-560x334.jpg\" alt=\"\" width=\"560\" height=\"334\" srcset=\"https:\/\/www.faustyna.pl\/zmbm\/wp-content\/uploads\/2024\/02\/Kaplica_Communio_Sancorum_Lagiewniki-560x334.jpg 560w, https:\/\/www.faustyna.pl\/zmbm\/wp-content\/uploads\/2024\/02\/Kaplica_Communio_Sancorum_Lagiewniki-140x83.jpg 140w, https:\/\/www.faustyna.pl\/zmbm\/wp-content\/uploads\/2024\/02\/Kaplica_Communio_Sancorum_Lagiewniki.jpg 1024w\" sizes=\"auto, (max-width: 560px) 100vw, 560px\" \/><\/p>\n<p style=\"text-align: justify;\">Wchodz\u0105c do dolnej bazyliki i id\u0105c w kierunku kaplicy \u015bw. Faustyny, po prawej stronie znajduje si\u0119 kaplica\u00a0Communio Sanctorum, kt\u00f3r\u0105 w 2004 roku po\u015bwi\u0119ci\u0142 prymas W\u0119gier kard. P\u00e9ter Erd\u00f3 oraz metropolita krakowski kard. Franciszek Macharski. Wystr\u00f3j tej kaplicy jest darem Ko\u015bcio\u0142a w\u0119gierskiego, st\u0105d w popularnym u\u017cyciu funkcjonuje nazwa: \u201ekaplica w\u0119gierska\u201d. Zdobi\u0105 j\u0105 przepi\u0119kne mozaiki na \u015bcianach bocznych, ukazuj\u0105ce ponad 60 \u015bwi\u0119tych i b\u0142ogos\u0142awionych z W\u0119gier, Polski i innych kraj\u00f3w europejskich, kt\u00f3rzy zapisali najpi\u0119kniejsze karty w historii Ko\u015bcio\u0142a. Kolejnym grupom tych postaci towarzyszy tekst o\u015bmiu b\u0142ogos\u0142awie\u0144stw z Kazania na G\u00f3rze, kt\u00f3re stanowi\u0105 jakby komentarz do ich \u017cycia. Pochodowi \u015bwi\u0119tych przewodzi Maryja, Matka Bo\u017ca. Nad marmurowym o\u0142tarzem znajduje si\u0119 mozaika Jezusa Mi\u0142osiernego ze \u015bw. Siostr\u0105 Faustyn\u0105, a w otoku w wielu j\u0119zykach\u00a0 wypisane s\u0105\u00a0 s\u0142owa:\u00a0<em>Jezu, ufam Tobie<\/em>.\u00a0 Przed o\u0142tarzem w relikwiarzu w kszta\u0142cie prawej r\u0119ki z\u0142o\u017cono cz\u0105stk\u0119 relikwii \u015bw. Stefana, kr\u00f3la W\u0119gier. Autorem projektu wystroju kaplicy i jego wykonawc\u0105 jest w\u0119gierski artysta, greckokatolicki kap\u0142an L\u00e1szl\u00f3 Pusk\u00e1s wraz ze swoj\u0105 \u017con\u0105.<\/p>\n<p style=\"text-align: justify;\">Nazwa i wyst\u00f3j tej kaplicy przypominaj\u0105 o podstawowym powo\u0142aniu cz\u0142owieka do \u015bwi\u0119to\u015bci, czyli do zjednoczenia z Bogiem w ziemskim \u017cyciu i wieczno\u015bci. \u015awi\u0119ta Siostra Faustyna wyzna\u0142a, \u017ce od najwcze\u015bniejszych lat pragn\u0119\u0142a zosta\u0107 wielk\u0105 \u015bwi\u0119t\u0105, czyli kocha\u0107 Jezusa tak wielk\u0105 mi\u0142o\u015bci\u0105, jak\u0105 Go jeszcze dotychczas \u017cadna dusza nie kocha\u0142a. <em>Z pocz\u0105tku<\/em> \u2013 pisa\u0142a \u2013 <em>by\u0142y to moje tajne pragnienia, o kt\u00f3rych wiedzia\u0142 tylko Jezus. Dzi\u015b nie mog\u0119 ich pomie\u015bci\u0107 w sercu, pragn\u0119\u0142abym wo\u0142a\u0107 na \u015bwiat ca\u0142y: kochajcie Boga, bo dobry jest i wielkiego mi\u0142osierdzia <\/em>(Dz. 1372). Dzi\u015b dla milion\u00f3w ludzi na ca\u0142ym \u015bwiecie jest wzorem pi\u0119knego \u017cycia. Jezus zapewnia\u0142 j\u0105: <em>Najwi\u0119ksi grzesznicy dochodziliby do wielkiej \u015bwi\u0119to\u015bci, gdyby tylko zaufali Mojemu mi\u0142osierdziu. <\/em>(\u2026)<em> Moj\u0105 rozkosz\u0105 jest dzia\u0142a\u0107 w duszy ludzkiej, nape\u0142nia\u0107 j\u0105 swoim mi\u0142osierdziem i usprawiedliwia\u0107 j\u0105. Kr\u00f3lestwo Moje na ziemi jest \u2013 \u017cycie Moje w duszy ludzkiej. Napisz, sekretarko Moja, \u017ce kierownikiem dusz jestem Ja sam bezpo\u015brednio, a po\u015brednio prowadz\u0119 je przez kap\u0142ana, i ka\u017cd\u0105 prowadz\u0119 do \u015bwi\u0119to\u015bci drog\u0105 Mnie tylko wiadom\u0105 <\/em>(Dz. 1784).<\/p>\n<p><a href=\"https:\/\/www.faustyna.pl\/zmbm\/wp-content\/uploads\/2024\/02\/9-13-1.jpg\" data-gallery><img loading=\"lazy\" decoding=\"async\" class=\"aligncenter wp-image-28494 size-medium\" src=\"https:\/\/www.faustyna.pl\/zmbm\/wp-content\/uploads\/2024\/02\/9-13-1-502x400.jpg\" alt=\"\" width=\"502\" height=\"400\" srcset=\"https:\/\/www.faustyna.pl\/zmbm\/wp-content\/uploads\/2024\/02\/9-13-1-502x400.jpg 502w, https:\/\/www.faustyna.pl\/zmbm\/wp-content\/uploads\/2024\/02\/9-13-1-1024x816.jpg 1024w, https:\/\/www.faustyna.pl\/zmbm\/wp-content\/uploads\/2024\/02\/9-13-1-140x111.jpg 140w, https:\/\/www.faustyna.pl\/zmbm\/wp-content\/uploads\/2024\/02\/9-13-1-1536x1223.jpg 1536w, https:\/\/www.faustyna.pl\/zmbm\/wp-content\/uploads\/2024\/02\/9-13-1.jpg 2048w\" sizes=\"auto, (max-width: 502px) 100vw, 502px\" \/><\/a><\/p>\n<ol>\n<li><a href=\"https:\/\/www.faustyna.pl\/zmbm\/miejsce-ktore-wybral-bog\/\">G\u0142\u00f3wne wej\u015bcie do Sanktuarium<\/a><\/li>\n<li><a href=\"https:\/\/www.faustyna.pl\/zmbm\/dom-sw-siostry-faustyny-dawna-furta\/\">\u201e<\/a><a href=\"https:\/\/www.faustyna.pl\/zmbm\/dom-sw-siostry-faustyny-dawna-furta\/\">Dom \u015bw. Siostry Faustyny<\/a>\u201d \u2013 <a href=\"https:\/\/domsiostryfaustyny.pl\/pokoje-goscinne\/\">noclegi<\/a>, muzeum<\/li>\n<li><a href=\"https:\/\/www.faustyna.pl\/zmbm\/klasztor\/\">Klasztor<\/a><\/li>\n<li><a href=\"https:\/\/www.faustyna.pl\/zmbm\/antoninek-2\/\">\u201eAntoninek\u201d <\/a>\u2013 <a href=\"https:\/\/www.faustinum.pl\/pl\/pl-2\/\">stowarzyszenie \u201eFaustinum\u201d<\/a><\/li>\n<li>\n<h4><span style=\"color: #800000;\"><a style=\"color: #800000;\" href=\"https:\/\/www.faustyna.pl\/zmbm\/kaplica-jezusa-milosiernego-i-grobu-sw-faustyny\/\">Kaplica Jezusa Mi\u0142osiernego i grobu \u015bw. Faustyny<\/a><\/span><\/h4>\n<\/li>\n<li><a href=\"https:\/\/www.faustyna.pl\/zmbm\/oratorium-miejsce-smierci-sw-faustyny\/\">Oratorium<\/a> \u2013 miejsce \u015bmierci \u015bw. Faustyny<\/li>\n<li><a href=\"https:\/\/www.faustyna.pl\/zmbm\/kaplica-meki-panskiej\/\">Kaplica M\u0119ki Pa\u0144skiej<\/a><\/li>\n<li><a href=\"https:\/\/www.faustyna.pl\/zmbm\/bazylika-bozego-milosierdzia\/\">Bazylika Bo\u017cego Mi\u0142osierdzia<\/a><\/li>\n<li><a href=\"https:\/\/www.faustyna.pl\/zmbm\/kaplica-sw-siostry-faustyny-wloska\/\">Kaplica \u015bw. Siostry Faustyny<\/a> \u2013 w\u0142oska<\/li>\n<li><a href=\"https:\/\/www.faustyna.pl\/zmbm\/kaplica-communio-sanctorum-wegierska\/\">Kaplica Communio Sanctorum<\/a> \u2013 w\u0119gierska<\/li>\n<li><a href=\"https:\/\/www.faustyna.pl\/zmbm\/kaplica-sw-andrzeja-grekokatolicka\/\">Kaplica \u015bw. Andrzeja<\/a> \u2013 grekokatolicka<\/li>\n<li><a href=\"https:\/\/www.faustyna.pl\/zmbm\/kaplica-swietego-krzyza-niemiecka\/\">Kaplica \u015awi\u0119tego Krzy\u017ca<\/a> \u2013 niemiecka<\/li>\n<li><a href=\"https:\/\/www.faustyna.pl\/zmbm\/kaplica-matki-boskiej-siedmiobolesnej-slowacka\/\">Kaplica Matki Boskiej Siedmiobolesnej<\/a> \u2013 s\u0142owacka<\/li>\n<li><a href=\"https:\/\/www.faustyna.pl\/zmbm\/kaplica-wieczystej-adoracji-3\/\">Kaplica Wieczystej Adoracji<\/a><\/li>\n<li><a href=\"https:\/\/www.faustyna.pl\/zmbm\/wieza-widokowa\/\">Wie\u017ca widokowa<\/a><\/li>\n<li><a href=\"https:\/\/www.faustyna.pl\/zmbm\/cmentarz-zakonny\/\">Cmentarz zakonny<\/a><\/li>\n<li><a href=\"https:\/\/www.faustyna.pl\/zmbm\/dom-sw-siostry-faustyny-restauracja\/\">\u201e<\/a><a href=\"https:\/\/domsiostryfaustyny.pl\/restauracja\/\">Dom \u015bw. Siostry Faustyny\u201d \u2013 restauracja<\/a>, pami\u0105tki, prelekcje<\/li>\n<li>Dom duszpasterski \u2013 noclegi, restauracja<\/li>\n<li>M\u0142odzie\u017cowy O\u015brodek Wychowawczy im. \u015bw. Siostry Faustyny<\/li>\n<li>Punkt informacyjny<\/li>\n<li>Pasa\u017c handlowy \u2013 <a href=\"https:\/\/www.misericordia.faustyna.net\/\">sklep wydawnictwa Misericordia<\/a><\/li>\n<li>Aula \u015bw. Jana Paw\u0142a II<\/li>\n<li>Parking \u2013 samochody osobowe<\/li>\n<li>Parking \u2013 autokary i samochody osobowe<\/li>\n<li>Toalety<\/li>\n<li>Most Mi\u0142osierdzia \u2013 przej\u015bcie do Sanktuarium \u015bw. Jana Paw\u0142a II i na przystanek\u00a0\u00a0 tramwajowy.<\/li>\n<\/ol>\n","protected":false},"excerpt":{"rendered":"<p>Wchodz\u0105c do dolnej bazyliki i id\u0105c w kierunku kaplicy \u015bw. Faustyny, po prawej stronie znajduje si\u0119 kaplica\u00a0Communio Sanctorum, kt\u00f3r\u0105 w 2004 roku po\u015bwi\u0119ci\u0142 prymas W\u0119gier kard. P\u00e9ter Erd\u00f3 oraz metropolita krakowski kard. Franciszek Macharski. Wystr\u00f3j tej kaplicy jest darem Ko\u015bcio\u0142a w\u0119gierskiego, st\u0105d w popularnym u\u017cyciu funkcjonuje nazwa: \u201ekaplica w\u0119gierska\u201d. Zdobi\u0105 j\u0105 przepi\u0119kne mozaiki na \u015bcianach [&hellip;]<\/p>\n","protected":false},"author":1,"featured_media":0,"parent":0,"menu_order":0,"comment_status":"closed","ping_status":"closed","template":"","meta":{"footnotes":""},"categories":[130643],"tags":[],"class_list":["post-28138","page","type-page","status-publish","hentry","category-qrkod"],"_links":{"self":[{"href":"https:\/\/www.faustyna.pl\/zmbm\/wp-json\/wp\/v2\/pages\/28138","targetHints":{"allow":["GET"]}}],"collection":[{"href":"https:\/\/www.faustyna.pl\/zmbm\/wp-json\/wp\/v2\/pages"}],"about":[{"href":"https:\/\/www.faustyna.pl\/zmbm\/wp-json\/wp\/v2\/types\/page"}],"author":[{"embeddable":true,"href":"https:\/\/www.faustyna.pl\/zmbm\/wp-json\/wp\/v2\/users\/1"}],"replies":[{"embeddable":true,"href":"https:\/\/www.faustyna.pl\/zmbm\/wp-json\/wp\/v2\/comments?post=28138"}],"version-history":[{"count":12,"href":"https:\/\/www.faustyna.pl\/zmbm\/wp-json\/wp\/v2\/pages\/28138\/revisions"}],"predecessor-version":[{"id":28885,"href":"https:\/\/www.faustyna.pl\/zmbm\/wp-json\/wp\/v2\/pages\/28138\/revisions\/28885"}],"wp:attachment":[{"href":"https:\/\/www.faustyna.pl\/zmbm\/wp-json\/wp\/v2\/media?parent=28138"}],"wp:term":[{"taxonomy":"category","embeddable":true,"href":"https:\/\/www.faustyna.pl\/zmbm\/wp-json\/wp\/v2\/categories?post=28138"},{"taxonomy":"post_tag","embeddable":true,"href":"https:\/\/www.faustyna.pl\/zmbm\/wp-json\/wp\/v2\/tags?post=28138"}],"curies":[{"name":"wp","href":"https:\/\/api.w.org\/{rel}","templated":true}]}}

Kaplica Communio Sanctorum – węgierska

<p><img loading="lazy" decoding="async" class="alignnone size-medium wp-image-28205" src="https://www.faustyna.pl/zmbm/wp-content/uploads/2024/02/Kaplica_Communio_Sancorum_Lagiewniki-560x334.jpg" alt="" width="560" height="334" srcset="https://www.faustyna.pl/zmbm/wp-content/uploads/2024/02/Kaplica_Communio_Sancorum_Lagiewniki-560x334.jpg 560w, https://www.faustyna.pl/zmbm/wp-content/uploads/2024/02/Kaplica_Communio_Sancorum_Lagiewniki-140x83.jpg 140w, https://www.faustyna.pl/zmbm/wp-content/uploads/2024/02/Kaplica_Communio_Sancorum_Lagiewniki.jpg 1024w" sizes="auto, (max-width: 560px) 100vw, 560px" /></p>
<p style="text-align: justify;">Wchodząc do dolnej bazyliki i idąc w kierunku kaplicy św. Faustyny, po prawej stronie znajduje się kaplica Communio Sanctorum, którą w 2004 roku poświęcił prymas Węgier kard. Péter Erdó oraz metropolita krakowski kard. Franciszek Macharski. Wystrój tej kaplicy jest darem Kościoła węgierskiego, stąd w popularnym użyciu funkcjonuje nazwa: „kaplica węgierska”. Zdobią ją przepiękne mozaiki na ścianach bocznych, ukazujące ponad 60 świętych i błogosławionych z Węgier, Polski i innych krajów europejskich, którzy zapisali najpiękniejsze karty w historii Kościoła. Kolejnym grupom tych postaci towarzyszy tekst ośmiu błogosławieństw z Kazania na Górze, które stanowią jakby komentarz do ich życia. Pochodowi świętych przewodzi Maryja, Matka Boża. Nad marmurowym ołtarzem znajduje się mozaika Jezusa Miłosiernego ze św. Siostrą Faustyną, a w otoku w wielu językach  wypisane są  słowa: <em>Jezu, ufam Tobie</em>.  Przed ołtarzem w relikwiarzu w kształcie prawej ręki złożono cząstkę relikwii św. Stefana, króla Węgier. Autorem projektu wystroju kaplicy i jego wykonawcą jest węgierski artysta, greckokatolicki kapłan László Puskás wraz ze swoją żoną.</p>
<p style="text-align: justify;">Nazwa i wystój tej kaplicy przypominają o podstawowym powołaniu człowieka do świętości, czyli do zjednoczenia z Bogiem w ziemskim życiu i wieczności. Święta Siostra Faustyna wyznała, że od najwcześniejszych lat pragnęła zostać wielką świętą, czyli kochać Jezusa tak wielką miłością, jaką Go jeszcze dotychczas żadna dusza nie kochała. <em>Z początku</em> – pisała – <em>były to moje tajne pragnienia, o których wiedział tylko Jezus. Dziś nie mogę ich pomieścić w sercu, pragnęłabym wołać na świat cały: kochajcie Boga, bo dobry jest i wielkiego miłosierdzia </em>(Dz. 1372). Dziś dla milionów ludzi na całym świecie jest wzorem pięknego życia. Jezus zapewniał ją: <em>Najwięksi grzesznicy dochodziliby do wielkiej świętości, gdyby tylko zaufali Mojemu miłosierdziu. </em>(…)<em> Moją rozkoszą jest działać w duszy ludzkiej, napełniać ją swoim miłosierdziem i usprawiedliwiać ją. Królestwo Moje na ziemi jest – życie Moje w duszy ludzkiej. Napisz, sekretarko Moja, że kierownikiem dusz jestem Ja sam bezpośrednio, a pośrednio prowadzę je przez kapłana, i każdą prowadzę do świętości drogą Mnie tylko wiadomą </em>(Dz. 1784).</p>
<p><a href="https://www.faustyna.pl/zmbm/wp-content/uploads/2024/02/9-13-1.jpg" data-gallery><img loading="lazy" decoding="async" class="aligncenter wp-image-28494 size-medium" src="https://www.faustyna.pl/zmbm/wp-content/uploads/2024/02/9-13-1-502x400.jpg" alt="" width="502" height="400" srcset="https://www.faustyna.pl/zmbm/wp-content/uploads/2024/02/9-13-1-502x400.jpg 502w, https://www.faustyna.pl/zmbm/wp-content/uploads/2024/02/9-13-1-1024x816.jpg 1024w, https://www.faustyna.pl/zmbm/wp-content/uploads/2024/02/9-13-1-140x111.jpg 140w, https://www.faustyna.pl/zmbm/wp-content/uploads/2024/02/9-13-1-1536x1223.jpg 1536w, https://www.faustyna.pl/zmbm/wp-content/uploads/2024/02/9-13-1.jpg 2048w" sizes="auto, (max-width: 502px) 100vw, 502px" /></a></p>
<ol>
<li><a href="https://www.faustyna.pl/zmbm/miejsce-ktore-wybral-bog/">Główne wejście do Sanktuarium</a></li>
<li><a href="https://www.faustyna.pl/zmbm/dom-sw-siostry-faustyny-dawna-furta/">„</a><a href="https://www.faustyna.pl/zmbm/dom-sw-siostry-faustyny-dawna-furta/">Dom św. Siostry Faustyny</a>” – <a href="https://domsiostryfaustyny.pl/pokoje-goscinne/">noclegi</a>, muzeum</li>
<li><a href="https://www.faustyna.pl/zmbm/klasztor/">Klasztor</a></li>
<li><a href="https://www.faustyna.pl/zmbm/antoninek-2/">„Antoninek” </a>– <a href="https://www.faustinum.pl/pl/pl-2/">stowarzyszenie „Faustinum”</a></li>
<li>
<h4><span style="color: #800000;"><a style="color: #800000;" href="https://www.faustyna.pl/zmbm/kaplica-jezusa-milosiernego-i-grobu-sw-faustyny/">Kaplica Jezusa Miłosiernego i grobu św. Faustyny</a></span></h4>
</li>
<li><a href="https://www.faustyna.pl/zmbm/oratorium-miejsce-smierci-sw-faustyny/">Oratorium</a> – miejsce śmierci św. Faustyny</li>
<li><a href="https://www.faustyna.pl/zmbm/kaplica-meki-panskiej/">Kaplica Męki Pańskiej</a></li>
<li><a href="https://www.faustyna.pl/zmbm/bazylika-bozego-milosierdzia/">Bazylika Bożego Miłosierdzia</a></li>
<li><a href="https://www.faustyna.pl/zmbm/kaplica-sw-siostry-faustyny-wloska/">Kaplica św. Siostry Faustyny</a> – włoska</li>
<li><a href="https://www.faustyna.pl/zmbm/kaplica-communio-sanctorum-wegierska/">Kaplica Communio Sanctorum</a> – węgierska</li>
<li><a href="https://www.faustyna.pl/zmbm/kaplica-sw-andrzeja-grekokatolicka/">Kaplica św. Andrzeja</a> – grekokatolicka</li>
<li><a href="https://www.faustyna.pl/zmbm/kaplica-swietego-krzyza-niemiecka/">Kaplica Świętego Krzyża</a> – niemiecka</li>
<li><a href="https://www.faustyna.pl/zmbm/kaplica-matki-boskiej-siedmiobolesnej-slowacka/">Kaplica Matki Boskiej Siedmiobolesnej</a> – słowacka</li>
<li><a href="https://www.faustyna.pl/zmbm/kaplica-wieczystej-adoracji-3/">Kaplica Wieczystej Adoracji</a></li>
<li><a href="https://www.faustyna.pl/zmbm/wieza-widokowa/">Wieża widokowa</a></li>
<li><a href="https://www.faustyna.pl/zmbm/cmentarz-zakonny/">Cmentarz zakonny</a></li>
<li><a href="https://www.faustyna.pl/zmbm/dom-sw-siostry-faustyny-restauracja/">„</a><a href="https://domsiostryfaustyny.pl/restauracja/">Dom św. Siostry Faustyny” – restauracja</a>, pamiątki, prelekcje</li>
<li>Dom duszpasterski – noclegi, restauracja</li>
<li>Młodzieżowy Ośrodek Wychowawczy im. św. Siostry Faustyny</li>
<li>Punkt informacyjny</li>
<li>Pasaż handlowy – <a href="https://www.misericordia.faustyna.net/">sklep wydawnictwa Misericordia</a></li>
<li>Aula św. Jana Pawła II</li>
<li>Parking – samochody osobowe</li>
<li>Parking – autokary i samochody osobowe</li>
<li>Toalety</li>
<li>Most Miłosierdzia – przejście do Sanktuarium św. Jana Pawła II i na przystanek   tramwajowy.</li>
</ol>

<p>Wchodząc do dolnej bazyliki i idąc w kierunku kaplicy św. Faustyny, po prawej stronie znajduje się kaplica Communio Sanctorum, którą w 2004 roku poświęcił prymas Węgier kard. Péter Erdó oraz metropolita krakowski kard. Franciszek Macharski. Wystrój tej kaplicy jest darem Kościoła węgierskiego, stąd w popularnym użyciu funkcjonuje nazwa: „kaplica węgierska”. Zdobią ją przepiękne mozaiki na ścianach [&hellip;]</p>
