



{"id":28143,"date":"2024-02-08T10:20:52","date_gmt":"2024-02-08T09:20:52","guid":{"rendered":"https:\/\/www.faustyna.pl\/zmbm\/?page_id=28143"},"modified":"2024-04-04T11:07:35","modified_gmt":"2024-04-04T09:07:35","slug":"wieza-widokowa","status":"publish","type":"page","link":"https:\/\/www.faustyna.pl\/zmbm\/wieza-widokowa\/","title":{"rendered":"Wie\u017ca widokowa"},"content":{"rendered":"<p><img loading=\"lazy\" decoding=\"async\" class=\"alignnone size-medium wp-image-28220\" src=\"https:\/\/www.faustyna.pl\/zmbm\/wp-content\/uploads\/2024\/02\/Wieza_Sanktuarium_Krakow-Lagiewniki-560x334.jpg\" alt=\"\" width=\"560\" height=\"334\" srcset=\"https:\/\/www.faustyna.pl\/zmbm\/wp-content\/uploads\/2024\/02\/Wieza_Sanktuarium_Krakow-Lagiewniki-560x334.jpg 560w, https:\/\/www.faustyna.pl\/zmbm\/wp-content\/uploads\/2024\/02\/Wieza_Sanktuarium_Krakow-Lagiewniki-140x83.jpg 140w, https:\/\/www.faustyna.pl\/zmbm\/wp-content\/uploads\/2024\/02\/Wieza_Sanktuarium_Krakow-Lagiewniki.jpg 1024w\" sizes=\"auto, (max-width: 560px) 100vw, 560px\" \/><\/p>\n<p style=\"text-align: right;\"><span style=\"color: #993300;\"><em><strong>Mapa Sanktuarium pod tekstem<\/strong><\/em><\/span><\/p>\n<p style=\"text-align: justify;\">Przed bazylik\u0105 znajduje si\u0119 wolnostoj\u0105ca wie\u017ca maj\u0105ca 77 metr\u00f3w wysoko\u015bci. Wida\u0107 j\u0105 z wielu miejsc, bo g\u00f3ruje nad miastem, i niczym latarnia morska zaprasza do bezpiecznego portu, w kt\u00f3rym ludzie z ca\u0142ego \u015bwiata spotykaj\u0105 si\u0119 z Bogiem \u017cywym i przez pryzmat mistycznych do\u015bwiadcze\u0144 \u015bw. Faustyny g\u0142\u0119biej odkrywaj\u0105 Jego mi\u0142osiern\u0105 mi\u0142o\u015b\u0107 wobec siebie. W \u015bwiecie pe\u0142nym niepokoj\u00f3w i egzystencjalnych zagro\u017ce\u0144 s\u0142ysz\u0105 s\u0142owa Jezusa, zapisane w \u201eDzienniczku Siostry Faustyny: <em>Wi\u0119ksze jest mi\u0142osierdzie Moje ani\u017celi n\u0119dze twoje i \u015bwiata ca\u0142ego. Kto zmierzy\u0142 dobro\u0107 Moj\u0105? Dla ciebie zst\u0105pi\u0142em z nieba na ziemi\u0119, dla ciebie pozwoli\u0142em przybi\u0107 si\u0119 do krzy\u017ca, dla ciebie pozwoli\u0142em otworzy\u0107 w\u0142\u00f3czni\u0105 naj\u015bwi\u0119tsze serce swoje i otworzy\u0142em ci \u017ar\u00f3d\u0142o mi\u0142osierdzia; przychod\u017a i czerp \u0142aski z tego \u017ar\u00f3d\u0142a naczyniem ufno\u015bci. Uni\u017conego serca nigdy nie odrzuc\u0119 <\/em>(Dz. 1485).<\/p>\n<p style=\"text-align: justify;\">W wie\u017cy znajduje si\u0119 platforma widokowa, z kt\u00f3rej mo\u017cna ogl\u0105da\u0107 panoram\u0119 Krakowa i okolic, a przy dobrej widoczno\u015bci \u2013 nawet Tatry. Prowadz\u0105 na ni\u0105 schody (315) i winda, z kt\u00f3rej mog\u0105 korzysta\u0107 tak\u017ce niepe\u0142nosprawni. Nad wej\u015bciem do wie\u017cy znajduje si\u0119 pomnik \u015bw. Jana Paw\u0142a II, kt\u00f3ry ukazuje Papie\u017ca jako pielgrzyma pokoju trzymaj\u0105cego w r\u0119ku go\u0142\u0119bia i nios\u0105cego \u015bwiatu dar or\u0119dzia Mi\u0142osierdzia. Jakby chcia\u0142 powt\u00f3rzy\u0107 \u015bwiatu s\u0142owa Jezusa: <em>Nie znajdzie ludzko\u015b\u0107 uspokojenia, dopok\u0105d si\u0119 nie zwr\u00f3ci z ufno\u015bci\u0105 do mi\u0142osierdzia Mojego <\/em>(Dz. 300)<em>.<\/em> I przypomnie\u0107 s\u0142owa, kt\u00f3re wypowiedzia\u0142 w tym Sanktuarium: <em>Nic tak nie jest potrzebne cz\u0142owiekowi, jak mi\u0142osierdzie Bo\u017ce \u2013 owa mi\u0142o\u015b\u0107 \u0142askawa, wsp\u00f3\u0142czuj\u0105ca, wynosz\u0105ca cz\u0142owieka ponad jego s\u0142abo\u015b\u0107 ku niesko\u0144czonym wy\u017cynom \u015bwi\u0119to\u015bci Boga. W tym miejscu u\u015bwiadamiamy to sobie w spos\u00f3b szczeg\u00f3lny<\/em>, bo st\u0105d wysz\u0142o or\u0119dzie Mi\u0142osierdzia, kt\u00f3re Jezus przekaza\u0142 Ko\u015bcio\u0142owi i \u015bwiatu za po\u015brednictwem \u015bw. Siostry Faustyny<em>. <\/em>Pomnik wykonany wed\u0142ug projektu Witolda C\u0119ckiewicza ods\u0142oni\u0119to w 2006 roku w dniu pielgrzymki papie\u017ca Benedykta XVI do \u0142agiewnickiego Sanktuarium.<\/p>\n<p style=\"text-align: justify;\">Wok\u00f3\u0142 bazyliki rozpo\u015bcieraj\u0105 si\u0119 b\u0142onia, kt\u00f3re kiedy\u015b by\u0142y miejscem pracy \u015bw. Faustyny w cieplarniach i zakonnym ogrodzie. Rozmieszczono na nich plenerowe stacje drogi krzy\u017cowej, przy kt\u00f3rych cz\u0119sto modl\u0105 si\u0119 pielgrzymi. Licznie przybywaj\u0105 tu w czasie uroczysto\u015bci \u015awi\u0119ta Mi\u0142osierdzia oraz du\u017cych wydarze\u0144, jakie maj\u0105 miejsce w tym Sanktuarium. Z b\u0142o\u0144 od strony po\u0142udniowej nad rzeczk\u0105 Wilg\u0105 i tunelem \u201eTrasy \u0142agiewnickiej\u201d zbudowano \u201eMost Mi\u0142osierdzia\u201d, kt\u00f3ry umo\u017cliwia pielgrzymom przej\u015bcie do Sanktuarium \u015bw. Jana Paw\u0142a II.<\/p>\n<p style=\"text-align: justify;\">Przed bazylik\u0105 umieszczono 9 dzwon\u00f3w \u2013 carillon\u00f3w, kt\u00f3re wygrywanymi melodiami przypominaj\u0105 o mi\u0142osierdziu Boga. S\u0105 na nich wypisane imiona: Jezusa, \u015bw. Siostry Faustyny, Jana Paw\u0142a II i \u015bwi\u0119tych Krakowa: \u015bw. Stanis\u0142awa, \u015bw. Jacka, \u015bw. Jadwigi, \u015bw. Jana Kantego, \u015bw. Rafa\u0142a Kalinowskiego i \u015bw. Brata Alberta. Ka\u017cdy z tych dzwon\u00f3w ma inny d\u017awi\u0119k, a wszystkie razem wygrywaj\u0105 pi\u0119kne melodie pie\u015bni religijnych dostosowane do roku liturgicznego.\u00a0Przy bazylice wisi najwi\u0119kszy dzwon \u201eJan Chrzciciel\u201d, kt\u00f3ry ufundowa\u0142 bp Jan Zaj\u0105c z okazji beatyfikacji Jana Paw\u0142a II (2011). Odzywa si\u0119 on swoim pi\u0119knym, g\u0142\u0119bokim g\u0142osem w czasie wi\u0119kszych uroczysto\u015bci.<\/p>\n<p><a href=\"https:\/\/www.faustyna.pl\/zmbm\/wp-content\/uploads\/2024\/02\/15.jpg\" data-gallery><img loading=\"lazy\" decoding=\"async\" class=\"wp-image-28443 size-medium aligncenter\" src=\"https:\/\/www.faustyna.pl\/zmbm\/wp-content\/uploads\/2024\/02\/15-502x400.jpg\" alt=\"\" width=\"502\" height=\"400\" srcset=\"https:\/\/www.faustyna.pl\/zmbm\/wp-content\/uploads\/2024\/02\/15-502x400.jpg 502w, https:\/\/www.faustyna.pl\/zmbm\/wp-content\/uploads\/2024\/02\/15-1024x816.jpg 1024w, https:\/\/www.faustyna.pl\/zmbm\/wp-content\/uploads\/2024\/02\/15-140x111.jpg 140w, https:\/\/www.faustyna.pl\/zmbm\/wp-content\/uploads\/2024\/02\/15-1536x1223.jpg 1536w, https:\/\/www.faustyna.pl\/zmbm\/wp-content\/uploads\/2024\/02\/15.jpg 2048w\" sizes=\"auto, (max-width: 502px) 100vw, 502px\" \/><\/a><\/p>\n<ol>\n<li><a href=\"https:\/\/www.faustyna.pl\/zmbm\/miejsce-ktore-wybral-bog\/\">G\u0142\u00f3wne wej\u015bcie do Sanktuarium<\/a><\/li>\n<li>\u201e<a href=\"https:\/\/www.faustyna.pl\/zmbm\/dom-sw-siostry-faustyny-dawna-furta\/\">Dom \u015bw. Siostry Faustyny<\/a>\u201d \u2013 <a href=\"https:\/\/domsiostryfaustyny.pl\/pokoje-goscinne\/\">noclegi<\/a>, muzeum<\/li>\n<li><a href=\"https:\/\/www.faustyna.pl\/zmbm\/klasztor\/\">Klasztor<\/a><\/li>\n<li><a href=\"https:\/\/www.faustyna.pl\/zmbm\/antoninek-2\/\">\u201eAntoninek\u201d <\/a>\u2013 <a href=\"https:\/\/www.faustinum.pl\/pl\/pl-2\/\">stowarzyszenie \u201eFaustinum\u201d<\/a><\/li>\n<li>\n<h4><span style=\"color: #800000;\"><a style=\"color: #800000;\" href=\"https:\/\/www.faustyna.pl\/zmbm\/kaplica-jezusa-milosiernego-i-grobu-sw-faustyny\/\">Kaplica Jezusa Mi\u0142osiernego i grobu \u015bw. Faustyny<\/a><\/span><\/h4>\n<\/li>\n<li><a href=\"https:\/\/www.faustyna.pl\/zmbm\/oratorium-miejsce-smierci-sw-faustyny\/\">Oratorium<\/a> \u2013 miejsce \u015bmierci \u015bw. Faustyny<\/li>\n<li><a href=\"https:\/\/www.faustyna.pl\/zmbm\/kaplica-meki-panskiej\/\">Kaplica M\u0119ki Pa\u0144skiej<\/a><\/li>\n<li><a href=\"https:\/\/www.faustyna.pl\/zmbm\/bazylika-bozego-milosierdzia\/\">Bazylika Bo\u017cego Mi\u0142osierdzia<\/a><\/li>\n<li><a href=\"https:\/\/www.faustyna.pl\/zmbm\/kaplica-sw-siostry-faustyny-wloska\/\">Kaplica \u015bw. Siostry Faustyny<\/a> \u2013 w\u0142oska<\/li>\n<li><a href=\"https:\/\/www.faustyna.pl\/zmbm\/kaplica-communio-sanctorum-wegierska\/\">Kaplica Communio Sanctorum<\/a> \u2013 w\u0119gierska<\/li>\n<li><a href=\"https:\/\/www.faustyna.pl\/zmbm\/kaplica-sw-andrzeja-grekokatolicka\/\">Kaplica \u015bw. Andrzeja<\/a> \u2013 grekokatolicka<\/li>\n<li><a href=\"https:\/\/www.faustyna.pl\/zmbm\/kaplica-swietego-krzyza-niemiecka\/\">Kaplica \u015awi\u0119tego Krzy\u017ca<\/a> \u2013 niemiecka<\/li>\n<li><a href=\"https:\/\/www.faustyna.pl\/zmbm\/kaplica-matki-boskiej-siedmiobolesnej-slowacka\/\">Kaplica Matki Boskiej Siedmiobolesnej<\/a> \u2013 s\u0142owacka<\/li>\n<li><a href=\"https:\/\/www.faustyna.pl\/zmbm\/kaplica-wieczystej-adoracji-3\/\">Kaplica Wieczystej Adoracji<\/a><\/li>\n<li><a href=\"https:\/\/www.faustyna.pl\/zmbm\/wieza-widokowa\/\">Wie\u017ca widokowa<\/a><\/li>\n<li><a href=\"https:\/\/www.faustyna.pl\/zmbm\/cmentarz-zakonny\/\">Cmentarz zakonny<\/a><\/li>\n<li><a href=\"https:\/\/www.faustyna.pl\/zmbm\/dom-sw-siostry-faustyny-restauracja\/\">\u201e<\/a><a href=\"https:\/\/domsiostryfaustyny.pl\/restauracja\/\">Dom \u015bw. Siostry Faustyny\u201d \u2013 restauracja<\/a>, pami\u0105tki, prelekcje<\/li>\n<li>Dom duszpasterski \u2013 noclegi, restauracja<\/li>\n<li>M\u0142odzie\u017cowy O\u015brodek Wychowawczy im. \u015bw. Siostry Faustyny<\/li>\n<li>Punkt informacyjny<\/li>\n<li>Pasa\u017c handlowy \u2013 <a href=\"https:\/\/www.misericordia.faustyna.net\/\">sklep wydawnictwa Misericordia<\/a><\/li>\n<li>Aula \u015bw. Jana Paw\u0142a II<\/li>\n<li>Parking \u2013 samochody osobowe<\/li>\n<li>Parking \u2013 autokary i samochody osobowe<\/li>\n<li>Toalety<\/li>\n<li>Most Mi\u0142osierdzia \u2013 przej\u015bcie do Sanktuarium \u015bw. Jana Paw\u0142a II i na przystanek\u00a0\u00a0 tramwajowy.<\/li>\n<\/ol>\n","protected":false},"excerpt":{"rendered":"<p>Mapa Sanktuarium pod tekstem Przed bazylik\u0105 znajduje si\u0119 wolnostoj\u0105ca wie\u017ca maj\u0105ca 77 metr\u00f3w wysoko\u015bci. Wida\u0107 j\u0105 z wielu miejsc, bo g\u00f3ruje nad miastem, i niczym latarnia morska zaprasza do bezpiecznego portu, w kt\u00f3rym ludzie z ca\u0142ego \u015bwiata spotykaj\u0105 si\u0119 z Bogiem \u017cywym i przez pryzmat mistycznych do\u015bwiadcze\u0144 \u015bw. Faustyny g\u0142\u0119biej odkrywaj\u0105 Jego mi\u0142osiern\u0105 mi\u0142o\u015b\u0107 wobec [&hellip;]<\/p>\n","protected":false},"author":1,"featured_media":0,"parent":0,"menu_order":0,"comment_status":"closed","ping_status":"closed","template":"","meta":{"footnotes":""},"categories":[130643],"tags":[],"class_list":["post-28143","page","type-page","status-publish","hentry","category-qrkod"],"_links":{"self":[{"href":"https:\/\/www.faustyna.pl\/zmbm\/wp-json\/wp\/v2\/pages\/28143","targetHints":{"allow":["GET"]}}],"collection":[{"href":"https:\/\/www.faustyna.pl\/zmbm\/wp-json\/wp\/v2\/pages"}],"about":[{"href":"https:\/\/www.faustyna.pl\/zmbm\/wp-json\/wp\/v2\/types\/page"}],"author":[{"embeddable":true,"href":"https:\/\/www.faustyna.pl\/zmbm\/wp-json\/wp\/v2\/users\/1"}],"replies":[{"embeddable":true,"href":"https:\/\/www.faustyna.pl\/zmbm\/wp-json\/wp\/v2\/comments?post=28143"}],"version-history":[{"count":10,"href":"https:\/\/www.faustyna.pl\/zmbm\/wp-json\/wp\/v2\/pages\/28143\/revisions"}],"predecessor-version":[{"id":28894,"href":"https:\/\/www.faustyna.pl\/zmbm\/wp-json\/wp\/v2\/pages\/28143\/revisions\/28894"}],"wp:attachment":[{"href":"https:\/\/www.faustyna.pl\/zmbm\/wp-json\/wp\/v2\/media?parent=28143"}],"wp:term":[{"taxonomy":"category","embeddable":true,"href":"https:\/\/www.faustyna.pl\/zmbm\/wp-json\/wp\/v2\/categories?post=28143"},{"taxonomy":"post_tag","embeddable":true,"href":"https:\/\/www.faustyna.pl\/zmbm\/wp-json\/wp\/v2\/tags?post=28143"}],"curies":[{"name":"wp","href":"https:\/\/api.w.org\/{rel}","templated":true}]}}

Wieża widokowa

<p><img loading="lazy" decoding="async" class="alignnone size-medium wp-image-28220" src="https://www.faustyna.pl/zmbm/wp-content/uploads/2024/02/Wieza_Sanktuarium_Krakow-Lagiewniki-560x334.jpg" alt="" width="560" height="334" srcset="https://www.faustyna.pl/zmbm/wp-content/uploads/2024/02/Wieza_Sanktuarium_Krakow-Lagiewniki-560x334.jpg 560w, https://www.faustyna.pl/zmbm/wp-content/uploads/2024/02/Wieza_Sanktuarium_Krakow-Lagiewniki-140x83.jpg 140w, https://www.faustyna.pl/zmbm/wp-content/uploads/2024/02/Wieza_Sanktuarium_Krakow-Lagiewniki.jpg 1024w" sizes="auto, (max-width: 560px) 100vw, 560px" /></p>
<p style="text-align: right;"><span style="color: #993300;"><em><strong>Mapa Sanktuarium pod tekstem</strong></em></span></p>
<p style="text-align: justify;">Przed bazyliką znajduje się wolnostojąca wieża mająca 77 metrów wysokości. Widać ją z wielu miejsc, bo góruje nad miastem, i niczym latarnia morska zaprasza do bezpiecznego portu, w którym ludzie z całego świata spotykają się z Bogiem żywym i przez pryzmat mistycznych doświadczeń św. Faustyny głębiej odkrywają Jego miłosierną miłość wobec siebie. W świecie pełnym niepokojów i egzystencjalnych zagrożeń słyszą słowa Jezusa, zapisane w „Dzienniczku Siostry Faustyny: <em>Większe jest miłosierdzie Moje aniżeli nędze twoje i świata całego. Kto zmierzył dobroć Moją? Dla ciebie zstąpiłem z nieba na ziemię, dla ciebie pozwoliłem przybić się do krzyża, dla ciebie pozwoliłem otworzyć włócznią najświętsze serce swoje i otworzyłem ci źródło miłosierdzia; przychodź i czerp łaski z tego źródła naczyniem ufności. Uniżonego serca nigdy nie odrzucę </em>(Dz. 1485).</p>
<p style="text-align: justify;">W wieży znajduje się platforma widokowa, z której można oglądać panoramę Krakowa i okolic, a przy dobrej widoczności – nawet Tatry. Prowadzą na nią schody (315) i winda, z której mogą korzystać także niepełnosprawni. Nad wejściem do wieży znajduje się pomnik św. Jana Pawła II, który ukazuje Papieża jako pielgrzyma pokoju trzymającego w ręku gołębia i niosącego światu dar orędzia Miłosierdzia. Jakby chciał powtórzyć światu słowa Jezusa: <em>Nie znajdzie ludzkość uspokojenia, dopokąd się nie zwróci z ufnością do miłosierdzia Mojego </em>(Dz. 300)<em>.</em> I przypomnieć słowa, które wypowiedział w tym Sanktuarium: <em>Nic tak nie jest potrzebne człowiekowi, jak miłosierdzie Boże – owa miłość łaskawa, współczująca, wynosząca człowieka ponad jego słabość ku nieskończonym wyżynom świętości Boga. W tym miejscu uświadamiamy to sobie w sposób szczególny</em>, bo stąd wyszło orędzie Miłosierdzia, które Jezus przekazał Kościołowi i światu za pośrednictwem św. Siostry Faustyny<em>. </em>Pomnik wykonany według projektu Witolda Cęckiewicza odsłonięto w 2006 roku w dniu pielgrzymki papieża Benedykta XVI do łagiewnickiego Sanktuarium.</p>
<p style="text-align: justify;">Wokół bazyliki rozpościerają się błonia, które kiedyś były miejscem pracy św. Faustyny w cieplarniach i zakonnym ogrodzie. Rozmieszczono na nich plenerowe stacje drogi krzyżowej, przy których często modlą się pielgrzymi. Licznie przybywają tu w czasie uroczystości Święta Miłosierdzia oraz dużych wydarzeń, jakie mają miejsce w tym Sanktuarium. Z błoń od strony południowej nad rzeczką Wilgą i tunelem „Trasy łagiewnickiej” zbudowano „Most Miłosierdzia”, który umożliwia pielgrzymom przejście do Sanktuarium św. Jana Pawła II.</p>
<p style="text-align: justify;">Przed bazyliką umieszczono 9 dzwonów – carillonów, które wygrywanymi melodiami przypominają o miłosierdziu Boga. Są na nich wypisane imiona: Jezusa, św. Siostry Faustyny, Jana Pawła II i świętych Krakowa: św. Stanisława, św. Jacka, św. Jadwigi, św. Jana Kantego, św. Rafała Kalinowskiego i św. Brata Alberta. Każdy z tych dzwonów ma inny dźwięk, a wszystkie razem wygrywają piękne melodie pieśni religijnych dostosowane do roku liturgicznego. Przy bazylice wisi największy dzwon „Jan Chrzciciel”, który ufundował bp Jan Zając z okazji beatyfikacji Jana Pawła II (2011). Odzywa się on swoim pięknym, głębokim głosem w czasie większych uroczystości.</p>
<p><a href="https://www.faustyna.pl/zmbm/wp-content/uploads/2024/02/15.jpg" data-gallery><img loading="lazy" decoding="async" class="wp-image-28443 size-medium aligncenter" src="https://www.faustyna.pl/zmbm/wp-content/uploads/2024/02/15-502x400.jpg" alt="" width="502" height="400" srcset="https://www.faustyna.pl/zmbm/wp-content/uploads/2024/02/15-502x400.jpg 502w, https://www.faustyna.pl/zmbm/wp-content/uploads/2024/02/15-1024x816.jpg 1024w, https://www.faustyna.pl/zmbm/wp-content/uploads/2024/02/15-140x111.jpg 140w, https://www.faustyna.pl/zmbm/wp-content/uploads/2024/02/15-1536x1223.jpg 1536w, https://www.faustyna.pl/zmbm/wp-content/uploads/2024/02/15.jpg 2048w" sizes="auto, (max-width: 502px) 100vw, 502px" /></a></p>
<ol>
<li><a href="https://www.faustyna.pl/zmbm/miejsce-ktore-wybral-bog/">Główne wejście do Sanktuarium</a></li>
<li>„<a href="https://www.faustyna.pl/zmbm/dom-sw-siostry-faustyny-dawna-furta/">Dom św. Siostry Faustyny</a>” – <a href="https://domsiostryfaustyny.pl/pokoje-goscinne/">noclegi</a>, muzeum</li>
<li><a href="https://www.faustyna.pl/zmbm/klasztor/">Klasztor</a></li>
<li><a href="https://www.faustyna.pl/zmbm/antoninek-2/">„Antoninek” </a>– <a href="https://www.faustinum.pl/pl/pl-2/">stowarzyszenie „Faustinum”</a></li>
<li>
<h4><span style="color: #800000;"><a style="color: #800000;" href="https://www.faustyna.pl/zmbm/kaplica-jezusa-milosiernego-i-grobu-sw-faustyny/">Kaplica Jezusa Miłosiernego i grobu św. Faustyny</a></span></h4>
</li>
<li><a href="https://www.faustyna.pl/zmbm/oratorium-miejsce-smierci-sw-faustyny/">Oratorium</a> – miejsce śmierci św. Faustyny</li>
<li><a href="https://www.faustyna.pl/zmbm/kaplica-meki-panskiej/">Kaplica Męki Pańskiej</a></li>
<li><a href="https://www.faustyna.pl/zmbm/bazylika-bozego-milosierdzia/">Bazylika Bożego Miłosierdzia</a></li>
<li><a href="https://www.faustyna.pl/zmbm/kaplica-sw-siostry-faustyny-wloska/">Kaplica św. Siostry Faustyny</a> – włoska</li>
<li><a href="https://www.faustyna.pl/zmbm/kaplica-communio-sanctorum-wegierska/">Kaplica Communio Sanctorum</a> – węgierska</li>
<li><a href="https://www.faustyna.pl/zmbm/kaplica-sw-andrzeja-grekokatolicka/">Kaplica św. Andrzeja</a> – grekokatolicka</li>
<li><a href="https://www.faustyna.pl/zmbm/kaplica-swietego-krzyza-niemiecka/">Kaplica Świętego Krzyża</a> – niemiecka</li>
<li><a href="https://www.faustyna.pl/zmbm/kaplica-matki-boskiej-siedmiobolesnej-slowacka/">Kaplica Matki Boskiej Siedmiobolesnej</a> – słowacka</li>
<li><a href="https://www.faustyna.pl/zmbm/kaplica-wieczystej-adoracji-3/">Kaplica Wieczystej Adoracji</a></li>
<li><a href="https://www.faustyna.pl/zmbm/wieza-widokowa/">Wieża widokowa</a></li>
<li><a href="https://www.faustyna.pl/zmbm/cmentarz-zakonny/">Cmentarz zakonny</a></li>
<li><a href="https://www.faustyna.pl/zmbm/dom-sw-siostry-faustyny-restauracja/">„</a><a href="https://domsiostryfaustyny.pl/restauracja/">Dom św. Siostry Faustyny” – restauracja</a>, pamiątki, prelekcje</li>
<li>Dom duszpasterski – noclegi, restauracja</li>
<li>Młodzieżowy Ośrodek Wychowawczy im. św. Siostry Faustyny</li>
<li>Punkt informacyjny</li>
<li>Pasaż handlowy – <a href="https://www.misericordia.faustyna.net/">sklep wydawnictwa Misericordia</a></li>
<li>Aula św. Jana Pawła II</li>
<li>Parking – samochody osobowe</li>
<li>Parking – autokary i samochody osobowe</li>
<li>Toalety</li>
<li>Most Miłosierdzia – przejście do Sanktuarium św. Jana Pawła II i na przystanek   tramwajowy.</li>
</ol>

<p>Mapa Sanktuarium pod tekstem Przed bazyliką znajduje się wolnostojąca wieża mająca 77 metrów wysokości. Widać ją z wielu miejsc, bo góruje nad miastem, i niczym latarnia morska zaprasza do bezpiecznego portu, w którym ludzie z całego świata spotykają się z Bogiem żywym i przez pryzmat mistycznych doświadczeń św. Faustyny głębiej odkrywają Jego miłosierną miłość wobec [&hellip;]</p>
