



{"id":28345,"date":"2024-02-12T11:47:10","date_gmt":"2024-02-12T10:47:10","guid":{"rendered":"https:\/\/www.faustyna.pl\/zmbm\/?page_id=28345"},"modified":"2026-05-08T12:05:56","modified_gmt":"2026-05-08T10:05:56","slug":"porzadek-nabozenstw","status":"publish","type":"page","link":"https:\/\/www.faustyna.pl\/zmbm\/porzadek-nabozenstw\/","title":{"rendered":"Porz\u0105dek nabo\u017ce\u0144stw"},"content":{"rendered":"<p><strong><a href=\"https:\/\/www.faustyna.pl\/zmbm\/wp-content\/uploads\/2024\/02\/Porzadek-nabozenstw-glowne-uroczystosci.jpg\" data-gallery><img loading=\"lazy\" decoding=\"async\" class=\"alignnone wp-image-28351 size-full\" src=\"https:\/\/www.faustyna.pl\/zmbm\/wp-content\/uploads\/2024\/02\/Porzadek-nabozenstw-glowne-uroczystosci.jpg\" alt=\"\" width=\"1024\" height=\"606\" srcset=\"https:\/\/www.faustyna.pl\/zmbm\/wp-content\/uploads\/2024\/02\/Porzadek-nabozenstw-glowne-uroczystosci.jpg 1024w, https:\/\/www.faustyna.pl\/zmbm\/wp-content\/uploads\/2024\/02\/Porzadek-nabozenstw-glowne-uroczystosci-560x331.jpg 560w, https:\/\/www.faustyna.pl\/zmbm\/wp-content\/uploads\/2024\/02\/Porzadek-nabozenstw-glowne-uroczystosci-140x83.jpg 140w\" sizes=\"auto, (max-width: 1024px) 100vw, 1024px\" \/><\/a><\/strong><\/p>\n<h3 style=\"text-align: center\"><span style=\"color: #800000\"><strong>G\u0142\u00f3wne uroczysto\u015bci<\/strong><\/span><\/h3>\n<p style=\"text-align: left\"><strong>\u00a0<\/strong><span style=\"color: #800000\"><strong><u>\u015awi\u0119to Mi\u0142osierdzia<\/u> w pierwsz\u0105 niedziel\u0119 po Wielkanocy<\/strong><\/span><\/p>\n<p>* Poprzedzone nowenn\u0105, kt\u00f3ra rozpoczyna si\u0119 w Wielki Pi\u0105tek po modlitwie w Godzinie Mi\u0142osierdzia i Koronce do Mi\u0142osierdzia Bo\u017cego (15:00).<\/p>\n<p>* Nocne czuwanie przed \u015awi\u0119tem Mi\u0142osierdzia w bazylice od 21:00<\/p>\n<p>* Msze \u015awi\u0119te: 6:00, 8:00, 10:00, 12:00, 13.30, 16:30, 18:00 w bazylice lub przy o\u0142tarzu polowym. O godz. 19:00 \u2013 w kaplicy Jezusa Mi\u0142osiernego i grobu \u015bw. Faustyny.<\/p>\n<p>* Modlitwa w Godzinie Mi\u0142osierdzia i Koronka do Mi\u0142osierdzia Bo\u017cego \u2013 15:00<\/p>\n<p style=\"text-align: left\"><span style=\"color: #800000\"><strong><u>5 pa\u017adziernika <\/u>\u2013 liturgiczna uroczysto\u015b\u0107 \u015bw. Faustyny<\/strong><\/span><\/p>\n<p>* Poprzedzona triduum Mszy \u015bw. z okoliczno\u015bciowymi kazaniami w kaplicy klasztornej o 17:00.<\/p>\n<p>&nbsp;<\/p>\n<p><img loading=\"lazy\" decoding=\"async\" class=\"alignnone wp-image-28353 size-full\" src=\"https:\/\/www.faustyna.pl\/zmbm\/wp-content\/uploads\/2024\/02\/Porzadek-nabozenstw-kaplica.jpg\" alt=\"\" width=\"1024\" height=\"589\" srcset=\"https:\/\/www.faustyna.pl\/zmbm\/wp-content\/uploads\/2024\/02\/Porzadek-nabozenstw-kaplica.jpg 1024w, https:\/\/www.faustyna.pl\/zmbm\/wp-content\/uploads\/2024\/02\/Porzadek-nabozenstw-kaplica-560x322.jpg 560w, https:\/\/www.faustyna.pl\/zmbm\/wp-content\/uploads\/2024\/02\/Porzadek-nabozenstw-kaplica-140x81.jpg 140w\" sizes=\"auto, (max-width: 1024px) 100vw, 1024px\" \/><\/p>\n<h3 style=\"text-align: center\"><span style=\"color: #800000\"><strong>Porz\u0105dek nabo\u017ce\u0144stw w kaplicy<br \/>\n<\/strong><\/span><span style=\"color: #800000\"><strong>Jezusa Mi\u0142osiernego i grobu \u015bw. Faustyny<\/strong><\/span><\/h3>\n<p><strong><span style=\"text-decoration: underline\">Niedziele i \u015bwi\u0119ta<\/span><\/strong><\/p>\n<p>7.00 \u2013 Msza \u015awi\u0119ta (Transmisja TVP1)<br \/>\n8.30 \u2013 Msza \u015awi\u0119ta<br \/>\n12.00 \u2013 Msza \u015awi\u0119ta w j\u0119zyku angielskim i adoracja Naj\u015bwi\u0119tszego Sakramentu do 19.00<br \/>\n15.00 \u2013 Godzina Mi\u0142osierdzia i Koronka do Mi\u0142osierdzia Bo\u017cego (Transmisja TVP3)<br \/>\n19.00 \u2013 Msza \u015awi\u0119ta<br \/>\n20.30 \u2013 R\u00f3\u017caniec w intencji rodzin<br \/>\n21.00 \u2013 Apel Maryjny<\/p>\n<p><span style=\"text-decoration: underline\"><strong>Dni powszednie<\/strong><\/span><\/p>\n<p>6.30 \u2013 Msza \u015awi\u0119ta<br \/>\n8.00 \u2013 Msze \u015awi\u0119te dla grup pielgrzymkowych wcze\u015bniej zarezerwowane<br \/>\n12.00 \u2013 17.00 &#8211; Adoracja Naj\u015bwi\u0119tszego Sakramentu<br \/>\n15.00 \u2013 Godzina Mi\u0142osierdzia i Koronka do Mi\u0142osierdzia Bo\u017cego (Transmisja TVP3)<br \/>\n17.00 \u2013 Msza \u015awi\u0119ta (w pi\u0105tki transmisja TVP3 z wyj\u0105tkiem 3. pi\u0105tku)<br \/>\n19.00 \u2013 Nabo\u017ce\u0144stwo<br \/>\n20.30 \u2013 R\u00f3\u017caniec w intencji rodzin<br \/>\n21.00 \u2013 Apel Maryjny<\/p>\n<p><span style=\"text-decoration: underline\"><strong>Spowied\u017a<\/strong><\/span><br \/>\nNiedziele i \u015bwi\u0119ta: 7.00-7.30, 8.00-8.25, 14.30-15.30, 18.30-18.55<br \/>\nDni powszednie: 6.00-6.25; 14.30-15.30; 16.30-16.55<\/p>\n<p><strong><u>Ka\u017cdy czwartek<\/u><\/strong><br \/>\n17.00 \u2013 Msza \u015awi\u0119ta do Mi\u0142osierdzia Bo\u017cego w intencji pr\u00f3\u015bb i podzi\u0119kowa\u0144<\/p>\n<p><strong><u>I pi\u0105tek miesi\u0105ca<\/u><\/strong><br \/>\n19.00 \u2013 Msza \u015awi\u0119ta<\/p>\n<p><strong><u>III pi\u0105tek miesi\u0105ca<\/u><\/strong><br \/>\n17.00 \u2013 Msza \u015awi\u0119ta do Mi\u0142osierdzia Bo\u017cego w intencji Ojczyzny, ca\u0142ego \u015bwiata i ofiarodawc\u00f3w<\/p>\n<p><span style=\"color: #800000\"><strong><u>Uwaga!<\/u><\/strong> <strong>Sprz\u0105tanie kaplicy w poniedzia\u0142ki przed po\u0142udniem<\/strong><\/span><\/p>\n<p>&nbsp;<\/p>\n<p><a href=\"https:\/\/www.faustyna.pl\/zmbm\/wp-content\/uploads\/2024\/02\/Porzadek-nabozenstw-bazylika.jpg\" data-gallery><img loading=\"lazy\" decoding=\"async\" class=\"alignnone wp-image-28354 size-full\" src=\"https:\/\/www.faustyna.pl\/zmbm\/wp-content\/uploads\/2024\/02\/Porzadek-nabozenstw-bazylika.jpg\" alt=\"\" width=\"1024\" height=\"585\" srcset=\"https:\/\/www.faustyna.pl\/zmbm\/wp-content\/uploads\/2024\/02\/Porzadek-nabozenstw-bazylika.jpg 1024w, https:\/\/www.faustyna.pl\/zmbm\/wp-content\/uploads\/2024\/02\/Porzadek-nabozenstw-bazylika-560x320.jpg 560w, https:\/\/www.faustyna.pl\/zmbm\/wp-content\/uploads\/2024\/02\/Porzadek-nabozenstw-bazylika-140x80.jpg 140w\" sizes=\"auto, (max-width: 1024px) 100vw, 1024px\" \/><\/a><\/p>\n<h3 style=\"text-align: center\"><span style=\"color: #800000\"><strong>Porz\u0105dek nabo\u017ce\u0144stw<br \/>\nw bazylice Mi\u0142osierdzia Bo\u017cego<\/strong><\/span><\/h3>\n<p><strong><u>Dni powszednie<\/u><\/strong><\/p>\n<p>9.00 \u2013 Msza \u015awi\u0119ta<br \/>\n10.30 \u2013 Msza \u015awi\u0119ta<br \/>\n12.00 \u2013 Msza \u015awi\u0119ta<br \/>\n15.00 \u2013 Modlitwa w Godzinie Mi\u0142osierdzia i Koronka do Mi\u0142osierdzia Bo\u017cego<br \/>\n15.20 \u2013 Msza \u015awi\u0119ta<br \/>\n18.00 \u2013 Msza \u015awi\u0119ta<\/p>\n<p><strong><u>Niedziele i \u015bwi\u0119ta<\/u><\/strong><\/p>\n<p>9.00 \u2013 Msza \u015awi\u0119ta<br \/>\n10.30 \u2013 Msza \u015awi\u0119ta<br \/>\n12.00 \u2013 Msza \u015awi\u0119ta<br \/>\n13.30 \u2013 Msza \u015awi\u0119ta<br \/>\n15.00 \u2013 Modlitwa w Godzinie Mi\u0142osierdzia i Koronka do Mi\u0142osierdzia Bo\u017cego<br \/>\n15.20 \u2013 Msza \u015bwi\u0119ta<br \/>\n18.00 \u2013 Msza \u015bwi\u0119ta<\/p>\n<p><span style=\"text-decoration: underline\"><strong>Spowied\u017a<\/strong><\/span><\/p>\n<p>Dni powszednie: 8.00-18.30<br \/>\nNiedziele i \u015bwi\u0119ta: 9.00-19.00<br \/>\nCodziennie w j\u0119zykach: en, es, fr, it, de: 10.30-12.30 i 14.30-16.30<\/p>\n<p><strong>Wieczysta Adoracja Naj\u015bwi\u0119tszego Sakramentu<\/strong> w Kaplicy Wieczystej Adoracji<\/p>\n","protected":false},"excerpt":{"rendered":"<p>G\u0142\u00f3wne uroczysto\u015bci \u00a0\u015awi\u0119to Mi\u0142osierdzia w pierwsz\u0105 niedziel\u0119 po Wielkanocy * Poprzedzone nowenn\u0105, kt\u00f3ra rozpoczyna si\u0119 w Wielki Pi\u0105tek po modlitwie w Godzinie Mi\u0142osierdzia i Koronce do Mi\u0142osierdzia Bo\u017cego (15:00). * Nocne czuwanie przed \u015awi\u0119tem Mi\u0142osierdzia w bazylice od 21:00 * Msze \u015awi\u0119te: 6:00, 8:00, 10:00, 12:00, 13.30, 16:30, 18:00 w bazylice lub przy o\u0142tarzu polowym. [&hellip;]<\/p>\n","protected":false},"author":1,"featured_media":0,"parent":0,"menu_order":0,"comment_status":"closed","ping_status":"closed","template":"","meta":{"footnotes":""},"categories":[40],"tags":[],"class_list":["post-28345","page","type-page","status-publish","hentry","category-lagiewniki-stolica-kultu-milosierdzia-bozego"],"_links":{"self":[{"href":"https:\/\/www.faustyna.pl\/zmbm\/wp-json\/wp\/v2\/pages\/28345","targetHints":{"allow":["GET"]}}],"collection":[{"href":"https:\/\/www.faustyna.pl\/zmbm\/wp-json\/wp\/v2\/pages"}],"about":[{"href":"https:\/\/www.faustyna.pl\/zmbm\/wp-json\/wp\/v2\/types\/page"}],"author":[{"embeddable":true,"href":"https:\/\/www.faustyna.pl\/zmbm\/wp-json\/wp\/v2\/users\/1"}],"replies":[{"embeddable":true,"href":"https:\/\/www.faustyna.pl\/zmbm\/wp-json\/wp\/v2\/comments?post=28345"}],"version-history":[{"count":16,"href":"https:\/\/www.faustyna.pl\/zmbm\/wp-json\/wp\/v2\/pages\/28345\/revisions"}],"predecessor-version":[{"id":32473,"href":"https:\/\/www.faustyna.pl\/zmbm\/wp-json\/wp\/v2\/pages\/28345\/revisions\/32473"}],"wp:attachment":[{"href":"https:\/\/www.faustyna.pl\/zmbm\/wp-json\/wp\/v2\/media?parent=28345"}],"wp:term":[{"taxonomy":"category","embeddable":true,"href":"https:\/\/www.faustyna.pl\/zmbm\/wp-json\/wp\/v2\/categories?post=28345"},{"taxonomy":"post_tag","embeddable":true,"href":"https:\/\/www.faustyna.pl\/zmbm\/wp-json\/wp\/v2\/tags?post=28345"}],"curies":[{"name":"wp","href":"https:\/\/api.w.org\/{rel}","templated":true}]}}