



{"id":28418,"date":"2024-02-21T14:19:14","date_gmt":"2024-02-21T13:19:14","guid":{"rendered":"https:\/\/www.faustyna.pl\/zmbm\/?page_id=28418"},"modified":"2026-03-28T16:22:52","modified_gmt":"2026-03-28T15:22:52","slug":"odpis-podatku-na-dobre-cele","status":"publish","type":"page","link":"https:\/\/www.faustyna.pl\/zmbm\/odpis-podatku-na-dobre-cele\/","title":{"rendered":"Odpis podatku na dobre cele"},"content":{"rendered":"<p style=\"text-align: justify\"><a href=\"https:\/\/www.faustyna.pl\/zmbm\/wp-content\/uploads\/2025\/01\/MOW_W_Krakowie.jpg\" data-gallery><img loading=\"lazy\" decoding=\"async\" class=\"size-medium wp-image-30259 alignnone\" src=\"https:\/\/www.faustyna.pl\/zmbm\/wp-content\/uploads\/2025\/01\/MOW_W_Krakowie-560x333.jpg\" alt=\"\" width=\"560\" height=\"333\" srcset=\"https:\/\/www.faustyna.pl\/zmbm\/wp-content\/uploads\/2025\/01\/MOW_W_Krakowie-560x333.jpg 560w, https:\/\/www.faustyna.pl\/zmbm\/wp-content\/uploads\/2025\/01\/MOW_W_Krakowie-140x83.jpg 140w, https:\/\/www.faustyna.pl\/zmbm\/wp-content\/uploads\/2025\/01\/MOW_W_Krakowie.jpg 1024w\" sizes=\"auto, (max-width: 560px) 100vw, 560px\" \/><\/a><\/p>\n<p style=\"text-align: justify\">W rocznym rozliczeniu PIT\u00a0mo\u017cemy przekaza\u0107 1,5% podatku na rzecz Organizacji Po\u017cytku Publicznego.\u00a0Zgromadzenie Si\u00f3str Matki Bo\u017cej Mi\u0142osierdzia prowadzi cztery dzie\u0142a, na kt\u00f3re mo\u017cna przeznaczy\u0107 odpis podatku.<\/p>\n<ol style=\"text-align: justify\">\n<li>Domu Samotnej Matki w Kiekrzu \u2013 (Numer KRS 0000224658 \u2013Caritas Pozna\u0144ska, wpisujemy cel szczeg\u00f3\u0142owy: Na Dom Samotnej Matki w Kiekrzu).<\/li>\n<li>Zak\u0142ad Opieku\u0144czo-Leczniczy w Cz\u0119stochowie \u2013 (Numer KRS 0000819398 \u2013 Fundacja Ratujemy.pl, wpisujemy cel szczeg\u00f3\u0142owy: 9050724 ZOL dla dzieci w Cz\u0119stochowie).<\/li>\n<li>MOW w Krakowie &#8211; (Numer KRS 0000270261 &#8211; wpisujemy cel szczeg\u00f3\u0142owy: MOW Krak\u00f3w 19153).<\/li>\n<li>MOW w Kaliszu \u2013 (Numer KRS 0000270261- wpisujemy cel szczeg\u00f3\u0142owy: MOW Kalisz 10037).<\/li>\n<\/ol>\n<p style=\"text-align: justify\">\u015arodki przeznaczone s\u0105 na pomoc samotnym matkom, chorym dzieciom oraz na edukacj\u0119 i wszechstronny rozw\u00f3j m\u0142odzie\u017cy, m.in. na zakup warto\u015bciowych ksi\u0105\u017cek, wycieczki i wyjazdy na rekolekcje, zakup mebli i sprz\u0119t\u00f3w AGD, materia\u0142y na zaj\u0119cia rozwijaj\u0105ce uzdolnienia itd.<\/p>\n","protected":false},"excerpt":{"rendered":"<p>W rocznym rozliczeniu PIT\u00a0mo\u017cemy przekaza\u0107 1,5% podatku na rzecz Organizacji Po\u017cytku Publicznego.\u00a0Zgromadzenie Si\u00f3str Matki Bo\u017cej Mi\u0142osierdzia prowadzi cztery dzie\u0142a, na kt\u00f3re mo\u017cna przeznaczy\u0107 odpis podatku. Domu Samotnej Matki w Kiekrzu \u2013 (Numer KRS 0000224658 \u2013Caritas Pozna\u0144ska, wpisujemy cel szczeg\u00f3\u0142owy: Na Dom Samotnej Matki w Kiekrzu). Zak\u0142ad Opieku\u0144czo-Leczniczy w Cz\u0119stochowie \u2013 (Numer KRS 0000819398 \u2013 Fundacja [&hellip;]<\/p>\n","protected":false},"author":1,"featured_media":30259,"parent":0,"menu_order":-1572,"comment_status":"closed","ping_status":"closed","template":"","meta":{"footnotes":""},"categories":[104],"tags":[],"class_list":["post-28418","page","type-page","status-publish","has-post-thumbnail","hentry","category-archiwum"],"_links":{"self":[{"href":"https:\/\/www.faustyna.pl\/zmbm\/wp-json\/wp\/v2\/pages\/28418","targetHints":{"allow":["GET"]}}],"collection":[{"href":"https:\/\/www.faustyna.pl\/zmbm\/wp-json\/wp\/v2\/pages"}],"about":[{"href":"https:\/\/www.faustyna.pl\/zmbm\/wp-json\/wp\/v2\/types\/page"}],"author":[{"embeddable":true,"href":"https:\/\/www.faustyna.pl\/zmbm\/wp-json\/wp\/v2\/users\/1"}],"replies":[{"embeddable":true,"href":"https:\/\/www.faustyna.pl\/zmbm\/wp-json\/wp\/v2\/comments?post=28418"}],"version-history":[{"count":5,"href":"https:\/\/www.faustyna.pl\/zmbm\/wp-json\/wp\/v2\/pages\/28418\/revisions"}],"predecessor-version":[{"id":30260,"href":"https:\/\/www.faustyna.pl\/zmbm\/wp-json\/wp\/v2\/pages\/28418\/revisions\/30260"}],"wp:featuredmedia":[{"embeddable":true,"href":"https:\/\/www.faustyna.pl\/zmbm\/wp-json\/wp\/v2\/media\/30259"}],"wp:attachment":[{"href":"https:\/\/www.faustyna.pl\/zmbm\/wp-json\/wp\/v2\/media?parent=28418"}],"wp:term":[{"taxonomy":"category","embeddable":true,"href":"https:\/\/www.faustyna.pl\/zmbm\/wp-json\/wp\/v2\/categories?post=28418"},{"taxonomy":"post_tag","embeddable":true,"href":"https:\/\/www.faustyna.pl\/zmbm\/wp-json\/wp\/v2\/tags?post=28418"}],"curies":[{"name":"wp","href":"https:\/\/api.w.org\/{rel}","templated":true}]}}