



{"id":28552,"date":"2026-03-16T09:21:19","date_gmt":"2026-03-16T08:21:19","guid":{"rendered":"https:\/\/www.faustyna.pl\/zmbm\/?page_id=28552"},"modified":"2026-03-16T20:31:38","modified_gmt":"2026-03-16T19:31:38","slug":"wielki-post-ze-sw-faustyna-iii-tydzien-2","status":"publish","type":"page","link":"https:\/\/www.faustyna.pl\/zmbm\/wielki-post-ze-sw-faustyna-iii-tydzien-2\/","title":{"rendered":"Wielki Post ze \u015bw. Faustyn\u0105 \u2013 III tydzie\u0144"},"content":{"rendered":"<p><strong><a href=\"https:\/\/www.faustyna.pl\/zmbm\/wp-content\/uploads\/2024\/03\/Uczynki_milosierdzia.jpg\" data-gallery><img loading=\"lazy\" decoding=\"async\" class=\"alignnone size-medium wp-image-28553\" src=\"https:\/\/www.faustyna.pl\/zmbm\/wp-content\/uploads\/2024\/03\/Uczynki_milosierdzia-560x334.jpg\" alt=\"\" width=\"560\" height=\"334\" srcset=\"https:\/\/www.faustyna.pl\/zmbm\/wp-content\/uploads\/2024\/03\/Uczynki_milosierdzia-560x334.jpg 560w, https:\/\/www.faustyna.pl\/zmbm\/wp-content\/uploads\/2024\/03\/Uczynki_milosierdzia-140x83.jpg 140w, https:\/\/www.faustyna.pl\/zmbm\/wp-content\/uploads\/2024\/03\/Uczynki_milosierdzia.jpg 1024w\" sizes=\"auto, (max-width: 560px) 100vw, 560px\" \/><\/a><\/strong><\/p>\n<p style=\"text-align: justify\"><strong>Uczynki mi\u0142osierdzia. <\/strong>To jest post, jakiego pragnie B\u00f3g. Przekonuje nas o tym m.in. to wydarzenie z \u017cycia \u015bw. Siostry Faustyny.<\/p>\n<p style=\"text-align: justify\"><em>Lekarz mi nie pozwoli\u0142 p\u00f3j\u015b\u0107 do kaplicy na Pasj\u0119, chocia\u017c mia\u0142am gor\u0105ce pragnienie; jednak modli\u0142am si\u0119 we w\u0142asnej separatce. Nagle us\u0142ysza\u0142am dzwonek w s\u0105siedniej separatce i wesz\u0142am, i odda\u0142am us\u0142ug\u0119 ci\u0119\u017cko choremu. Kiedy wr\u00f3ci\u0142am do swej separatki \u2013 nagle ujrza\u0142am Pana Jezusa, kt\u00f3ry mi rzek\u0142<\/em>: \u201e<em>C\u00f3rko Moja, wi\u0119ksz\u0105 Mi sprawi\u0142a\u015b rado\u015b\u0107 oddaj\u0105c Mi t\u0119 us\u0142ug\u0119, ani\u017celiby\u015b d\u0142ugo si\u0119 modli\u0142a\u201d.<\/em> <em>Odpowiedzia\u0142am:<\/em> \u201e<em>Przecie\u017c nie Tobie, o m\u00f3j Jezu, us\u0142u\u017cy\u0142am, ale temu choremu\u201d<\/em>.<em> I odpowiedzia\u0142 mi Pan:<\/em> \u201e<em>Tak, c\u00f3rko Moja, cokolwiek czynisz bli\u017aniemu \u2013 Mnie czynisz\u201d <\/em>(Dz. 1029).<\/p>\n<p style=\"text-align: justify\">Jezus pouczy\u0142 \u015bw. Faustyn\u0119 \u2013 a przez ni\u0105 tak\u017ce nas \u2013 \u017ce s\u0105 trzy sposoby \u015bwiadczenia dobra bli\u017anim: czyn, s\u0142owo i modlitwa. M\u00f3wi\u0142: <em>W tych trzech stopniach zawiera si\u0119 pe\u0142nia mi\u0142osierdzia i jest niezbitym dowodem mi\u0142o\u015bci ku Mnie. W ten spos\u00f3b dusza wys\u0142awia i oddaje cze\u015b\u0107 mi\u0142osierdziu Mojemu <\/em>(Dz. 742). Prosi\u0142, aby w ci\u0105gu dnia spe\u0142ni\u0107 wobec bli\u017anich chocia\u017c jeden akt mi\u0142osierdzia, ale z mi\u0142o\u015bci do Niego. To jest jedyne bogactwo na ziemi, kt\u00f3re ma warto\u015b\u0107 wieczn\u0105. Ono sprawia, \u017ce stajemy si\u0119 pi\u0119kni w swoim cz\u0142owiecze\u0144stwie i chrze\u015bcija\u0144skim powo\u0142aniu oraz bogaci przed Bogiem.<\/p>\n","protected":false},"excerpt":{"rendered":"<p>Uczynki mi\u0142osierdzia. To jest post, jakiego pragnie B\u00f3g. Przekonuje nas o tym m.in. to wydarzenie z \u017cycia \u015bw. Siostry Faustyny. Lekarz mi nie pozwoli\u0142 p\u00f3j\u015b\u0107 do kaplicy na Pasj\u0119, chocia\u017c mia\u0142am gor\u0105ce pragnienie; jednak modli\u0142am si\u0119 we w\u0142asnej separatce. Nagle us\u0142ysza\u0142am dzwonek w s\u0105siedniej separatce i wesz\u0142am, i odda\u0142am us\u0142ug\u0119 ci\u0119\u017cko choremu. Kiedy wr\u00f3ci\u0142am do [&hellip;]<\/p>\n","protected":false},"author":1,"featured_media":28553,"parent":0,"menu_order":-1565,"comment_status":"closed","ping_status":"closed","template":"","meta":{"footnotes":""},"categories":[104],"tags":[],"class_list":["post-28552","page","type-page","status-publish","has-post-thumbnail","hentry","category-archiwum"],"_links":{"self":[{"href":"https:\/\/www.faustyna.pl\/zmbm\/wp-json\/wp\/v2\/pages\/28552","targetHints":{"allow":["GET"]}}],"collection":[{"href":"https:\/\/www.faustyna.pl\/zmbm\/wp-json\/wp\/v2\/pages"}],"about":[{"href":"https:\/\/www.faustyna.pl\/zmbm\/wp-json\/wp\/v2\/types\/page"}],"author":[{"embeddable":true,"href":"https:\/\/www.faustyna.pl\/zmbm\/wp-json\/wp\/v2\/users\/1"}],"replies":[{"embeddable":true,"href":"https:\/\/www.faustyna.pl\/zmbm\/wp-json\/wp\/v2\/comments?post=28552"}],"version-history":[{"count":2,"href":"https:\/\/www.faustyna.pl\/zmbm\/wp-json\/wp\/v2\/pages\/28552\/revisions"}],"predecessor-version":[{"id":30490,"href":"https:\/\/www.faustyna.pl\/zmbm\/wp-json\/wp\/v2\/pages\/28552\/revisions\/30490"}],"wp:featuredmedia":[{"embeddable":true,"href":"https:\/\/www.faustyna.pl\/zmbm\/wp-json\/wp\/v2\/media\/28553"}],"wp:attachment":[{"href":"https:\/\/www.faustyna.pl\/zmbm\/wp-json\/wp\/v2\/media?parent=28552"}],"wp:term":[{"taxonomy":"category","embeddable":true,"href":"https:\/\/www.faustyna.pl\/zmbm\/wp-json\/wp\/v2\/categories?post=28552"},{"taxonomy":"post_tag","embeddable":true,"href":"https:\/\/www.faustyna.pl\/zmbm\/wp-json\/wp\/v2\/tags?post=28552"}],"curies":[{"name":"wp","href":"https:\/\/api.w.org\/{rel}","templated":true}]}}