



{"id":28560,"date":"2024-03-02T09:37:15","date_gmt":"2024-03-02T08:37:15","guid":{"rendered":"https:\/\/www.faustyna.pl\/zmbm\/?page_id=28560"},"modified":"2026-03-18T15:45:21","modified_gmt":"2026-03-18T14:45:21","slug":"nowenna-przed-uroczystoscia-sw-jozefa-2","status":"publish","type":"page","link":"https:\/\/www.faustyna.pl\/zmbm\/nowenna-przed-uroczystoscia-sw-jozefa-2\/","title":{"rendered":"Nowenna przed uroczysto\u015bci\u0105 \u015bw. J\u00f3zefa"},"content":{"rendered":"<p><a href=\"https:\/\/www.faustyna.pl\/zmbm\/wp-content\/uploads\/2024\/03\/Jozef_z_Dzieciatkiem.jpg\" data-gallery><img loading=\"lazy\" decoding=\"async\" class=\"alignnone size-medium wp-image-28561\" src=\"https:\/\/www.faustyna.pl\/zmbm\/wp-content\/uploads\/2024\/03\/Jozef_z_Dzieciatkiem-560x334.jpg\" alt=\"\" width=\"560\" height=\"334\" srcset=\"https:\/\/www.faustyna.pl\/zmbm\/wp-content\/uploads\/2024\/03\/Jozef_z_Dzieciatkiem-560x334.jpg 560w, https:\/\/www.faustyna.pl\/zmbm\/wp-content\/uploads\/2024\/03\/Jozef_z_Dzieciatkiem-140x83.jpg 140w, https:\/\/www.faustyna.pl\/zmbm\/wp-content\/uploads\/2024\/03\/Jozef_z_Dzieciatkiem.jpg 1024w\" sizes=\"auto, (max-width: 560px) 100vw, 560px\" \/><\/a><\/p>\n<p style=\"text-align: justify\">Przed uroczysto\u015bci\u0105 \u015bw. J\u00f3zefa, od 10 marca we wszystkich klasztorach Zgromadzenia Si\u00f3str Matki Bo\u017cej Mi\u0142osierdzia tradycyjnie odprawiana jest nowenna do \u015bw. J\u00f3zefa.<\/p>\n<p style=\"text-align: justify\">\u015awi\u0119ty J\u00f3zef jest jednym z patron\u00f3w Zgromadzenia i od pocz\u0105tku cieszy si\u0119 wielk\u0105 czci\u0105. Jego obrazy zdobi\u0105 wszystkie zakonne kaplice. Najcz\u0119\u015bciej ma osobny o\u0142tarz po prawej stronie prezbiterium jak w Sanktuarium Bo\u017cego Mi\u0142osierdzia w Krakowie-\u0141agiewnikach. Jego figury mo\u017cna spotka\u0107 na klasztornych korytarzach, w zakonnych celach, miejscach pos\u0142ugi apostolskiej, a tak\u017ce w ogrodach i na klasztornych dziedzi\u0144cach. Jest gospodarzem ka\u017cdej posesji, domu, klasztoru, a wi\u0119c ma pod opiek\u0105 wszystko, nie tylko sprawy materialne, z czym najcz\u0119\u015bciej jest kojarzony, ale tak\u017ce, a mo\u017ce przede wszystkim troszczy si\u0119 o sprawy duchowe wsp\u00f3lnot naszego Zgromadzenia i dzie\u0142 przez nie prowadzonych. Siostry nazywaj\u0105 go \u201eOpiekunem\u201d i \u201e:Ojcem\u201d i tak do niego si\u0119 zwracaj\u0105 w swych modlitwach, pewne, \u017ce \u201enigdy nie s\u0142yszano, aby ktokolwiek wzywaj\u0105cy jego opieki i b\u0142agaj\u0105cy o pomoc, pozosta\u0142 bez pociechy\u201d. W sprawach nagl\u0105cych \u015bl\u0105 \u201etelegramy\u201d, wymieniaj\u0105c bardzo konkretne problemy, wymagaj\u0105ce za\u0142atwienia.<\/p>\n","protected":false},"excerpt":{"rendered":"<p>Przed uroczysto\u015bci\u0105 \u015bw. J\u00f3zefa, od 10 marca we wszystkich klasztorach Zgromadzenia Si\u00f3str Matki Bo\u017cej Mi\u0142osierdzia tradycyjnie odprawiana jest nowenna do \u015bw. J\u00f3zefa. \u015awi\u0119ty J\u00f3zef jest jednym z patron\u00f3w Zgromadzenia i od pocz\u0105tku cieszy si\u0119 wielk\u0105 czci\u0105. Jego obrazy zdobi\u0105 wszystkie zakonne kaplice. Najcz\u0119\u015bciej ma osobny o\u0142tarz po prawej stronie prezbiterium jak w Sanktuarium Bo\u017cego Mi\u0142osierdzia [&hellip;]<\/p>\n","protected":false},"author":1,"featured_media":28561,"parent":0,"menu_order":-1566,"comment_status":"closed","ping_status":"closed","template":"","meta":{"footnotes":""},"categories":[104],"tags":[],"class_list":["post-28560","page","type-page","status-publish","has-post-thumbnail","hentry","category-archiwum"],"_links":{"self":[{"href":"https:\/\/www.faustyna.pl\/zmbm\/wp-json\/wp\/v2\/pages\/28560","targetHints":{"allow":["GET"]}}],"collection":[{"href":"https:\/\/www.faustyna.pl\/zmbm\/wp-json\/wp\/v2\/pages"}],"about":[{"href":"https:\/\/www.faustyna.pl\/zmbm\/wp-json\/wp\/v2\/types\/page"}],"author":[{"embeddable":true,"href":"https:\/\/www.faustyna.pl\/zmbm\/wp-json\/wp\/v2\/users\/1"}],"replies":[{"embeddable":true,"href":"https:\/\/www.faustyna.pl\/zmbm\/wp-json\/wp\/v2\/comments?post=28560"}],"version-history":[{"count":2,"href":"https:\/\/www.faustyna.pl\/zmbm\/wp-json\/wp\/v2\/pages\/28560\/revisions"}],"predecessor-version":[{"id":30429,"href":"https:\/\/www.faustyna.pl\/zmbm\/wp-json\/wp\/v2\/pages\/28560\/revisions\/30429"}],"wp:featuredmedia":[{"embeddable":true,"href":"https:\/\/www.faustyna.pl\/zmbm\/wp-json\/wp\/v2\/media\/28561"}],"wp:attachment":[{"href":"https:\/\/www.faustyna.pl\/zmbm\/wp-json\/wp\/v2\/media?parent=28560"}],"wp:term":[{"taxonomy":"category","embeddable":true,"href":"https:\/\/www.faustyna.pl\/zmbm\/wp-json\/wp\/v2\/categories?post=28560"},{"taxonomy":"post_tag","embeddable":true,"href":"https:\/\/www.faustyna.pl\/zmbm\/wp-json\/wp\/v2\/tags?post=28560"}],"curies":[{"name":"wp","href":"https:\/\/api.w.org\/{rel}","templated":true}]}}

Nowenna przed uroczystością św. Józefa

<p><a href="https://www.faustyna.pl/zmbm/wp-content/uploads/2024/03/Jozef_z_Dzieciatkiem.jpg" data-gallery><img loading="lazy" decoding="async" class="alignnone size-medium wp-image-28561" src="https://www.faustyna.pl/zmbm/wp-content/uploads/2024/03/Jozef_z_Dzieciatkiem-560x334.jpg" alt="" width="560" height="334" srcset="https://www.faustyna.pl/zmbm/wp-content/uploads/2024/03/Jozef_z_Dzieciatkiem-560x334.jpg 560w, https://www.faustyna.pl/zmbm/wp-content/uploads/2024/03/Jozef_z_Dzieciatkiem-140x83.jpg 140w, https://www.faustyna.pl/zmbm/wp-content/uploads/2024/03/Jozef_z_Dzieciatkiem.jpg 1024w" sizes="auto, (max-width: 560px) 100vw, 560px" /></a></p>
<p style="text-align: justify">Przed uroczystością św. Józefa, od 10 marca we wszystkich klasztorach Zgromadzenia Sióstr Matki Bożej Miłosierdzia tradycyjnie odprawiana jest nowenna do św. Józefa.</p>
<p style="text-align: justify">Święty Józef jest jednym z patronów Zgromadzenia i od początku cieszy się wielką czcią. Jego obrazy zdobią wszystkie zakonne kaplice. Najczęściej ma osobny ołtarz po prawej stronie prezbiterium jak w Sanktuarium Bożego Miłosierdzia w Krakowie-Łagiewnikach. Jego figury można spotkać na klasztornych korytarzach, w zakonnych celach, miejscach posługi apostolskiej, a także w ogrodach i na klasztornych dziedzińcach. Jest gospodarzem każdej posesji, domu, klasztoru, a więc ma pod opieką wszystko, nie tylko sprawy materialne, z czym najczęściej jest kojarzony, ale także, a może przede wszystkim troszczy się o sprawy duchowe wspólnot naszego Zgromadzenia i dzieł przez nie prowadzonych. Siostry nazywają go „Opiekunem” i „:Ojcem” i tak do niego się zwracają w swych modlitwach, pewne, że „nigdy nie słyszano, aby ktokolwiek wzywający jego opieki i błagający o pomoc, pozostał bez pociechy”. W sprawach naglących ślą „telegramy”, wymieniając bardzo konkretne problemy, wymagające załatwienia.</p>

<p>Przed uroczystością św. Józefa, od 10 marca we wszystkich klasztorach Zgromadzenia Sióstr Matki Bożej Miłosierdzia tradycyjnie odprawiana jest nowenna do św. Józefa. Święty Józef jest jednym z patronów Zgromadzenia i od początku cieszy się wielką czcią. Jego obrazy zdobią wszystkie zakonne kaplice. Najczęściej ma osobny ołtarz po prawej stronie prezbiterium jak w Sanktuarium Bożego Miłosierdzia [&hellip;]</p>
