



{"id":28641,"date":"2026-03-14T10:29:39","date_gmt":"2026-03-14T09:29:39","guid":{"rendered":"https:\/\/www.faustyna.pl\/zmbm\/?page_id=28641"},"modified":"2026-03-21T12:01:33","modified_gmt":"2026-03-21T11:01:33","slug":"28641-2","status":"publish","type":"page","link":"https:\/\/www.faustyna.pl\/zmbm\/28641-2\/","title":{"rendered":"Wielki Post ze \u015bw. Faustyn\u0105 \u2013 IV tydzie\u0144"},"content":{"rendered":"<p style=\"text-align: justify\"><strong><a href=\"https:\/\/www.faustyna.pl\/zmbm\/wp-content\/uploads\/2024\/03\/Obraz-Vicki-Nunn-z-Pixabay.jpg\" data-gallery><img loading=\"lazy\" decoding=\"async\" class=\"alignnone size-medium wp-image-28642\" src=\"https:\/\/www.faustyna.pl\/zmbm\/wp-content\/uploads\/2024\/03\/Obraz-Vicki-Nunn-z-Pixabay-560x333.jpg\" alt=\"\" width=\"560\" height=\"333\" srcset=\"https:\/\/www.faustyna.pl\/zmbm\/wp-content\/uploads\/2024\/03\/Obraz-Vicki-Nunn-z-Pixabay-560x333.jpg 560w, https:\/\/www.faustyna.pl\/zmbm\/wp-content\/uploads\/2024\/03\/Obraz-Vicki-Nunn-z-Pixabay-140x83.jpg 140w, https:\/\/www.faustyna.pl\/zmbm\/wp-content\/uploads\/2024\/03\/Obraz-Vicki-Nunn-z-Pixabay.jpg 1024w\" sizes=\"auto, (max-width: 560px) 100vw, 560px\" \/><\/a><\/strong><\/p>\n<p style=\"text-align: justify\"><strong>Troska o nawr\u00f3cenie grzesznik\u00f3w.<\/strong> To najwi\u0119kszy akt mi\u0142osierdzia, bo maj\u0105cy na uwadze dobro wieczne drugiego cz\u0142owieka. Siostra Faustyna, za przyk\u0142adem Jezusa, w tej intencji z\u0142o\u017cy\u0142a nawet ofiar\u0119 ze swego \u017cycia. W do\u015bwiadczeniach mistycznych pozna\u0142a niebo, czy\u015bciec i piek\u0142o, dlatego m\u00f3wi\u0142a, \u017ce \u017cadna ofiara nie jest za wielka, by ocali\u0107 cz\u0142owieka na wieczno\u015b\u0107. Jezus zaprasza\u0142 j\u0105 \u2013 a przez ni\u0105 tak\u017ce i nas \u2013 do wsp\u00f3\u0142pracy w dziele ratowania grzesznik\u00f3w, nawet tych, dla kt\u00f3rych po ludzku rzecz bior\u0105c, nie ma \u017cadnej nadziei. Wiele razy prosi\u0142: <em>Pragn\u0119, pragn\u0119 zbawienia dusz. Pom\u00f3\u017c Mi, c\u00f3rko Moja, ratowa\u0107 dusze. Z\u0142\u0105cz swe cierpienia z m\u0119k\u0105 Moj\u0105 i ofiaruj Ojcu Niebieskiemu za grzesznik\u00f3w <\/em>(Dz. 1032)<em>.<\/em> <em>Utrata ka\u017cdej duszy pogr\u0105\u017ca Mnie w \u015bmiertelnym smutku. Zawsze Mnie pocieszasz, kiedy si\u0119 modlisz za grzesznik\u00f3w. Najmilsza Mi jest modlitwa \u2013 to modlitwa za nawr\u00f3cenie dusz grzesznych; wiedz, c\u00f3rko Moja, \u017ce ta modlitwa zawsze jest wys\u0142uchana<\/em> (Dz. 1397).<\/p>\n<p style=\"text-align: justify\">Na to zaproszenie Jezusa Siostra Faustyna odpowiada wielkodusznie: <em>O Jezu, pragn\u0119 sprowadza\u0107 dusze do zdroju mi\u0142osierdzia Twego, aby czerpa\u0142y o\u017cywcz\u0105 wod\u0119 \u017cywota naczyniem ufno\u015bci. Im dusza pragnie na sobie dozna\u0107 wi\u0119kszego mi\u0142osierdzia Bo\u017cego, niech si\u0119 zbli\u017ca do Boga z wielk\u0105 ufno\u015bci\u0105, a je\u017celi jej ufno\u015b\u0107 w Bogu b\u0119dzie bez granic, to i mi\u0142osierdzie Bo\u017ce b\u0119dzie dla niej bez granic. O m\u00f3j Panie, kt\u00f3ry znasz ka\u017cde uderzenie serca mojego, Ty wiesz, jak gor\u0105co pragn\u0119, aby wszystkie serca wy\u0142\u0105cznie bi\u0142y dla Ciebie, aby ka\u017cda dusza wys\u0142awia\u0142a wielko\u015b\u0107 mi\u0142osierdzia Twego<\/em> (Dz. 1489).<\/p>\n","protected":false},"excerpt":{"rendered":"<p>Troska o nawr\u00f3cenie grzesznik\u00f3w. To najwi\u0119kszy akt mi\u0142osierdzia, bo maj\u0105cy na uwadze dobro wieczne drugiego cz\u0142owieka. Siostra Faustyna, za przyk\u0142adem Jezusa, w tej intencji z\u0142o\u017cy\u0142a nawet ofiar\u0119 ze swego \u017cycia. W do\u015bwiadczeniach mistycznych pozna\u0142a niebo, czy\u015bciec i piek\u0142o, dlatego m\u00f3wi\u0142a, \u017ce \u017cadna ofiara nie jest za wielka, by ocali\u0107 cz\u0142owieka na wieczno\u015b\u0107. Jezus zaprasza\u0142 j\u0105 [&hellip;]<\/p>\n","protected":false},"author":1,"featured_media":28642,"parent":0,"menu_order":-1568,"comment_status":"closed","ping_status":"closed","template":"","meta":{"footnotes":""},"categories":[104],"tags":[],"class_list":["post-28641","page","type-page","status-publish","has-post-thumbnail","hentry","category-archiwum"],"_links":{"self":[{"href":"https:\/\/www.faustyna.pl\/zmbm\/wp-json\/wp\/v2\/pages\/28641","targetHints":{"allow":["GET"]}}],"collection":[{"href":"https:\/\/www.faustyna.pl\/zmbm\/wp-json\/wp\/v2\/pages"}],"about":[{"href":"https:\/\/www.faustyna.pl\/zmbm\/wp-json\/wp\/v2\/types\/page"}],"author":[{"embeddable":true,"href":"https:\/\/www.faustyna.pl\/zmbm\/wp-json\/wp\/v2\/users\/1"}],"replies":[{"embeddable":true,"href":"https:\/\/www.faustyna.pl\/zmbm\/wp-json\/wp\/v2\/comments?post=28641"}],"version-history":[{"count":3,"href":"https:\/\/www.faustyna.pl\/zmbm\/wp-json\/wp\/v2\/pages\/28641\/revisions"}],"predecessor-version":[{"id":30509,"href":"https:\/\/www.faustyna.pl\/zmbm\/wp-json\/wp\/v2\/pages\/28641\/revisions\/30509"}],"wp:featuredmedia":[{"embeddable":true,"href":"https:\/\/www.faustyna.pl\/zmbm\/wp-json\/wp\/v2\/media\/28642"}],"wp:attachment":[{"href":"https:\/\/www.faustyna.pl\/zmbm\/wp-json\/wp\/v2\/media?parent=28641"}],"wp:term":[{"taxonomy":"category","embeddable":true,"href":"https:\/\/www.faustyna.pl\/zmbm\/wp-json\/wp\/v2\/categories?post=28641"},{"taxonomy":"post_tag","embeddable":true,"href":"https:\/\/www.faustyna.pl\/zmbm\/wp-json\/wp\/v2\/tags?post=28641"}],"curies":[{"name":"wp","href":"https:\/\/api.w.org\/{rel}","templated":true}]}}