



{"id":28694,"date":"2024-03-22T08:14:16","date_gmt":"2024-03-22T07:14:16","guid":{"rendered":"https:\/\/www.faustyna.pl\/zmbm\/?page_id=28694"},"modified":"2026-03-29T20:06:24","modified_gmt":"2026-03-29T18:06:24","slug":"niedziela-palmowa-6","status":"publish","type":"page","link":"https:\/\/www.faustyna.pl\/zmbm\/niedziela-palmowa-6\/","title":{"rendered":"Niedziela Palmowa"},"content":{"rendered":"<p><a href=\"https:\/\/www.faustyna.pl\/zmbm\/wp-content\/uploads\/2026\/03\/Niedziela_pamowa_foto_ISMM.jpg\" data-gallery><img loading=\"lazy\" decoding=\"async\" class=\"size-medium wp-image-32072 alignnone\" src=\"https:\/\/www.faustyna.pl\/zmbm\/wp-content\/uploads\/2026\/03\/Niedziela_pamowa_foto_ISMM-560x333.jpg\" alt=\"\" width=\"560\" height=\"333\" srcset=\"https:\/\/www.faustyna.pl\/zmbm\/wp-content\/uploads\/2026\/03\/Niedziela_pamowa_foto_ISMM-560x333.jpg 560w, https:\/\/www.faustyna.pl\/zmbm\/wp-content\/uploads\/2026\/03\/Niedziela_pamowa_foto_ISMM-140x83.jpg 140w, https:\/\/www.faustyna.pl\/zmbm\/wp-content\/uploads\/2026\/03\/Niedziela_pamowa_foto_ISMM.jpg 1024w\" sizes=\"auto, (max-width: 560px) 100vw, 560px\" \/><\/a><\/p>\n<p style=\"text-align: justify\">29 marca br. jest Niedziela M\u0119ki Pa\u0144skiej, zwana te\u017c Niedziel\u0105 Palmow\u0105, kt\u00f3ra rozpoczyna Wielki Tydzie\u0144. W tym dniu na Mszach \u015awi\u0119tych czytany jest ewangeliczny opis m\u0119ki Jezusa. Eucharysti\u0119 poprzedza procesja z palmami lub tylko po\u015bwi\u0119cenie palm na pami\u0105tk\u0119 uroczystego wjazdu Jezusa do Jerozolimy. Palmy s\u0105 symbolem odradzaj\u0105cego si\u0119 \u017cycia Bo\u017cego w duszach wiernych. Ewangeliczny opis uroczystego wjazdu Jezusa do Jerozolimy w jaki\u015b spos\u00f3b uzupe\u0142nia mistyczne do\u015bwiadczenie \u015bw. Faustyny, kt\u00f3ra w \u201eDzienniczku\u201d pisa\u0142a: <em>Widzia\u0142am Pana Jezusa siedz\u0105cego na o\u015bl\u0105tku i uczni\u00f3w, i wielkie rzesze, kt\u00f3re sz\u0142y razem z Panem Jezusem rozradowane, z ga\u0142\u0119ziami w r\u0119ku, i jedni rzucali je pod nogi, gdzie jecha\u0142 Pan Jezus, a inni trzymali ga\u0142\u0105zki w g\u00f3rze, skacz\u0105c i wyskakuj\u0105c przed Panem, i nie wiedzieli, co czyni\u0107 z rado\u015bci. I widzia\u0142am drug\u0105 rzesz\u0119, kt\u00f3ra wysz\u0142a naprzeciw Jezusowi, tak samo z rozradowanym obliczem i z ga\u0142\u0119ziami w r\u0119kach, i nieustannie wykrzykiwali z rado\u015bci, i dzieci ma\u0142e, ale Jezus by\u0142 bardzo powa\u017cny. I da\u0142 mi pozna\u0107 Pan, jak cierpia\u0142 w tym czasie. I w tej chwili nic nie widzia\u0142am, tylko Jezusa, kt\u00f3ry mia\u0142 Serce przesycone niewdzi\u0119czno\u015bci\u0105<\/em> (Dz. 642). <em>Jezus da\u0142 mi pozna\u0107, ile cierpia\u0142 w tym triumfalnym pochodzie. Hosanna odbija\u0142o si\u0119 w Sercu Jezusa echem \u2013 ukrzy\u017cuj. Da\u0142 mi Jezus odczu\u0107 to w spos\u00f3b szczeg\u00f3lny <\/em>(Dz. 1028).<\/p>\n","protected":false},"excerpt":{"rendered":"<p>29 marca br. jest Niedziela M\u0119ki Pa\u0144skiej, zwana te\u017c Niedziel\u0105 Palmow\u0105, kt\u00f3ra rozpoczyna Wielki Tydzie\u0144. W tym dniu na Mszach \u015awi\u0119tych czytany jest ewangeliczny opis m\u0119ki Jezusa. Eucharysti\u0119 poprzedza procesja z palmami lub tylko po\u015bwi\u0119cenie palm na pami\u0105tk\u0119 uroczystego wjazdu Jezusa do Jerozolimy. Palmy s\u0105 symbolem odradzaj\u0105cego si\u0119 \u017cycia Bo\u017cego w duszach wiernych. Ewangeliczny opis [&hellip;]<\/p>\n","protected":false},"author":1,"featured_media":32072,"parent":0,"menu_order":-1573,"comment_status":"closed","ping_status":"closed","template":"","meta":{"footnotes":""},"categories":[104],"tags":[],"class_list":["post-28694","page","type-page","status-publish","has-post-thumbnail","hentry","category-archiwum"],"_links":{"self":[{"href":"https:\/\/www.faustyna.pl\/zmbm\/wp-json\/wp\/v2\/pages\/28694","targetHints":{"allow":["GET"]}}],"collection":[{"href":"https:\/\/www.faustyna.pl\/zmbm\/wp-json\/wp\/v2\/pages"}],"about":[{"href":"https:\/\/www.faustyna.pl\/zmbm\/wp-json\/wp\/v2\/types\/page"}],"author":[{"embeddable":true,"href":"https:\/\/www.faustyna.pl\/zmbm\/wp-json\/wp\/v2\/users\/1"}],"replies":[{"embeddable":true,"href":"https:\/\/www.faustyna.pl\/zmbm\/wp-json\/wp\/v2\/comments?post=28694"}],"version-history":[{"count":3,"href":"https:\/\/www.faustyna.pl\/zmbm\/wp-json\/wp\/v2\/pages\/28694\/revisions"}],"predecessor-version":[{"id":32073,"href":"https:\/\/www.faustyna.pl\/zmbm\/wp-json\/wp\/v2\/pages\/28694\/revisions\/32073"}],"wp:featuredmedia":[{"embeddable":true,"href":"https:\/\/www.faustyna.pl\/zmbm\/wp-json\/wp\/v2\/media\/32072"}],"wp:attachment":[{"href":"https:\/\/www.faustyna.pl\/zmbm\/wp-json\/wp\/v2\/media?parent=28694"}],"wp:term":[{"taxonomy":"category","embeddable":true,"href":"https:\/\/www.faustyna.pl\/zmbm\/wp-json\/wp\/v2\/categories?post=28694"},{"taxonomy":"post_tag","embeddable":true,"href":"https:\/\/www.faustyna.pl\/zmbm\/wp-json\/wp\/v2\/tags?post=28694"}],"curies":[{"name":"wp","href":"https:\/\/api.w.org\/{rel}","templated":true}]}}

<p><a href="https://www.faustyna.pl/zmbm/wp-content/uploads/2026/03/Niedziela_pamowa_foto_ISMM.jpg" data-gallery><img loading="lazy" decoding="async" class="size-medium wp-image-32072 alignnone" src="https://www.faustyna.pl/zmbm/wp-content/uploads/2026/03/Niedziela_pamowa_foto_ISMM-560x333.jpg" alt="" width="560" height="333" srcset="https://www.faustyna.pl/zmbm/wp-content/uploads/2026/03/Niedziela_pamowa_foto_ISMM-560x333.jpg 560w, https://www.faustyna.pl/zmbm/wp-content/uploads/2026/03/Niedziela_pamowa_foto_ISMM-140x83.jpg 140w, https://www.faustyna.pl/zmbm/wp-content/uploads/2026/03/Niedziela_pamowa_foto_ISMM.jpg 1024w" sizes="auto, (max-width: 560px) 100vw, 560px" /></a></p>
<p style="text-align: justify">29 marca br. jest Niedziela Męki Pańskiej, zwana też Niedzielą Palmową, która rozpoczyna Wielki Tydzień. W tym dniu na Mszach Świętych czytany jest ewangeliczny opis męki Jezusa. Eucharystię poprzedza procesja z palmami lub tylko poświęcenie palm na pamiątkę uroczystego wjazdu Jezusa do Jerozolimy. Palmy są symbolem odradzającego się życia Bożego w duszach wiernych. Ewangeliczny opis uroczystego wjazdu Jezusa do Jerozolimy w jakiś sposób uzupełnia mistyczne doświadczenie św. Faustyny, która w „Dzienniczku” pisała: <em>Widziałam Pana Jezusa siedzącego na oślątku i uczniów, i wielkie rzesze, które szły razem z Panem Jezusem rozradowane, z gałęziami w ręku, i jedni rzucali je pod nogi, gdzie jechał Pan Jezus, a inni trzymali gałązki w górze, skacząc i wyskakując przed Panem, i nie wiedzieli, co czynić z radości. I widziałam drugą rzeszę, która wyszła naprzeciw Jezusowi, tak samo z rozradowanym obliczem i z gałęziami w rękach, i nieustannie wykrzykiwali z radości, i dzieci małe, ale Jezus był bardzo poważny. I dał mi poznać Pan, jak cierpiał w tym czasie. I w tej chwili nic nie widziałam, tylko Jezusa, który miał Serce przesycone niewdzięcznością</em> (Dz. 642). <em>Jezus dał mi poznać, ile cierpiał w tym triumfalnym pochodzie. Hosanna odbijało się w Sercu Jezusa echem – ukrzyżuj. Dał mi Jezus odczuć to w sposób szczególny </em>(Dz. 1028).</p>

<p>29 marca br. jest Niedziela Męki Pańskiej, zwana też Niedzielą Palmową, która rozpoczyna Wielki Tydzień. W tym dniu na Mszach Świętych czytany jest ewangeliczny opis męki Jezusa. Eucharystię poprzedza procesja z palmami lub tylko poświęcenie palm na pamiątkę uroczystego wjazdu Jezusa do Jerozolimy. Palmy są symbolem odradzającego się życia Bożego w duszach wiernych. Ewangeliczny opis [&hellip;]</p>
