



{"id":28697,"date":"2024-03-22T08:15:44","date_gmt":"2024-03-22T07:15:44","guid":{"rendered":"https:\/\/www.faustyna.pl\/zmbm\/?page_id=28697"},"modified":"2026-04-03T20:15:59","modified_gmt":"2026-04-03T18:15:59","slug":"wielki-post-ze-sw-faustyna-vi-tydzien","status":"publish","type":"page","link":"https:\/\/www.faustyna.pl\/zmbm\/wielki-post-ze-sw-faustyna-vi-tydzien\/","title":{"rendered":"Wielki Post ze \u015bw. Faustyn\u0105 \u2013 VI tydzie\u0144"},"content":{"rendered":"<p><a href=\"https:\/\/www.faustyna.pl\/zmbm\/wp-content\/uploads\/2026\/03\/Udnosc_Al_ISMM.png\" data-gallery><img loading=\"lazy\" decoding=\"async\" class=\"size-medium wp-image-32089 alignnone\" src=\"https:\/\/www.faustyna.pl\/zmbm\/wp-content\/uploads\/2026\/03\/Udnosc_Al_ISMM-560x334.png\" alt=\"\" width=\"560\" height=\"334\" srcset=\"https:\/\/www.faustyna.pl\/zmbm\/wp-content\/uploads\/2026\/03\/Udnosc_Al_ISMM-560x334.png 560w, https:\/\/www.faustyna.pl\/zmbm\/wp-content\/uploads\/2026\/03\/Udnosc_Al_ISMM-140x83.png 140w, https:\/\/www.faustyna.pl\/zmbm\/wp-content\/uploads\/2026\/03\/Udnosc_Al_ISMM.png 1024w\" sizes=\"auto, (max-width: 560px) 100vw, 560px\" \/><\/a><\/p>\n<p style=\"text-align: justify\"><strong>Ufno\u015b\u0107<\/strong>. <em>Niedowierzanie Mojej dobroci najwi\u0119cej Mnie rani. Je\u017celi nie przekona\u0142a was o mi\u0142o\u015bci Mojej \u015bmier\u0107 Moja, to c\u00f3\u017c was przekona? <\/em>(Dz. 580) \u2013 skar\u017cy\u0142 si\u0119 Jezus \u015bw. Faustynie. Jego \u017cycie, nauczanie, cuda najpe\u0142niej objawi\u0142y \u015bwiatu dobro\u0107 Boga, Jego mi\u0142osiern\u0105 mi\u0142o\u015b\u0107. A mimo to tak trudno nam zaufa\u0107 Bogu, tak g\u0142\u0119boka jest rana nieufno\u015bci po grzechu pierworodnym i naszych osobistych grzechach. Siostra Faustyna uchyla nam zas\u0142ony nieba i pozwala g\u0142\u0119biej pozna\u0107 mi\u0142osiern\u0105 mi\u0142o\u015b\u0107 Boga, najpe\u0142niej objawion\u0105 m\u0119ce i \u015bmierci krzy\u017cowej Jezusa. To poznanie rodzi i rozwija w nas postaw\u0119 ufno\u015bci, kt\u00f3ra wyra\u017ca si\u0119 w pe\u0142nieniu woli Bo\u017cej, zawartej w przykazaniach, s\u0142owie Bo\u017cym, obowi\u0105zkach stanu czy rozpoznanych natchnieniach Ducha \u015awi\u0119tego.<\/p>\n<p style=\"text-align: justify\">Wola Boga \u2013 jak mawia\u0142a \u015bw. Faustyna \u2013 jest dla nas samym mi\u0142osierdziem, dlatego wiernie j\u0105 pe\u0142ni\u0142a i tak si\u0119 modli\u0142a: <em>Zabierzesz mnie w m\u0142odo\u015bci \u2013 b\u0105d\u017a b\u0142ogos\u0142awiony; dasz mi doczeka\u0107 s\u0119dziwego wieku \u2013 b\u0105d\u017a b\u0142ogos\u0142awiony; dasz zdrowie i si\u0142y \u2013 b\u0105d\u017a b\u0142ogos\u0142awiony; przykujesz mnie do \u0142o\u017ca bole\u015bci, cho\u0107by [na] \u017cycie ca\u0142e \u2013 b\u0105d\u017a b\u0142ogos\u0142awiony; dasz same zawody i niepowodzenia w \u017cyciu \u2013 b\u0105d\u017a b\u0142ogos\u0142awiony; dopu\u015bcisz, aby moje najczystsze intencje by\u0142y pot\u0119pione \u2013 b\u0105d\u017a b\u0142ogos\u0142awiony; dasz \u015bwiat\u0142o umys\u0142owi mojemu \u2013 b\u0105d\u017a b\u0142ogos\u0142awiony; pozostawisz mnie w ciemno\u015bci i we wszelakiego rodzaju udr\u0119czeniu \u2013 b\u0105d\u017a b\u0142ogos\u0142awiony. Od tej chwili \u017cyj\u0119 w najg\u0142\u0119bszym spokoju, bo sam Pan niesie mnie na r\u0119ku swoim. On, Pan niezg\u0142\u0119bionego mi\u0142osierdzia, wie, \u017ce Jego samego pragn\u0119 we wszystkim, zawsze i wsz\u0119dzie <\/em>(Dz. 1264)<em>. <\/em>Pe\u0142nienie woli Bo\u017cej jest nie tylko wyrazem zaufania Bogu, ale tak\u017ce wyzwala z l\u0119ku, pychy i egoizmu, przynosi pok\u00f3j serca i rado\u015b\u0107, pozwala coraz pe\u0142niej \u017cy\u0107 w wolno\u015bci dzieci Bo\u017cych oraz uczestniczy\u0107 w \u017cyciu i misji Jezusa. To najkr\u00f3tsza droga do zjednoczenia z Bogiem w mi\u0142o\u015bci.<\/p>\n","protected":false},"excerpt":{"rendered":"<p>Ufno\u015b\u0107. Niedowierzanie Mojej dobroci najwi\u0119cej Mnie rani. Je\u017celi nie przekona\u0142a was o mi\u0142o\u015bci Mojej \u015bmier\u0107 Moja, to c\u00f3\u017c was przekona? (Dz. 580) \u2013 skar\u017cy\u0142 si\u0119 Jezus \u015bw. Faustynie. Jego \u017cycie, nauczanie, cuda najpe\u0142niej objawi\u0142y \u015bwiatu dobro\u0107 Boga, Jego mi\u0142osiern\u0105 mi\u0142o\u015b\u0107. A mimo to tak trudno nam zaufa\u0107 Bogu, tak g\u0142\u0119boka jest rana nieufno\u015bci po grzechu [&hellip;]<\/p>\n","protected":false},"author":1,"featured_media":32089,"parent":0,"menu_order":-1575,"comment_status":"closed","ping_status":"closed","template":"","meta":{"footnotes":""},"categories":[104],"tags":[],"class_list":["post-28697","page","type-page","status-publish","has-post-thumbnail","hentry","category-archiwum"],"_links":{"self":[{"href":"https:\/\/www.faustyna.pl\/zmbm\/wp-json\/wp\/v2\/pages\/28697","targetHints":{"allow":["GET"]}}],"collection":[{"href":"https:\/\/www.faustyna.pl\/zmbm\/wp-json\/wp\/v2\/pages"}],"about":[{"href":"https:\/\/www.faustyna.pl\/zmbm\/wp-json\/wp\/v2\/types\/page"}],"author":[{"embeddable":true,"href":"https:\/\/www.faustyna.pl\/zmbm\/wp-json\/wp\/v2\/users\/1"}],"replies":[{"embeddable":true,"href":"https:\/\/www.faustyna.pl\/zmbm\/wp-json\/wp\/v2\/comments?post=28697"}],"version-history":[{"count":3,"href":"https:\/\/www.faustyna.pl\/zmbm\/wp-json\/wp\/v2\/pages\/28697\/revisions"}],"predecessor-version":[{"id":32090,"href":"https:\/\/www.faustyna.pl\/zmbm\/wp-json\/wp\/v2\/pages\/28697\/revisions\/32090"}],"wp:featuredmedia":[{"embeddable":true,"href":"https:\/\/www.faustyna.pl\/zmbm\/wp-json\/wp\/v2\/media\/32089"}],"wp:attachment":[{"href":"https:\/\/www.faustyna.pl\/zmbm\/wp-json\/wp\/v2\/media?parent=28697"}],"wp:term":[{"taxonomy":"category","embeddable":true,"href":"https:\/\/www.faustyna.pl\/zmbm\/wp-json\/wp\/v2\/categories?post=28697"},{"taxonomy":"post_tag","embeddable":true,"href":"https:\/\/www.faustyna.pl\/zmbm\/wp-json\/wp\/v2\/tags?post=28697"}],"curies":[{"name":"wp","href":"https:\/\/api.w.org\/{rel}","templated":true}]}}

Wielki Post ze św. Faustyną – VI tydzień

<p><a href="https://www.faustyna.pl/zmbm/wp-content/uploads/2026/03/Udnosc_Al_ISMM.png" data-gallery><img loading="lazy" decoding="async" class="size-medium wp-image-32089 alignnone" src="https://www.faustyna.pl/zmbm/wp-content/uploads/2026/03/Udnosc_Al_ISMM-560x334.png" alt="" width="560" height="334" srcset="https://www.faustyna.pl/zmbm/wp-content/uploads/2026/03/Udnosc_Al_ISMM-560x334.png 560w, https://www.faustyna.pl/zmbm/wp-content/uploads/2026/03/Udnosc_Al_ISMM-140x83.png 140w, https://www.faustyna.pl/zmbm/wp-content/uploads/2026/03/Udnosc_Al_ISMM.png 1024w" sizes="auto, (max-width: 560px) 100vw, 560px" /></a></p>
<p style="text-align: justify"><strong>Ufność</strong>. <em>Niedowierzanie Mojej dobroci najwięcej Mnie rani. Jeżeli nie przekonała was o miłości Mojej śmierć Moja, to cóż was przekona? </em>(Dz. 580) – skarżył się Jezus św. Faustynie. Jego życie, nauczanie, cuda najpełniej objawiły światu dobroć Boga, Jego miłosierną miłość. A mimo to tak trudno nam zaufać Bogu, tak głęboka jest rana nieufności po grzechu pierworodnym i naszych osobistych grzechach. Siostra Faustyna uchyla nam zasłony nieba i pozwala głębiej poznać miłosierną miłość Boga, najpełniej objawioną męce i śmierci krzyżowej Jezusa. To poznanie rodzi i rozwija w nas postawę ufności, która wyraża się w pełnieniu woli Bożej, zawartej w przykazaniach, słowie Bożym, obowiązkach stanu czy rozpoznanych natchnieniach Ducha Świętego.</p>
<p style="text-align: justify">Wola Boga – jak mawiała św. Faustyna – jest dla nas samym miłosierdziem, dlatego wiernie ją pełniła i tak się modliła: <em>Zabierzesz mnie w młodości – bądź błogosławiony; dasz mi doczekać sędziwego wieku – bądź błogosławiony; dasz zdrowie i siły – bądź błogosławiony; przykujesz mnie do łoża boleści, choćby [na] życie całe – bądź błogosławiony; dasz same zawody i niepowodzenia w życiu – bądź błogosławiony; dopuścisz, aby moje najczystsze intencje były potępione – bądź błogosławiony; dasz światło umysłowi mojemu – bądź błogosławiony; pozostawisz mnie w ciemności i we wszelakiego rodzaju udręczeniu – bądź błogosławiony. Od tej chwili żyję w najgłębszym spokoju, bo sam Pan niesie mnie na ręku swoim. On, Pan niezgłębionego miłosierdzia, wie, że Jego samego pragnę we wszystkim, zawsze i wszędzie </em>(Dz. 1264)<em>. </em>Pełnienie woli Bożej jest nie tylko wyrazem zaufania Bogu, ale także wyzwala z lęku, pychy i egoizmu, przynosi pokój serca i radość, pozwala coraz pełniej żyć w wolności dzieci Bożych oraz uczestniczyć w życiu i misji Jezusa. To najkrótsza droga do zjednoczenia z Bogiem w miłości.</p>

<p>Ufność. Niedowierzanie Mojej dobroci najwięcej Mnie rani. Jeżeli nie przekonała was o miłości Mojej śmierć Moja, to cóż was przekona? (Dz. 580) – skarżył się Jezus św. Faustynie. Jego życie, nauczanie, cuda najpełniej objawiły światu dobroć Boga, Jego miłosierną miłość. A mimo to tak trudno nam zaufać Bogu, tak głęboka jest rana nieufności po grzechu [&hellip;]</p>
