



{"id":28700,"date":"2024-03-22T08:52:30","date_gmt":"2024-03-22T07:52:30","guid":{"rendered":"https:\/\/www.faustyna.pl\/zmbm\/?page_id=28700"},"modified":"2026-04-02T20:18:04","modified_gmt":"2026-04-02T18:18:04","slug":"wielki-czwartek-9","status":"publish","type":"page","link":"https:\/\/www.faustyna.pl\/zmbm\/wielki-czwartek-9\/","title":{"rendered":"Wielki Czwartek"},"content":{"rendered":"<p><a href=\"https:\/\/www.faustyna.pl\/zmbm\/wp-content\/uploads\/2026\/03\/Wieczernik_Al_ISMM.png\" data-gallery><img loading=\"lazy\" decoding=\"async\" class=\"size-medium wp-image-32110 alignnone\" src=\"https:\/\/www.faustyna.pl\/zmbm\/wp-content\/uploads\/2026\/03\/Wieczernik_Al_ISMM-560x333.png\" alt=\"\" width=\"560\" height=\"333\" srcset=\"https:\/\/www.faustyna.pl\/zmbm\/wp-content\/uploads\/2026\/03\/Wieczernik_Al_ISMM-560x333.png 560w, https:\/\/www.faustyna.pl\/zmbm\/wp-content\/uploads\/2026\/03\/Wieczernik_Al_ISMM-140x83.png 140w, https:\/\/www.faustyna.pl\/zmbm\/wp-content\/uploads\/2026\/03\/Wieczernik_Al_ISMM.png 1024w\" sizes=\"auto, (max-width: 560px) 100vw, 560px\" \/><\/a><\/p>\n<p style=\"text-align: justify\">Wielki Czwartek jest dniem dzi\u0119kczynienia mi\u0142osiernemu Bogu za dar kap\u0142a\u0144stwa oraz Eucharystii. <em>Jezus pozwoli\u0142 mi wej\u015b\u0107 do Wieczernika \u2013 <\/em>pisa\u0142a \u015bw. Siostra Faustyna o swym mistycznym do\u015bwiadczeniu <em>\u2013 i by\u0142am obecna, co si\u0119 tam dzia\u0142o Jednak najg\u0142\u0119biej przej\u0119\u0142a mi\u0119 chwila, [przej\u0119\u0142am] si\u0119 chwil\u0105, w kt\u00f3rej Jezus przed konsekracj\u0105 wzni\u00f3s\u0142 oczy w niebo i wszed\u0142 w tajemnicz\u0105 rozmow\u0119 z Ojcem swoim. Ten moment w wieczno\u015bci dopiero poznamy nale\u017cycie. Oczy Jego by\u0142y jako dwa p\u0142omienie, twarz rozpromieniona, bia\u0142a jak \u015bnieg, ca\u0142a posta\u0107 majestatyczna, Jego dusza st\u0119skniona; w chwili konsekracji odpocz\u0119\u0142a mi\u0142o\u015b\u0107 nasycona \u2013 ofiara w ca\u0142ej pe\u0142ni dokonana. Teraz tylko zewn\u0119trzna ceremonia \u015bmierci si\u0119 wype\u0142ni, zewn\u0119trzne zniszczenie. Istota jest w Wieczerniku<\/em> (Dz. 684).<\/p>\n<p>W Sanktuarium Bo\u017cego Mi\u0142osierdzia w Krakowie-\u0141agiewnikach w Wielki Czwartek (2 kwietnia br.) o godzinie 18:00 Mszy \u015awi\u0119tej Wieczerzy Pa\u0144skiej przewodniczy\u0107 b\u0119dzie bp Jan Zaj\u0105c, honorowy kustosz Sanktuarium. Liturgi\u0119 wielkoczwartkow\u0105 zako\u0144czy procesja z Naj\u015bwi\u0119tszym Sakramentem do Ciemnicy, kt\u00f3ra tradycyjnie jest urz\u0105dzana w kaplicy klasztornej z \u0142askami s\u0142yn\u0105cym obrazem Jezusa Mi\u0142osiernego i grobem \u015bw. Faustyny. Adoracja Pana Jezusa w Ciemnicy b\u0119dzie trwa\u0107 przez ca\u0142\u0105 noc.<\/p>\n","protected":false},"excerpt":{"rendered":"<p>Wielki Czwartek jest dniem dzi\u0119kczynienia mi\u0142osiernemu Bogu za dar kap\u0142a\u0144stwa oraz Eucharystii. Jezus pozwoli\u0142 mi wej\u015b\u0107 do Wieczernika \u2013 pisa\u0142a \u015bw. Siostra Faustyna o swym mistycznym do\u015bwiadczeniu \u2013 i by\u0142am obecna, co si\u0119 tam dzia\u0142o Jednak najg\u0142\u0119biej przej\u0119\u0142a mi\u0119 chwila, [przej\u0119\u0142am] si\u0119 chwil\u0105, w kt\u00f3rej Jezus przed konsekracj\u0105 wzni\u00f3s\u0142 oczy w niebo i wszed\u0142 w [&hellip;]<\/p>\n","protected":false},"author":1,"featured_media":32110,"parent":0,"menu_order":-1574,"comment_status":"closed","ping_status":"closed","template":"","meta":{"footnotes":""},"categories":[104],"tags":[],"class_list":["post-28700","page","type-page","status-publish","has-post-thumbnail","hentry","category-archiwum"],"_links":{"self":[{"href":"https:\/\/www.faustyna.pl\/zmbm\/wp-json\/wp\/v2\/pages\/28700","targetHints":{"allow":["GET"]}}],"collection":[{"href":"https:\/\/www.faustyna.pl\/zmbm\/wp-json\/wp\/v2\/pages"}],"about":[{"href":"https:\/\/www.faustyna.pl\/zmbm\/wp-json\/wp\/v2\/types\/page"}],"author":[{"embeddable":true,"href":"https:\/\/www.faustyna.pl\/zmbm\/wp-json\/wp\/v2\/users\/1"}],"replies":[{"embeddable":true,"href":"https:\/\/www.faustyna.pl\/zmbm\/wp-json\/wp\/v2\/comments?post=28700"}],"version-history":[{"count":7,"href":"https:\/\/www.faustyna.pl\/zmbm\/wp-json\/wp\/v2\/pages\/28700\/revisions"}],"predecessor-version":[{"id":32121,"href":"https:\/\/www.faustyna.pl\/zmbm\/wp-json\/wp\/v2\/pages\/28700\/revisions\/32121"}],"wp:featuredmedia":[{"embeddable":true,"href":"https:\/\/www.faustyna.pl\/zmbm\/wp-json\/wp\/v2\/media\/32110"}],"wp:attachment":[{"href":"https:\/\/www.faustyna.pl\/zmbm\/wp-json\/wp\/v2\/media?parent=28700"}],"wp:term":[{"taxonomy":"category","embeddable":true,"href":"https:\/\/www.faustyna.pl\/zmbm\/wp-json\/wp\/v2\/categories?post=28700"},{"taxonomy":"post_tag","embeddable":true,"href":"https:\/\/www.faustyna.pl\/zmbm\/wp-json\/wp\/v2\/tags?post=28700"}],"curies":[{"name":"wp","href":"https:\/\/api.w.org\/{rel}","templated":true}]}}

<p><a href="https://www.faustyna.pl/zmbm/wp-content/uploads/2026/03/Wieczernik_Al_ISMM.png" data-gallery><img loading="lazy" decoding="async" class="size-medium wp-image-32110 alignnone" src="https://www.faustyna.pl/zmbm/wp-content/uploads/2026/03/Wieczernik_Al_ISMM-560x333.png" alt="" width="560" height="333" srcset="https://www.faustyna.pl/zmbm/wp-content/uploads/2026/03/Wieczernik_Al_ISMM-560x333.png 560w, https://www.faustyna.pl/zmbm/wp-content/uploads/2026/03/Wieczernik_Al_ISMM-140x83.png 140w, https://www.faustyna.pl/zmbm/wp-content/uploads/2026/03/Wieczernik_Al_ISMM.png 1024w" sizes="auto, (max-width: 560px) 100vw, 560px" /></a></p>
<p style="text-align: justify">Wielki Czwartek jest dniem dziękczynienia miłosiernemu Bogu za dar kapłaństwa oraz Eucharystii. <em>Jezus pozwolił mi wejść do Wieczernika – </em>pisała św. Siostra Faustyna o swym mistycznym doświadczeniu <em>– i byłam obecna, co się tam działo Jednak najgłębiej przejęła mię chwila, [przejęłam] się chwilą, w której Jezus przed konsekracją wzniósł oczy w niebo i wszedł w tajemniczą rozmowę z Ojcem swoim. Ten moment w wieczności dopiero poznamy należycie. Oczy Jego były jako dwa płomienie, twarz rozpromieniona, biała jak śnieg, cała postać majestatyczna, Jego dusza stęskniona; w chwili konsekracji odpoczęła miłość nasycona – ofiara w całej pełni dokonana. Teraz tylko zewnętrzna ceremonia śmierci się wypełni, zewnętrzne zniszczenie. Istota jest w Wieczerniku</em> (Dz. 684).</p>
<p>W Sanktuarium Bożego Miłosierdzia w Krakowie-Łagiewnikach w Wielki Czwartek (2 kwietnia br.) o godzinie 18:00 Mszy Świętej Wieczerzy Pańskiej przewodniczyć będzie bp Jan Zając, honorowy kustosz Sanktuarium. Liturgię wielkoczwartkową zakończy procesja z Najświętszym Sakramentem do Ciemnicy, która tradycyjnie jest urządzana w kaplicy klasztornej z łaskami słynącym obrazem Jezusa Miłosiernego i grobem św. Faustyny. Adoracja Pana Jezusa w Ciemnicy będzie trwać przez całą noc.</p>

<p>Wielki Czwartek jest dniem dziękczynienia miłosiernemu Bogu za dar kapłaństwa oraz Eucharystii. Jezus pozwolił mi wejść do Wieczernika – pisała św. Siostra Faustyna o swym mistycznym doświadczeniu – i byłam obecna, co się tam działo Jednak najgłębiej przejęła mię chwila, [przejęłam] się chwilą, w której Jezus przed konsekracją wzniósł oczy w niebo i wszedł w [&hellip;]</p>
