



{"id":28741,"date":"2024-03-23T13:35:57","date_gmt":"2024-03-23T12:35:57","guid":{"rendered":"https:\/\/www.faustyna.pl\/zmbm\/?page_id=28741"},"modified":"2026-04-04T21:31:57","modified_gmt":"2026-04-04T19:31:57","slug":"wielka-sobota-9","status":"publish","type":"page","link":"https:\/\/www.faustyna.pl\/zmbm\/wielka-sobota-9\/","title":{"rendered":"Wielka Sobota"},"content":{"rendered":"<p style=\"text-align: justify;line-height: 150%\"><a href=\"https:\/\/www.faustyna.pl\/zmbm\/wp-content\/uploads\/2026\/03\/Wielka_Sobota.jpg\" data-gallery><img loading=\"lazy\" decoding=\"async\" class=\"size-medium wp-image-32106 alignnone\" src=\"https:\/\/www.faustyna.pl\/zmbm\/wp-content\/uploads\/2026\/03\/Wielka_Sobota-560x333.jpg\" alt=\"\" width=\"560\" height=\"333\" srcset=\"https:\/\/www.faustyna.pl\/zmbm\/wp-content\/uploads\/2026\/03\/Wielka_Sobota-560x333.jpg 560w, https:\/\/www.faustyna.pl\/zmbm\/wp-content\/uploads\/2026\/03\/Wielka_Sobota-140x83.jpg 140w, https:\/\/www.faustyna.pl\/zmbm\/wp-content\/uploads\/2026\/03\/Wielka_Sobota.jpg 1024w\" sizes=\"auto, (max-width: 560px) 100vw, 560px\" \/><\/a><\/p>\n<p style=\"text-align: justify;line-height: 150%\">W Ko\u015bciele katolickim Wielka Sobota jest dniem \u017ca\u0142oby po ukrzy\u017cowaniu Jezusa Chrystusa. W ko\u015bcio\u0142ach i kaplicach w \u201eGrobie Pa\u0144skim\u201d adorujemy Pana Jezusa w Naj\u015bwi\u0119tszym Sakramencie, dzi\u0119kuj\u0105c Mu za dzie\u0142o odkupienia i wszystkie \u0142aski wys\u0142u\u017cone na krzy\u017cu dla naszego zbawienia oraz b\u0142agamy o mi\u0142osierdzie dla nas i ca\u0142ego \u015bwiata. W Sanktuarium Bo\u017cego Mi\u0142osierdzia w Krakowie-\u0141agiewnikach od rana \u015bwi\u0119cone s\u0105 pokarmy na \u015bwi\u0105teczne sto\u0142y. O godzinie 15:00 odprawiana jest modlitwa w Godzinie Mi\u0142osierdzia z nowenn\u0105 przed \u015awi\u0119tem Mi\u0142osierdzia Bo\u017cego, a nast\u0119pnie nabo\u017ce\u0144stwo zst\u0105pienia Jezusa do otch\u0142ani. Po zapadni\u0119ciu zmroku, a wi\u0119c o godzinie 20:00 przed bazylik\u0105 rozpoczynaj\u0105 si\u0119 obrz\u0119dy Wigilii Paschalnej z Eucharysti\u0105, na kt\u00f3re nale\u017cy przynie\u015b\u0107 \u015bwiecie, gdy\u017c w czasie liturgii odnawiane s\u0105 przyrzeczenia chrztu \u015bwi\u0119tego.<\/p>\n","protected":false},"excerpt":{"rendered":"<p>W Ko\u015bciele katolickim Wielka Sobota jest dniem \u017ca\u0142oby po ukrzy\u017cowaniu Jezusa Chrystusa. W ko\u015bcio\u0142ach i kaplicach w \u201eGrobie Pa\u0144skim\u201d adorujemy Pana Jezusa w Naj\u015bwi\u0119tszym Sakramencie, dzi\u0119kuj\u0105c Mu za dzie\u0142o odkupienia i wszystkie \u0142aski wys\u0142u\u017cone na krzy\u017cu dla naszego zbawienia oraz b\u0142agamy o mi\u0142osierdzie dla nas i ca\u0142ego \u015bwiata. W Sanktuarium Bo\u017cego Mi\u0142osierdzia w Krakowie-\u0141agiewnikach od [&hellip;]<\/p>\n","protected":false},"author":1,"featured_media":32106,"parent":0,"menu_order":-1576,"comment_status":"closed","ping_status":"closed","template":"","meta":{"footnotes":""},"categories":[104],"tags":[],"class_list":["post-28741","page","type-page","status-publish","has-post-thumbnail","hentry","category-archiwum"],"_links":{"self":[{"href":"https:\/\/www.faustyna.pl\/zmbm\/wp-json\/wp\/v2\/pages\/28741","targetHints":{"allow":["GET"]}}],"collection":[{"href":"https:\/\/www.faustyna.pl\/zmbm\/wp-json\/wp\/v2\/pages"}],"about":[{"href":"https:\/\/www.faustyna.pl\/zmbm\/wp-json\/wp\/v2\/types\/page"}],"author":[{"embeddable":true,"href":"https:\/\/www.faustyna.pl\/zmbm\/wp-json\/wp\/v2\/users\/1"}],"replies":[{"embeddable":true,"href":"https:\/\/www.faustyna.pl\/zmbm\/wp-json\/wp\/v2\/comments?post=28741"}],"version-history":[{"count":4,"href":"https:\/\/www.faustyna.pl\/zmbm\/wp-json\/wp\/v2\/pages\/28741\/revisions"}],"predecessor-version":[{"id":32107,"href":"https:\/\/www.faustyna.pl\/zmbm\/wp-json\/wp\/v2\/pages\/28741\/revisions\/32107"}],"wp:featuredmedia":[{"embeddable":true,"href":"https:\/\/www.faustyna.pl\/zmbm\/wp-json\/wp\/v2\/media\/32106"}],"wp:attachment":[{"href":"https:\/\/www.faustyna.pl\/zmbm\/wp-json\/wp\/v2\/media?parent=28741"}],"wp:term":[{"taxonomy":"category","embeddable":true,"href":"https:\/\/www.faustyna.pl\/zmbm\/wp-json\/wp\/v2\/categories?post=28741"},{"taxonomy":"post_tag","embeddable":true,"href":"https:\/\/www.faustyna.pl\/zmbm\/wp-json\/wp\/v2\/tags?post=28741"}],"curies":[{"name":"wp","href":"https:\/\/api.w.org\/{rel}","templated":true}]}}

<p style="text-align: justify;line-height: 150%"><a href="https://www.faustyna.pl/zmbm/wp-content/uploads/2026/03/Wielka_Sobota.jpg" data-gallery><img loading="lazy" decoding="async" class="size-medium wp-image-32106 alignnone" src="https://www.faustyna.pl/zmbm/wp-content/uploads/2026/03/Wielka_Sobota-560x333.jpg" alt="" width="560" height="333" srcset="https://www.faustyna.pl/zmbm/wp-content/uploads/2026/03/Wielka_Sobota-560x333.jpg 560w, https://www.faustyna.pl/zmbm/wp-content/uploads/2026/03/Wielka_Sobota-140x83.jpg 140w, https://www.faustyna.pl/zmbm/wp-content/uploads/2026/03/Wielka_Sobota.jpg 1024w" sizes="auto, (max-width: 560px) 100vw, 560px" /></a></p>
<p style="text-align: justify;line-height: 150%">W Kościele katolickim Wielka Sobota jest dniem żałoby po ukrzyżowaniu Jezusa Chrystusa. W kościołach i kaplicach w „Grobie Pańskim” adorujemy Pana Jezusa w Najświętszym Sakramencie, dziękując Mu za dzieło odkupienia i wszystkie łaski wysłużone na krzyżu dla naszego zbawienia oraz błagamy o miłosierdzie dla nas i całego świata. W Sanktuarium Bożego Miłosierdzia w Krakowie-Łagiewnikach od rana święcone są pokarmy na świąteczne stoły. O godzinie 15:00 odprawiana jest modlitwa w Godzinie Miłosierdzia z nowenną przed Świętem Miłosierdzia Bożego, a następnie nabożeństwo zstąpienia Jezusa do otchłani. Po zapadnięciu zmroku, a więc o godzinie 20:00 przed bazyliką rozpoczynają się obrzędy Wigilii Paschalnej z Eucharystią, na które należy przynieść świecie, gdyż w czasie liturgii odnawiane są przyrzeczenia chrztu świętego.</p>

<p>W Kościele katolickim Wielka Sobota jest dniem żałoby po ukrzyżowaniu Jezusa Chrystusa. W kościołach i kaplicach w „Grobie Pańskim” adorujemy Pana Jezusa w Najświętszym Sakramencie, dziękując Mu za dzieło odkupienia i wszystkie łaski wysłużone na krzyżu dla naszego zbawienia oraz błagamy o miłosierdzie dla nas i całego świata. W Sanktuarium Bożego Miłosierdzia w Krakowie-Łagiewnikach od [&hellip;]</p>
