



{"id":28779,"date":"2024-03-27T11:25:43","date_gmt":"2024-03-27T10:25:43","guid":{"rendered":"https:\/\/www.faustyna.pl\/zmbm\/?page_id=28779"},"modified":"2026-04-13T08:13:03","modified_gmt":"2026-04-13T06:13:03","slug":"swieto-milosierdzia-w-lagiewnikach-program","status":"publish","type":"page","link":"https:\/\/www.faustyna.pl\/zmbm\/swieto-milosierdzia-w-lagiewnikach-program\/","title":{"rendered":"\u015awi\u0119to Mi\u0142osierdzia w \u0141agiewnikach \u2013 program"},"content":{"rendered":"<p><a href=\"https:\/\/www.faustyna.pl\/zmbm\/wp-content\/uploads\/2024\/03\/Niedziela_Milosierdzia_Lagiewniki_2023.jpg\" data-gallery><img loading=\"lazy\" decoding=\"async\" class=\"alignnone size-medium wp-image-28780\" src=\"https:\/\/www.faustyna.pl\/zmbm\/wp-content\/uploads\/2024\/03\/Niedziela_Milosierdzia_Lagiewniki_2023-560x333.jpg\" alt=\"\" width=\"560\" height=\"333\" srcset=\"https:\/\/www.faustyna.pl\/zmbm\/wp-content\/uploads\/2024\/03\/Niedziela_Milosierdzia_Lagiewniki_2023-560x333.jpg 560w, https:\/\/www.faustyna.pl\/zmbm\/wp-content\/uploads\/2024\/03\/Niedziela_Milosierdzia_Lagiewniki_2023-140x83.jpg 140w, https:\/\/www.faustyna.pl\/zmbm\/wp-content\/uploads\/2024\/03\/Niedziela_Milosierdzia_Lagiewniki_2023.jpg 1024w\" sizes=\"auto, (max-width: 560px) 100vw, 560px\" \/><\/a><\/p>\n<p style=\"text-align: justify\">\u015awi\u0119to Mi\u0142osierdzia, zgodnie z \u017cyczeniem Jezusa przekazanym przez \u015bw. Siostr\u0119 Faustyn\u0119 i decyzjami Ojca \u015awi\u0119tego Jana Paw\u0142a II, obchodzone jest w pierwsz\u0105 niedziel\u0119 po Wielkanocy (tym roku \u2013 12 kwietnia). Centralne uroczysto\u015bci odbywaj\u0105 si\u0119 w Sanktuarium Bo\u017cego Mi\u0142osierdzia w Krakowie-\u0141agiewnikach. Poprzedza je nowenna z Koronki do Mi\u0142osierdzia Bo\u017cego odprawiana od Wielkiego Pi\u0105tku, a bezpo\u015brednio \u2013 nocne czuwanie, kt\u00f3re rozpoczyna si\u0119 w bazylice w sobot\u0119 o 18:00 Msz\u0105 \u015bw. pod przewodnictwem abp. Marka J\u0119draszewskiego.<\/p>\n<p>Msze \u015awi\u0119te w Niedziel\u0119 Mi\u0142osierdzia Bo\u017cego b\u0119d\u0105 celebrowanie wed\u0142ug nast\u0119puj\u0105cego programu:<\/p>\n<p><strong>24.00 \u2013 Msza \u015awi\u0119ta<\/strong>, bp Janusz Mastalski (bazylika).<\/p>\n<p>2.00-5.00 \u2013 Czuwanie modlitewne (bazylika).<\/p>\n<p><strong>6.00 \u2013<\/strong> <strong>Msza \u015awi\u0119ta<\/strong>, ks. Tomasz Szopa, kustosz Sanktuarium \u015bw. Jana Paw\u0142a II (bazylika).<\/p>\n<p><strong>8.00 \u2013 Msza \u015awi\u0119ta<\/strong>, bp Damian Muskus OFM z Krakowa (bazylika).<\/p>\n<p><span style=\"color: #800000\"><strong>10.00 \u2013 Msza \u015awi\u0119ta<\/strong>, <strong>kard. Grzegorz Ry\u015b, metropolita krakowski <\/strong><span style=\"color: #000000\">(o\u0142tarz polowy przed bazylik\u0105) \u2013 TVP 1.<\/span><\/span><\/p>\n<p><strong>12.30 \u2013 Msza \u015awi\u0119ta,<\/strong> ks. Robert Wo\u017cniak, rektor Wy\u017cszego Seminarium Duchownego (bazylika).<\/p>\n<p><span style=\"color: #800000\"><strong>15.00<\/strong> \u2013 <strong>Godzina Mi\u0142osierdzia i Koronka do Mi\u0142osierdzia Bo\u017cego<\/strong><\/span> \u2013 ks. Zbigniew Bielas, rektor Sanktuarium, oraz siostry ze Zgromadzenia Matki Bo\u017cej Mi\u0142osierdzia (bazylika) \u2013Transmisja: TVP Republika oraz kilkana\u015bcie rozg\u0142o\u015bni radiowych (bazylika).<\/p>\n<p><strong>16.00 \u2013 Msza \u015awi\u0119ta,<\/strong> kard. Stanis\u0142aw Dziwisz (bazylika).<\/p>\n<p><strong>18.00 \u2013 Msza \u015awi\u0119ta<\/strong>, bp Robert Chrz\u0105szcz z Krakowa (bazylika).<\/p>\n<p><strong>19.00 \u2013 Msza \u015awi\u0119ta<\/strong>, o. Grzegorz Zembro\u0144, prowincja\u0142 misjonarzy saletyn\u00f3w (kaplica z \u0142askami s\u0142yn\u0105cym obrazem Jezusa Mi\u0142osiernego i grobem \u015bw. Faustyny).<\/p>\n<p>Msze \u015awi\u0119te z bazyliki b\u0119d\u0105 transmitowane przez TV Milosierdzie na stronie Rektoratu Sanktuarium: <a href=\"http:\/\/www.milosierdzie.pl\">www.milosierdzie.pl<\/a> , natomiast Msza \u015bw. o 19:00 oraz nawiedzenie przez pielgrzym\u00f3w \u0142askami s\u0142yn\u0105cego obrazu Jezusa Mi\u0142osiernego oraz grobu \u015bw. Siostry Faustyny \u2013 transmisja on-line na stronie: <a href=\"http:\/\/www.faustyna.pl\">www.faustyna.pl<\/a>, You Tube.<\/p>\n","protected":false},"excerpt":{"rendered":"<p>\u015awi\u0119to Mi\u0142osierdzia, zgodnie z \u017cyczeniem Jezusa przekazanym przez \u015bw. Siostr\u0119 Faustyn\u0119 i decyzjami Ojca \u015awi\u0119tego Jana Paw\u0142a II, obchodzone jest w pierwsz\u0105 niedziel\u0119 po Wielkanocy (tym roku \u2013 12 kwietnia). Centralne uroczysto\u015bci odbywaj\u0105 si\u0119 w Sanktuarium Bo\u017cego Mi\u0142osierdzia w Krakowie-\u0141agiewnikach. Poprzedza je nowenna z Koronki do Mi\u0142osierdzia Bo\u017cego odprawiana od Wielkiego Pi\u0105tku, a bezpo\u015brednio \u2013 [&hellip;]<\/p>\n","protected":false},"author":1,"featured_media":28780,"parent":0,"menu_order":-1580,"comment_status":"closed","ping_status":"closed","template":"","meta":{"footnotes":""},"categories":[104],"tags":[],"class_list":["post-28779","page","type-page","status-publish","has-post-thumbnail","hentry","category-archiwum"],"_links":{"self":[{"href":"https:\/\/www.faustyna.pl\/zmbm\/wp-json\/wp\/v2\/pages\/28779","targetHints":{"allow":["GET"]}}],"collection":[{"href":"https:\/\/www.faustyna.pl\/zmbm\/wp-json\/wp\/v2\/pages"}],"about":[{"href":"https:\/\/www.faustyna.pl\/zmbm\/wp-json\/wp\/v2\/types\/page"}],"author":[{"embeddable":true,"href":"https:\/\/www.faustyna.pl\/zmbm\/wp-json\/wp\/v2\/users\/1"}],"replies":[{"embeddable":true,"href":"https:\/\/www.faustyna.pl\/zmbm\/wp-json\/wp\/v2\/comments?post=28779"}],"version-history":[{"count":13,"href":"https:\/\/www.faustyna.pl\/zmbm\/wp-json\/wp\/v2\/pages\/28779\/revisions"}],"predecessor-version":[{"id":32138,"href":"https:\/\/www.faustyna.pl\/zmbm\/wp-json\/wp\/v2\/pages\/28779\/revisions\/32138"}],"wp:featuredmedia":[{"embeddable":true,"href":"https:\/\/www.faustyna.pl\/zmbm\/wp-json\/wp\/v2\/media\/28780"}],"wp:attachment":[{"href":"https:\/\/www.faustyna.pl\/zmbm\/wp-json\/wp\/v2\/media?parent=28779"}],"wp:term":[{"taxonomy":"category","embeddable":true,"href":"https:\/\/www.faustyna.pl\/zmbm\/wp-json\/wp\/v2\/categories?post=28779"},{"taxonomy":"post_tag","embeddable":true,"href":"https:\/\/www.faustyna.pl\/zmbm\/wp-json\/wp\/v2\/tags?post=28779"}],"curies":[{"name":"wp","href":"https:\/\/api.w.org\/{rel}","templated":true}]}}

Święto Miłosierdzia w Łagiewnikach – program

<p><a href="https://www.faustyna.pl/zmbm/wp-content/uploads/2024/03/Niedziela_Milosierdzia_Lagiewniki_2023.jpg" data-gallery><img loading="lazy" decoding="async" class="alignnone size-medium wp-image-28780" src="https://www.faustyna.pl/zmbm/wp-content/uploads/2024/03/Niedziela_Milosierdzia_Lagiewniki_2023-560x333.jpg" alt="" width="560" height="333" srcset="https://www.faustyna.pl/zmbm/wp-content/uploads/2024/03/Niedziela_Milosierdzia_Lagiewniki_2023-560x333.jpg 560w, https://www.faustyna.pl/zmbm/wp-content/uploads/2024/03/Niedziela_Milosierdzia_Lagiewniki_2023-140x83.jpg 140w, https://www.faustyna.pl/zmbm/wp-content/uploads/2024/03/Niedziela_Milosierdzia_Lagiewniki_2023.jpg 1024w" sizes="auto, (max-width: 560px) 100vw, 560px" /></a></p>
<p style="text-align: justify">Święto Miłosierdzia, zgodnie z życzeniem Jezusa przekazanym przez św. Siostrę Faustynę i decyzjami Ojca Świętego Jana Pawła II, obchodzone jest w pierwszą niedzielę po Wielkanocy (tym roku – 12 kwietnia). Centralne uroczystości odbywają się w Sanktuarium Bożego Miłosierdzia w Krakowie-Łagiewnikach. Poprzedza je nowenna z Koronki do Miłosierdzia Bożego odprawiana od Wielkiego Piątku, a bezpośrednio – nocne czuwanie, które rozpoczyna się w bazylice w sobotę o 18:00 Mszą św. pod przewodnictwem abp. Marka Jędraszewskiego.</p>
<p>Msze Święte w Niedzielę Miłosierdzia Bożego będą celebrowanie według następującego programu:</p>
<p><strong>24.00 – Msza Święta</strong>, bp Janusz Mastalski (bazylika).</p>
<p>2.00-5.00 – Czuwanie modlitewne (bazylika).</p>
<p><strong>6.00 –</strong> <strong>Msza Święta</strong>, ks. Tomasz Szopa, kustosz Sanktuarium św. Jana Pawła II (bazylika).</p>
<p><strong>8.00 – Msza Święta</strong>, bp Damian Muskus OFM z Krakowa (bazylika).</p>
<p><span style="color: #800000"><strong>10.00 – Msza Święta</strong>, <strong>kard. Grzegorz Ryś, metropolita krakowski </strong><span style="color: #000000">(ołtarz polowy przed bazyliką) – TVP 1.</span></span></p>
<p><strong>12.30 – Msza Święta,</strong> ks. Robert Wożniak, rektor Wyższego Seminarium Duchownego (bazylika).</p>
<p><span style="color: #800000"><strong>15.00</strong> – <strong>Godzina Miłosierdzia i Koronka do Miłosierdzia Bożego</strong></span> – ks. Zbigniew Bielas, rektor Sanktuarium, oraz siostry ze Zgromadzenia Matki Bożej Miłosierdzia (bazylika) –Transmisja: TVP Republika oraz kilkanaście rozgłośni radiowych (bazylika).</p>
<p><strong>16.00 – Msza Święta,</strong> kard. Stanisław Dziwisz (bazylika).</p>
<p><strong>18.00 – Msza Święta</strong>, bp Robert Chrząszcz z Krakowa (bazylika).</p>
<p><strong>19.00 – Msza Święta</strong>, o. Grzegorz Zembroń, prowincjał misjonarzy saletynów (kaplica z łaskami słynącym obrazem Jezusa Miłosiernego i grobem św. Faustyny).</p>
<p>Msze Święte z bazyliki będą transmitowane przez TV Milosierdzie na stronie Rektoratu Sanktuarium: <a href="http://www.milosierdzie.pl">www.milosierdzie.pl</a> , natomiast Msza św. o 19:00 oraz nawiedzenie przez pielgrzymów łaskami słynącego obrazu Jezusa Miłosiernego oraz grobu św. Siostry Faustyny – transmisja on-line na stronie: <a href="http://www.faustyna.pl">www.faustyna.pl</a>, You Tube.</p>

<p>Święto Miłosierdzia, zgodnie z życzeniem Jezusa przekazanym przez św. Siostrę Faustynę i decyzjami Ojca Świętego Jana Pawła II, obchodzone jest w pierwszą niedzielę po Wielkanocy (tym roku – 12 kwietnia). Centralne uroczystości odbywają się w Sanktuarium Bożego Miłosierdzia w Krakowie-Łagiewnikach. Poprzedza je nowenna z Koronki do Miłosierdzia Bożego odprawiana od Wielkiego Piątku, a bezpośrednio – [&hellip;]</p>
