



{"id":28912,"date":"2024-04-06T10:55:05","date_gmt":"2024-04-06T08:55:05","guid":{"rendered":"https:\/\/www.faustyna.pl\/zmbm\/?page_id=28912"},"modified":"2026-04-13T08:12:04","modified_gmt":"2026-04-13T06:12:04","slug":"misja-sw-faustyny-swieto-milosierdzia","status":"publish","type":"page","link":"https:\/\/www.faustyna.pl\/zmbm\/misja-sw-faustyny-swieto-milosierdzia\/","title":{"rendered":"Misja \u015bw. Faustyny \u2013 \u015bwi\u0119to Mi\u0142osierdzia"},"content":{"rendered":"<p><a href=\"https:\/\/www.faustyna.pl\/zmbm\/wp-content\/uploads\/2024\/04\/Rozmowy-o-Milosierdziu-TVP-049.jpg\" data-gallery><img loading=\"lazy\" decoding=\"async\" class=\"alignnone size-medium wp-image-28913\" src=\"https:\/\/www.faustyna.pl\/zmbm\/wp-content\/uploads\/2024\/04\/Rozmowy-o-Milosierdziu-TVP-049-560x334.jpg\" alt=\"\" width=\"560\" height=\"334\" srcset=\"https:\/\/www.faustyna.pl\/zmbm\/wp-content\/uploads\/2024\/04\/Rozmowy-o-Milosierdziu-TVP-049-560x334.jpg 560w, https:\/\/www.faustyna.pl\/zmbm\/wp-content\/uploads\/2024\/04\/Rozmowy-o-Milosierdziu-TVP-049-140x83.jpg 140w, https:\/\/www.faustyna.pl\/zmbm\/wp-content\/uploads\/2024\/04\/Rozmowy-o-Milosierdziu-TVP-049.jpg 1024w\" sizes=\"auto, (max-width: 560px) 100vw, 560px\" \/><\/a><\/p>\n<p style=\"text-align: justify\">Z okazji <a href=\"https:\/\/www.faustyna.pl\/zmbm\/3-swieto-milosierdzia-bozego-9-53\/\">\u015awi\u0119ta Mi\u0142osierdzia<\/a> pragniemy przypomnie\u0107 odcinek z cyklu program\u00f3w zwi\u0105zanych z prorock\u0105 misj\u0105 \u015bw. Siostry Faustyny, zatytu\u0142owanych \u201eRozmowy o Mi\u0142osierdziu\u201d.\u00a0 Ojciec Jan Szewek OFMConv i s. El\u017cbieta Siepak ISMM z klasztoru w Krakowie-\u0141agiewnikach rozmawiali o \u015bwi\u0119cie Mi\u0142osierdzia, jego genezie, znaczeniu, historii i cudach. Program zrealizowa\u0142a TVP Krak\u00f3w przy wsp\u00f3\u0142pracy ze Zgromadzeniem Matki Bo\u017cej Mi\u0142osierdzia. <a href=\"https:\/\/www.youtube.com\/playlist?list=PLWF68e-lrJNEYNYYyTSw7J7EDSKXkwpfs\">Wszystkie odcinki<\/a> s\u0105 dost\u0119pne jest na You Tube w kanale: Faustyna.pl<\/p>\n","protected":false},"excerpt":{"rendered":"<p>Z okazji \u015awi\u0119ta Mi\u0142osierdzia pragniemy przypomnie\u0107 odcinek z cyklu program\u00f3w zwi\u0105zanych z prorock\u0105 misj\u0105 \u015bw. Siostry Faustyny, zatytu\u0142owanych \u201eRozmowy o Mi\u0142osierdziu\u201d.\u00a0 Ojciec Jan Szewek OFMConv i s. El\u017cbieta Siepak ISMM z klasztoru w Krakowie-\u0141agiewnikach rozmawiali o \u015bwi\u0119cie Mi\u0142osierdzia, jego genezie, znaczeniu, historii i cudach. Program zrealizowa\u0142a TVP Krak\u00f3w przy wsp\u00f3\u0142pracy ze Zgromadzeniem Matki Bo\u017cej Mi\u0142osierdzia. [&hellip;]<\/p>\n","protected":false},"author":1,"featured_media":28913,"parent":0,"menu_order":-1580,"comment_status":"closed","ping_status":"closed","template":"","meta":{"footnotes":""},"categories":[104],"tags":[],"class_list":["post-28912","page","type-page","status-publish","has-post-thumbnail","hentry","category-archiwum"],"_links":{"self":[{"href":"https:\/\/www.faustyna.pl\/zmbm\/wp-json\/wp\/v2\/pages\/28912","targetHints":{"allow":["GET"]}}],"collection":[{"href":"https:\/\/www.faustyna.pl\/zmbm\/wp-json\/wp\/v2\/pages"}],"about":[{"href":"https:\/\/www.faustyna.pl\/zmbm\/wp-json\/wp\/v2\/types\/page"}],"author":[{"embeddable":true,"href":"https:\/\/www.faustyna.pl\/zmbm\/wp-json\/wp\/v2\/users\/1"}],"replies":[{"embeddable":true,"href":"https:\/\/www.faustyna.pl\/zmbm\/wp-json\/wp\/v2\/comments?post=28912"}],"version-history":[{"count":2,"href":"https:\/\/www.faustyna.pl\/zmbm\/wp-json\/wp\/v2\/pages\/28912\/revisions"}],"predecessor-version":[{"id":30693,"href":"https:\/\/www.faustyna.pl\/zmbm\/wp-json\/wp\/v2\/pages\/28912\/revisions\/30693"}],"wp:featuredmedia":[{"embeddable":true,"href":"https:\/\/www.faustyna.pl\/zmbm\/wp-json\/wp\/v2\/media\/28913"}],"wp:attachment":[{"href":"https:\/\/www.faustyna.pl\/zmbm\/wp-json\/wp\/v2\/media?parent=28912"}],"wp:term":[{"taxonomy":"category","embeddable":true,"href":"https:\/\/www.faustyna.pl\/zmbm\/wp-json\/wp\/v2\/categories?post=28912"},{"taxonomy":"post_tag","embeddable":true,"href":"https:\/\/www.faustyna.pl\/zmbm\/wp-json\/wp\/v2\/tags?post=28912"}],"curies":[{"name":"wp","href":"https:\/\/api.w.org\/{rel}","templated":true}]}}

Misja św. Faustyny – święto Miłosierdzia

<p><a href="https://www.faustyna.pl/zmbm/wp-content/uploads/2024/04/Rozmowy-o-Milosierdziu-TVP-049.jpg" data-gallery><img loading="lazy" decoding="async" class="alignnone size-medium wp-image-28913" src="https://www.faustyna.pl/zmbm/wp-content/uploads/2024/04/Rozmowy-o-Milosierdziu-TVP-049-560x334.jpg" alt="" width="560" height="334" srcset="https://www.faustyna.pl/zmbm/wp-content/uploads/2024/04/Rozmowy-o-Milosierdziu-TVP-049-560x334.jpg 560w, https://www.faustyna.pl/zmbm/wp-content/uploads/2024/04/Rozmowy-o-Milosierdziu-TVP-049-140x83.jpg 140w, https://www.faustyna.pl/zmbm/wp-content/uploads/2024/04/Rozmowy-o-Milosierdziu-TVP-049.jpg 1024w" sizes="auto, (max-width: 560px) 100vw, 560px" /></a></p>
<p style="text-align: justify">Z okazji <a href="https://www.faustyna.pl/zmbm/3-swieto-milosierdzia-bozego-9-53/">Święta Miłosierdzia</a> pragniemy przypomnieć odcinek z cyklu programów związanych z prorocką misją św. Siostry Faustyny, zatytułowanych „Rozmowy o Miłosierdziu”.  Ojciec Jan Szewek OFMConv i s. Elżbieta Siepak ISMM z klasztoru w Krakowie-Łagiewnikach rozmawiali o święcie Miłosierdzia, jego genezie, znaczeniu, historii i cudach. Program zrealizowała TVP Kraków przy współpracy ze Zgromadzeniem Matki Bożej Miłosierdzia. <a href="https://www.youtube.com/playlist?list=PLWF68e-lrJNEYNYYyTSw7J7EDSKXkwpfs">Wszystkie odcinki</a> są dostępne jest na You Tube w kanale: Faustyna.pl</p>

<p>Z okazji Święta Miłosierdzia pragniemy przypomnieć odcinek z cyklu programów związanych z prorocką misją św. Siostry Faustyny, zatytułowanych „Rozmowy o Miłosierdziu”.  Ojciec Jan Szewek OFMConv i s. Elżbieta Siepak ISMM z klasztoru w Krakowie-Łagiewnikach rozmawiali o święcie Miłosierdzia, jego genezie, znaczeniu, historii i cudach. Program zrealizowała TVP Kraków przy współpracy ze Zgromadzeniem Matki Bożej Miłosierdzia. [&hellip;]</p>
