



{"id":2894,"date":"2014-12-31T00:41:30","date_gmt":"2014-12-31T00:41:30","guid":{"rendered":"http:\/\/www.faustyna.pl\/zmbm\/?page_id=2894"},"modified":"2014-12-31T20:14:49","modified_gmt":"2014-12-31T19:14:49","slug":"zgromadzenie-historia-biblioteka","status":"publish","type":"page","link":"https:\/\/www.faustyna.pl\/zmbm\/zgromadzenie-historia-biblioteka\/","title":{"rendered":"Zgromadzenie"},"content":{"rendered":"<p align=\"right\"><b style=\"color: #cc0000;font-size: 120%\">POLECANE POZYCJE<br \/>\n<\/b><\/p>\n<p align=\"justify\"><img decoding=\"async\" style=\"margin: 6px 6px 2px 0pt;padding: 2px;border: 1px solid #998822\" title=\"Biblioteka - Historia \u2013\" src=\"https:\/\/www.faustyna.pl\/images\/stories\/biblioteka_historia_zgromadzenie_zgromadzenie_matki_bozej_milosierdzia.jpg\" alt=\" \" height=\"223\" align=\"left\" border=\"1\" \/><br \/>\n<span style=\"color: #003300\"><strong>Joachim R. Bar OFMConv<\/strong><\/span><\/p>\n<h3 align=\"justify\"><span style=\"color: #800000\"><b>ZGROMADZENIE MATKI<br \/>\nBO\u017bEJ MI\u0141OSIERDZIA<br \/>\n(1862-1962)<\/b><\/span><\/h3>\n<p align=\"justify\">\u00a0Akademia Teologii Katolickiej, Warszawa 1966<\/p>\n<p style=\"text-align: justify\">Autor na podstawie \u017ar\u00f3de\u0142 opisuje histori\u0119 Zgromadzenia Si\u00f3str matki Bo\u017cej Mi\u0142osierdzia oraz histori\u0119 poszczeg\u00f3lnych jego klasztor\u00f3w na przestrzeni stu lat. Jest to jedyna tak pe\u0142na historia Zgromadzenia, w kt\u00f3rym \u017cy\u0142a i zmar\u0142a \u015bw. Siostra Faustyna \u2013 aposto\u0142ka Bo\u017cego Mi\u0142osierdzia.<\/p>\n<p align=\"justify\"><img loading=\"lazy\" decoding=\"async\" style=\"margin: 6px 0px 2px 6px;padding: 2px;border: 1px solid #998822\" title=\"Biblioteka - Historia \u2013 \" src=\"https:\/\/www.faustyna.pl\/images\/stories\/biblioteka_historia_zgromadzenie_matka_teresa_z_ksiazat_sulkowskich.jpg\" alt=\" \" width=\"129\" height=\"223\" align=\"right\" border=\"1\" \/><br \/>\n<span style=\"color: #003300\"><strong>s. Saula Firer ZMBM<\/strong><\/span><\/p>\n<h3 align=\"justify\"><span style=\"color: #800000\"><b>MATKA TERESA EWA<br \/>\nZ KSI\u0104\u017b\u0104T SU\u0141KOWSKICH<br \/>\nHRABINA POTOCKA<\/b><\/span><\/h3>\n<p align=\"justify\"><span style=\"color: #800000\"><b>Za\u0142o\u017cycielka Zgromadzenia Si\u00f3str Matki Bo\u017cej Mi\u0142osierdzia<\/b><\/span><\/p>\n<p align=\"justify\">\u00a0Wydawnictwo \u201eMisericordia\u201d, Krak\u00f3w 2009<\/p>\n<p style=\"text-align: justify\">Pierwsza drukowana biografia m. Teresy Ewy z ksi\u0105\u017c\u0105t Su\u0142kowskich hrabiny Potockiej, kt\u00f3r\u0105 opracowa\u0142a s. M. Saula Firer ZMBM. \u017bycie i dzia\u0142alno\u015b\u0107 Za\u0142o\u017cycielki Zgromadzenia Si\u00f3str Matki Bo\u017cej Mi\u0142osierdzia zosta\u0142o ukazane na tle historii Polski, rodu ksi\u0105\u017c\u0105t Su\u0142kowskich i pierwszych lat historii Zgromadzenia w Warszawie i Krakowie. Popularne opracowanie wzbogacaj\u0105 zdj\u0119cia i tablice genealogiczne, kt\u00f3re pozwalaj\u0105 szybciej zorientowa\u0107 si\u0119 w \u017cyciu ksi\u0105\u017c\u0119cej rodzinny Su\u0142kowskich herby Sulima. Ksi\u0105\u017ca zosta\u0142a opublikowana w Wydawnictwie \u201eMisericordia\u201d w j\u0119zyku polskim i angielskim.<\/p>\n","protected":false},"excerpt":{"rendered":"<p>POLECANE POZYCJE Joachim R. Bar OFMConv ZGROMADZENIE MATKI BO\u017bEJ MI\u0141OSIERDZIA (1862-1962) \u00a0Akademia Teologii Katolickiej, Warszawa 1966 Autor na podstawie \u017ar\u00f3de\u0142 opisuje histori\u0119 Zgromadzenia Si\u00f3str matki Bo\u017cej Mi\u0142osierdzia oraz histori\u0119 poszczeg\u00f3lnych jego klasztor\u00f3w na przestrzeni stu lat. Jest to jedyna tak pe\u0142na historia Zgromadzenia, w kt\u00f3rym \u017cy\u0142a i zmar\u0142a \u015bw. Siostra Faustyna \u2013 aposto\u0142ka Bo\u017cego Mi\u0142osierdzia. [&hellip;]<\/p>\n","protected":false},"author":1,"featured_media":0,"parent":0,"menu_order":0,"comment_status":"open","ping_status":"open","template":"","meta":{"footnotes":""},"categories":[96],"tags":[],"class_list":["post-2894","page","type-page","status-publish","hentry","category-historia-biblioteka"],"_links":{"self":[{"href":"https:\/\/www.faustyna.pl\/zmbm\/wp-json\/wp\/v2\/pages\/2894","targetHints":{"allow":["GET"]}}],"collection":[{"href":"https:\/\/www.faustyna.pl\/zmbm\/wp-json\/wp\/v2\/pages"}],"about":[{"href":"https:\/\/www.faustyna.pl\/zmbm\/wp-json\/wp\/v2\/types\/page"}],"author":[{"embeddable":true,"href":"https:\/\/www.faustyna.pl\/zmbm\/wp-json\/wp\/v2\/users\/1"}],"replies":[{"embeddable":true,"href":"https:\/\/www.faustyna.pl\/zmbm\/wp-json\/wp\/v2\/comments?post=2894"}],"version-history":[{"count":3,"href":"https:\/\/www.faustyna.pl\/zmbm\/wp-json\/wp\/v2\/pages\/2894\/revisions"}],"predecessor-version":[{"id":3038,"href":"https:\/\/www.faustyna.pl\/zmbm\/wp-json\/wp\/v2\/pages\/2894\/revisions\/3038"}],"wp:attachment":[{"href":"https:\/\/www.faustyna.pl\/zmbm\/wp-json\/wp\/v2\/media?parent=2894"}],"wp:term":[{"taxonomy":"category","embeddable":true,"href":"https:\/\/www.faustyna.pl\/zmbm\/wp-json\/wp\/v2\/categories?post=2894"},{"taxonomy":"post_tag","embeddable":true,"href":"https:\/\/www.faustyna.pl\/zmbm\/wp-json\/wp\/v2\/tags?post=2894"}],"curies":[{"name":"wp","href":"https:\/\/api.w.org\/{rel}","templated":true}]}}