



{"id":29023,"date":"2024-04-27T10:37:49","date_gmt":"2024-04-27T08:37:49","guid":{"rendered":"https:\/\/www.faustyna.pl\/zmbm\/?page_id=29023"},"modified":"2026-04-25T11:10:02","modified_gmt":"2026-04-25T09:10:02","slug":"pielgrzymka-slowakow-do-lagiewnik","status":"publish","type":"page","link":"https:\/\/www.faustyna.pl\/zmbm\/pielgrzymka-slowakow-do-lagiewnik\/","title":{"rendered":"Pielgrzymka S\u0142owak\u00f3w do \u0141agiewnik"},"content":{"rendered":"<p><a href=\"https:\/\/www.faustyna.pl\/zmbm\/wp-content\/uploads\/2024\/04\/Pielgrzymka-radia-Lumen-ze-Slowacji.jpg\" data-gallery><img loading=\"lazy\" decoding=\"async\" class=\"alignnone size-medium wp-image-29024\" src=\"https:\/\/www.faustyna.pl\/zmbm\/wp-content\/uploads\/2024\/04\/Pielgrzymka-radia-Lumen-ze-Slowacji-560x333.jpg\" alt=\"\" width=\"560\" height=\"333\" srcset=\"https:\/\/www.faustyna.pl\/zmbm\/wp-content\/uploads\/2024\/04\/Pielgrzymka-radia-Lumen-ze-Slowacji-560x333.jpg 560w, https:\/\/www.faustyna.pl\/zmbm\/wp-content\/uploads\/2024\/04\/Pielgrzymka-radia-Lumen-ze-Slowacji-140x83.jpg 140w, https:\/\/www.faustyna.pl\/zmbm\/wp-content\/uploads\/2024\/04\/Pielgrzymka-radia-Lumen-ze-Slowacji.jpg 1024w\" sizes=\"auto, (max-width: 560px) 100vw, 560px\" \/><\/a><\/p>\n<p style=\"text-align: justify\">W piatek, 1 maja br., do Sanktuarium Bo\u017cego Mi\u0142osierdzia w Krakowie-\u0141agiewnikach ju\u017c po raz 19. przyb\u0119dzie doroczna pielgrzymka katolik\u00f3w ze S\u0142owacji w tym roku pod has\u0142em: \u201eMi\u0142osierdzie Bo\u017ce w moim \u017cyciu&#8221;. Przybywa w niej obecnie ok. 10 000 p\u0105tnik\u00f3w z ca\u0142ej S\u0142owacji. Uroczystej Eucharystii o 10.30 przewodniczy\u0107 b\u0119dzie bp Stanis\u0142aw Stol\u00e1rik, biskup ro\u017cniawski, w koncelebrze z wieloma kap\u0142anami, kt\u00f3rzy przyb\u0119d\u0105 z pielgrzymami. O 14.20 konferencj\u0119 wyg\u0142osi s. M. Faustia Szab\u00f3ov\u00e1 ze Zgromadzenia Matki Bo\u017cej Mi\u0142osierdzia na temat: \u201eSerce widzi wi\u0119cej: Mi\u0142osierdzie jako styl \u017cycia\u201d. Pielgrzymk\u0119 zako\u0144czy modlitwa w Godzinie Mi\u0142osierdzia (15.00) i Koronka do Mi\u0142osierdzia Bo\u017cego oraz pasterskie b\u0142ogos\u0142awie\u0144stwo.<\/p>\n<p style=\"text-align: justify\">Program pielgrzymki tradycyjnie transmitowany b\u0119dzie przez organizator\u00f3w \u2013 katolickie Radio \u201eLumen\u201d \u2013 dzi\u0119ki czemu w spos\u00f3b duchowy b\u0119d\u0105 uczestniczy\u0107 w niej tak\u017ce ci, kt\u00f3rzy z wielu powod\u00f3w nie mog\u0105 fizycznie przyby\u0107 do \u0141agiewnik.<\/p>\n","protected":false},"excerpt":{"rendered":"<p>W piatek, 1 maja br., do Sanktuarium Bo\u017cego Mi\u0142osierdzia w Krakowie-\u0141agiewnikach ju\u017c po raz 19. przyb\u0119dzie doroczna pielgrzymka katolik\u00f3w ze S\u0142owacji w tym roku pod has\u0142em: \u201eMi\u0142osierdzie Bo\u017ce w moim \u017cyciu&#8221;. Przybywa w niej obecnie ok. 10 000 p\u0105tnik\u00f3w z ca\u0142ej S\u0142owacji. Uroczystej Eucharystii o 10.30 przewodniczy\u0107 b\u0119dzie bp Stanis\u0142aw Stol\u00e1rik, biskup ro\u017cniawski, w koncelebrze [&hellip;]<\/p>\n","protected":false},"author":1,"featured_media":29024,"parent":0,"menu_order":-1788,"comment_status":"closed","ping_status":"closed","template":"","meta":{"footnotes":""},"categories":[4],"tags":[],"class_list":["post-29023","page","type-page","status-publish","has-post-thumbnail","hentry","category-aktualnosci"],"_links":{"self":[{"href":"https:\/\/www.faustyna.pl\/zmbm\/wp-json\/wp\/v2\/pages\/29023","targetHints":{"allow":["GET"]}}],"collection":[{"href":"https:\/\/www.faustyna.pl\/zmbm\/wp-json\/wp\/v2\/pages"}],"about":[{"href":"https:\/\/www.faustyna.pl\/zmbm\/wp-json\/wp\/v2\/types\/page"}],"author":[{"embeddable":true,"href":"https:\/\/www.faustyna.pl\/zmbm\/wp-json\/wp\/v2\/users\/1"}],"replies":[{"embeddable":true,"href":"https:\/\/www.faustyna.pl\/zmbm\/wp-json\/wp\/v2\/comments?post=29023"}],"version-history":[{"count":8,"href":"https:\/\/www.faustyna.pl\/zmbm\/wp-json\/wp\/v2\/pages\/29023\/revisions"}],"predecessor-version":[{"id":32256,"href":"https:\/\/www.faustyna.pl\/zmbm\/wp-json\/wp\/v2\/pages\/29023\/revisions\/32256"}],"wp:featuredmedia":[{"embeddable":true,"href":"https:\/\/www.faustyna.pl\/zmbm\/wp-json\/wp\/v2\/media\/29024"}],"wp:attachment":[{"href":"https:\/\/www.faustyna.pl\/zmbm\/wp-json\/wp\/v2\/media?parent=29023"}],"wp:term":[{"taxonomy":"category","embeddable":true,"href":"https:\/\/www.faustyna.pl\/zmbm\/wp-json\/wp\/v2\/categories?post=29023"},{"taxonomy":"post_tag","embeddable":true,"href":"https:\/\/www.faustyna.pl\/zmbm\/wp-json\/wp\/v2\/tags?post=29023"}],"curies":[{"name":"wp","href":"https:\/\/api.w.org\/{rel}","templated":true}]}}

Pielgrzymka Słowaków do Łagiewnik

<p><a href="https://www.faustyna.pl/zmbm/wp-content/uploads/2024/04/Pielgrzymka-radia-Lumen-ze-Slowacji.jpg" data-gallery><img loading="lazy" decoding="async" class="alignnone size-medium wp-image-29024" src="https://www.faustyna.pl/zmbm/wp-content/uploads/2024/04/Pielgrzymka-radia-Lumen-ze-Slowacji-560x333.jpg" alt="" width="560" height="333" srcset="https://www.faustyna.pl/zmbm/wp-content/uploads/2024/04/Pielgrzymka-radia-Lumen-ze-Slowacji-560x333.jpg 560w, https://www.faustyna.pl/zmbm/wp-content/uploads/2024/04/Pielgrzymka-radia-Lumen-ze-Slowacji-140x83.jpg 140w, https://www.faustyna.pl/zmbm/wp-content/uploads/2024/04/Pielgrzymka-radia-Lumen-ze-Slowacji.jpg 1024w" sizes="auto, (max-width: 560px) 100vw, 560px" /></a></p>
<p style="text-align: justify">W piatek, 1 maja br., do Sanktuarium Bożego Miłosierdzia w Krakowie-Łagiewnikach już po raz 19. przybędzie doroczna pielgrzymka katolików ze Słowacji w tym roku pod hasłem: „Miłosierdzie Boże w moim życiu&#8221;. Przybywa w niej obecnie ok. 10 000 pątników z całej Słowacji. Uroczystej Eucharystii o 10.30 przewodniczyć będzie bp Stanisław Stolárik, biskup rożniawski, w koncelebrze z wieloma kapłanami, którzy przybędą z pielgrzymami. O 14.20 konferencję wygłosi s. M. Faustia Szabóová ze Zgromadzenia Matki Bożej Miłosierdzia na temat: „Serce widzi więcej: Miłosierdzie jako styl życia”. Pielgrzymkę zakończy modlitwa w Godzinie Miłosierdzia (15.00) i Koronka do Miłosierdzia Bożego oraz pasterskie błogosławieństwo.</p>
<p style="text-align: justify">Program pielgrzymki tradycyjnie transmitowany będzie przez organizatorów – katolickie Radio „Lumen” – dzięki czemu w sposób duchowy będą uczestniczyć w niej także ci, którzy z wielu powodów nie mogą fizycznie przybyć do Łagiewnik.</p>

<p>W piatek, 1 maja br., do Sanktuarium Bożego Miłosierdzia w Krakowie-Łagiewnikach już po raz 19. przybędzie doroczna pielgrzymka katolików ze Słowacji w tym roku pod hasłem: „Miłosierdzie Boże w moim życiu&#8221;. Przybywa w niej obecnie ok. 10 000 pątników z całej Słowacji. Uroczystej Eucharystii o 10.30 przewodniczyć będzie bp Stanisław Stolárik, biskup rożniawski, w koncelebrze [&hellip;]</p>
