



{"id":29050,"date":"2024-05-04T13:18:08","date_gmt":"2024-05-04T11:18:08","guid":{"rendered":"https:\/\/www.faustyna.pl\/zmbm\/?page_id=29050"},"modified":"2026-05-10T15:25:51","modified_gmt":"2026-05-10T13:25:51","slug":"w-procesji-z-wawelu-na-skalke-2","status":"publish","type":"page","link":"https:\/\/www.faustyna.pl\/zmbm\/w-procesji-z-wawelu-na-skalke-2\/","title":{"rendered":"W procesji z Wawelu na Ska\u0142k\u0119"},"content":{"rendered":"<p><a href=\"https:\/\/www.faustyna.pl\/zmbm\/wp-content\/uploads\/2024\/05\/Procesja_Walel_Skalka.jpg\" data-gallery><img loading=\"lazy\" decoding=\"async\" class=\"alignnone size-medium wp-image-29051\" src=\"https:\/\/www.faustyna.pl\/zmbm\/wp-content\/uploads\/2024\/05\/Procesja_Walel_Skalka-560x333.jpg\" alt=\"\" width=\"560\" height=\"333\" srcset=\"https:\/\/www.faustyna.pl\/zmbm\/wp-content\/uploads\/2024\/05\/Procesja_Walel_Skalka-560x333.jpg 560w, https:\/\/www.faustyna.pl\/zmbm\/wp-content\/uploads\/2024\/05\/Procesja_Walel_Skalka-140x83.jpg 140w, https:\/\/www.faustyna.pl\/zmbm\/wp-content\/uploads\/2024\/05\/Procesja_Walel_Skalka.jpg 1024w\" sizes=\"auto, (max-width: 560px) 100vw, 560px\" \/><\/a><\/p>\n<p style=\"text-align: justify\">W Krakowie 10 maja br. (niedziela) odb\u0119dzie si\u0119 doroczna procesja ku czci \u015bw. Stanis\u0142awa BM z Wawelu na Ska\u0142k\u0119 (miejsca jego m\u0119cze\u0144stwa). W tej pi\u0119knej procesji, kt\u00f3rej tradycj\u0119 si\u0119gaj\u0105 XIII wieku, bior\u0105 udzia\u0142 biskupi, kap\u0142ani, r\u00f3\u017cne zgromadzenia zakonne m\u0119skie i \u017ce\u0144skie, delegacje parafii z ca\u0142ej archidiecezji krakowskiej, niekt\u00f3re w strojach regionalnych, oraz liczni wierni. Tradycyjnie w znaku swych relikwii pod\u0105\u017caj\u0105 tak\u017ce patronowie Polski: \u015bw. Stanis\u0142aw, \u015bw. Wojciech oraz inni \u015bwi\u0119ci Polacy, a w\u015br\u00f3d nich \u015bw. Siostra Faustyna, kt\u00f3ra od wielu ju\u017c lat uczestniczy w tej narodowej procesji wraz z siostrami z krakowskiej wsp\u00f3lnoty Zgromadzenia Matki Bo\u017cej Mi\u0142osierdzia.<\/p>\n","protected":false},"excerpt":{"rendered":"<p>W Krakowie 10 maja br. (niedziela) odb\u0119dzie si\u0119 doroczna procesja ku czci \u015bw. Stanis\u0142awa BM z Wawelu na Ska\u0142k\u0119 (miejsca jego m\u0119cze\u0144stwa). W tej pi\u0119knej procesji, kt\u00f3rej tradycj\u0119 si\u0119gaj\u0105 XIII wieku, bior\u0105 udzia\u0142 biskupi, kap\u0142ani, r\u00f3\u017cne zgromadzenia zakonne m\u0119skie i \u017ce\u0144skie, delegacje parafii z ca\u0142ej archidiecezji krakowskiej, niekt\u00f3re w strojach regionalnych, oraz liczni wierni. Tradycyjnie [&hellip;]<\/p>\n","protected":false},"author":1,"featured_media":29051,"parent":0,"menu_order":-1593,"comment_status":"closed","ping_status":"closed","template":"","meta":{"footnotes":""},"categories":[104],"tags":[],"class_list":["post-29050","page","type-page","status-publish","has-post-thumbnail","hentry","category-archiwum"],"_links":{"self":[{"href":"https:\/\/www.faustyna.pl\/zmbm\/wp-json\/wp\/v2\/pages\/29050","targetHints":{"allow":["GET"]}}],"collection":[{"href":"https:\/\/www.faustyna.pl\/zmbm\/wp-json\/wp\/v2\/pages"}],"about":[{"href":"https:\/\/www.faustyna.pl\/zmbm\/wp-json\/wp\/v2\/types\/page"}],"author":[{"embeddable":true,"href":"https:\/\/www.faustyna.pl\/zmbm\/wp-json\/wp\/v2\/users\/1"}],"replies":[{"embeddable":true,"href":"https:\/\/www.faustyna.pl\/zmbm\/wp-json\/wp\/v2\/comments?post=29050"}],"version-history":[{"count":3,"href":"https:\/\/www.faustyna.pl\/zmbm\/wp-json\/wp\/v2\/pages\/29050\/revisions"}],"predecessor-version":[{"id":32278,"href":"https:\/\/www.faustyna.pl\/zmbm\/wp-json\/wp\/v2\/pages\/29050\/revisions\/32278"}],"wp:featuredmedia":[{"embeddable":true,"href":"https:\/\/www.faustyna.pl\/zmbm\/wp-json\/wp\/v2\/media\/29051"}],"wp:attachment":[{"href":"https:\/\/www.faustyna.pl\/zmbm\/wp-json\/wp\/v2\/media?parent=29050"}],"wp:term":[{"taxonomy":"category","embeddable":true,"href":"https:\/\/www.faustyna.pl\/zmbm\/wp-json\/wp\/v2\/categories?post=29050"},{"taxonomy":"post_tag","embeddable":true,"href":"https:\/\/www.faustyna.pl\/zmbm\/wp-json\/wp\/v2\/tags?post=29050"}],"curies":[{"name":"wp","href":"https:\/\/api.w.org\/{rel}","templated":true}]}}