



{"id":30648,"date":"2025-04-17T11:04:56","date_gmt":"2025-04-17T09:04:56","guid":{"rendered":"https:\/\/www.faustyna.pl\/zmbm\/?page_id=30648"},"modified":"2026-04-11T16:07:25","modified_gmt":"2026-04-11T14:07:25","slug":"festyn-milosierdzia-w-lodzi-3","status":"publish","type":"page","link":"https:\/\/www.faustyna.pl\/zmbm\/festyn-milosierdzia-w-lodzi-3\/","title":{"rendered":"Festyn Mi\u0142osierdzia w \u0141odzi"},"content":{"rendered":"<p><a href=\"https:\/\/www.faustyna.pl\/zmbm\/wp-content\/uploads\/2025\/04\/Park_Wenecja.jpg\" data-gallery><img loading=\"lazy\" decoding=\"async\" class=\"size-medium wp-image-30649 alignnone\" src=\"https:\/\/www.faustyna.pl\/zmbm\/wp-content\/uploads\/2025\/04\/Park_Wenecja-560x334.jpg\" alt=\"\" width=\"560\" height=\"334\" srcset=\"https:\/\/www.faustyna.pl\/zmbm\/wp-content\/uploads\/2025\/04\/Park_Wenecja-560x334.jpg 560w, https:\/\/www.faustyna.pl\/zmbm\/wp-content\/uploads\/2025\/04\/Park_Wenecja-140x83.jpg 140w, https:\/\/www.faustyna.pl\/zmbm\/wp-content\/uploads\/2025\/04\/Park_Wenecja.jpg 1024w\" sizes=\"auto, (max-width: 560px) 100vw, 560px\" \/><\/a><\/p>\n<p style=\"text-align: justify\">Tradycyjnie w wigili\u0119 \u015bwi\u0119ta Mi\u0142osierdzia Bo\u017cego, w sobot\u0119 11 kwietnia br., w paku Wenecja- S\u0142owackiego odb\u0119dzie si\u0119 XIX Festyn Mi\u0142osierdzia ku czci patronki miasta \u0141odzi \u2013 \u015bw. Siostry Faustyny. Festyn rozpocznie si\u0119 godzinie 12.00 \u2013 w programie wyst\u0119py r\u00f3\u017cnych zespo\u0142\u00f3w muzyczno-wokalnych. O godzinie 15.00\u00a0 po modlitwie i Godzinie Mi\u0142osierdzia i odm\u00f3wieniu Koronki do Mi\u0142osierdzia Bo\u017cego wyruszy procesja z relikwiami \u015bw. Faustyny do katedry \u015bw. Stanis\u0142awa Kostki, gdzie kard. Konrad Krajewski zawierzy Ko\u015bci\u00f3\u0142 \u0142\u00f3dzki Bo\u017cemu Mi\u0142osierdziu.<\/p>\n","protected":false},"excerpt":{"rendered":"<p>Tradycyjnie w wigili\u0119 \u015bwi\u0119ta Mi\u0142osierdzia Bo\u017cego, w sobot\u0119 11 kwietnia br., w paku Wenecja- S\u0142owackiego odb\u0119dzie si\u0119 XIX Festyn Mi\u0142osierdzia ku czci patronki miasta \u0141odzi \u2013 \u015bw. Siostry Faustyny. Festyn rozpocznie si\u0119 godzinie 12.00 \u2013 w programie wyst\u0119py r\u00f3\u017cnych zespo\u0142\u00f3w muzyczno-wokalnych. O godzinie 15.00\u00a0 po modlitwie i Godzinie Mi\u0142osierdzia i odm\u00f3wieniu Koronki do Mi\u0142osierdzia Bo\u017cego [&hellip;]<\/p>\n","protected":false},"author":2,"featured_media":30649,"parent":0,"menu_order":-1579,"comment_status":"closed","ping_status":"closed","template":"","meta":{"footnotes":""},"categories":[104],"tags":[],"class_list":["post-30648","page","type-page","status-publish","has-post-thumbnail","hentry","category-archiwum"],"_links":{"self":[{"href":"https:\/\/www.faustyna.pl\/zmbm\/wp-json\/wp\/v2\/pages\/30648","targetHints":{"allow":["GET"]}}],"collection":[{"href":"https:\/\/www.faustyna.pl\/zmbm\/wp-json\/wp\/v2\/pages"}],"about":[{"href":"https:\/\/www.faustyna.pl\/zmbm\/wp-json\/wp\/v2\/types\/page"}],"author":[{"embeddable":true,"href":"https:\/\/www.faustyna.pl\/zmbm\/wp-json\/wp\/v2\/users\/2"}],"replies":[{"embeddable":true,"href":"https:\/\/www.faustyna.pl\/zmbm\/wp-json\/wp\/v2\/comments?post=30648"}],"version-history":[{"count":3,"href":"https:\/\/www.faustyna.pl\/zmbm\/wp-json\/wp\/v2\/pages\/30648\/revisions"}],"predecessor-version":[{"id":32148,"href":"https:\/\/www.faustyna.pl\/zmbm\/wp-json\/wp\/v2\/pages\/30648\/revisions\/32148"}],"wp:featuredmedia":[{"embeddable":true,"href":"https:\/\/www.faustyna.pl\/zmbm\/wp-json\/wp\/v2\/media\/30649"}],"wp:attachment":[{"href":"https:\/\/www.faustyna.pl\/zmbm\/wp-json\/wp\/v2\/media?parent=30648"}],"wp:term":[{"taxonomy":"category","embeddable":true,"href":"https:\/\/www.faustyna.pl\/zmbm\/wp-json\/wp\/v2\/categories?post=30648"},{"taxonomy":"post_tag","embeddable":true,"href":"https:\/\/www.faustyna.pl\/zmbm\/wp-json\/wp\/v2\/tags?post=30648"}],"curies":[{"name":"wp","href":"https:\/\/api.w.org\/{rel}","templated":true}]}}

Festyn Miłosierdzia w Łodzi

<p><a href="https://www.faustyna.pl/zmbm/wp-content/uploads/2025/04/Park_Wenecja.jpg" data-gallery><img loading="lazy" decoding="async" class="size-medium wp-image-30649 alignnone" src="https://www.faustyna.pl/zmbm/wp-content/uploads/2025/04/Park_Wenecja-560x334.jpg" alt="" width="560" height="334" srcset="https://www.faustyna.pl/zmbm/wp-content/uploads/2025/04/Park_Wenecja-560x334.jpg 560w, https://www.faustyna.pl/zmbm/wp-content/uploads/2025/04/Park_Wenecja-140x83.jpg 140w, https://www.faustyna.pl/zmbm/wp-content/uploads/2025/04/Park_Wenecja.jpg 1024w" sizes="auto, (max-width: 560px) 100vw, 560px" /></a></p>
<p style="text-align: justify">Tradycyjnie w wigilię święta Miłosierdzia Bożego, w sobotę 11 kwietnia br., w paku Wenecja- Słowackiego odbędzie się XIX Festyn Miłosierdzia ku czci patronki miasta Łodzi – św. Siostry Faustyny. Festyn rozpocznie się godzinie 12.00 – w programie występy różnych zespołów muzyczno-wokalnych. O godzinie 15.00  po modlitwie i Godzinie Miłosierdzia i odmówieniu Koronki do Miłosierdzia Bożego wyruszy procesja z relikwiami św. Faustyny do katedry św. Stanisława Kostki, gdzie kard. Konrad Krajewski zawierzy Kościół łódzki Bożemu Miłosierdziu.</p>

<p>Tradycyjnie w wigilię święta Miłosierdzia Bożego, w sobotę 11 kwietnia br., w paku Wenecja- Słowackiego odbędzie się XIX Festyn Miłosierdzia ku czci patronki miasta Łodzi – św. Siostry Faustyny. Festyn rozpocznie się godzinie 12.00 – w programie występy różnych zespołów muzyczno-wokalnych. O godzinie 15.00  po modlitwie i Godzinie Miłosierdzia i odmówieniu Koronki do Miłosierdzia Bożego [&hellip;]</p>
