



{"id":30785,"date":"2025-05-14T08:21:35","date_gmt":"2025-05-14T06:21:35","guid":{"rendered":"https:\/\/www.faustyna.pl\/zmbm\/?page_id=30785"},"modified":"2025-10-05T20:32:07","modified_gmt":"2025-10-05T18:32:07","slug":"nowa-biografia-sw-faustyny","status":"publish","type":"page","link":"https:\/\/www.faustyna.pl\/zmbm\/nowa-biografia-sw-faustyny\/","title":{"rendered":"Nowa biografia \u015bw. Faustyny"},"content":{"rendered":"<p><a href=\"https:\/\/www.faustyna.pl\/zmbm\/wp-content\/uploads\/2025\/05\/Nowa_Biografia_SF.jpg\" data-gallery><img loading=\"lazy\" decoding=\"async\" class=\"size-medium wp-image-30786 alignnone\" src=\"https:\/\/www.faustyna.pl\/zmbm\/wp-content\/uploads\/2025\/05\/Nowa_Biografia_SF-560x334.jpg\" alt=\"\" width=\"560\" height=\"334\" srcset=\"https:\/\/www.faustyna.pl\/zmbm\/wp-content\/uploads\/2025\/05\/Nowa_Biografia_SF-560x334.jpg 560w, https:\/\/www.faustyna.pl\/zmbm\/wp-content\/uploads\/2025\/05\/Nowa_Biografia_SF-140x83.jpg 140w, https:\/\/www.faustyna.pl\/zmbm\/wp-content\/uploads\/2025\/05\/Nowa_Biografia_SF.jpg 1024w\" sizes=\"auto, (max-width: 560px) 100vw, 560px\" \/><\/a><\/p>\n<p style=\"text-align: justify\">W Wydawnictwie Misericordia ukaza\u0142a si\u0119 d\u0142ugo oczekiwana nowa biografia \u015bw. Siostry Faustyny pi\u00f3ra s. M. El\u017cbiety Siepak ISMM, oparta wy\u0142\u0105cznie na materia\u0142ach \u017ar\u00f3d\u0142owych \u2013 jej pismach, wspomnieniach o niej i na zeznaniach \u015bwiadk\u00f3w z procesu beatyfikacyjnego. Wydanie albumowe biografii i dziedzictwa duchowego Aposto\u0142ki Bo\u017cego Mi\u0142osierdzia zawiera 385 zdj\u0119\u0107, wiele z nich dot\u0105d nigdzie nie publikowanych. Obszerne przypisy (ponad 676) jeszcze pe\u0142niej ukazuj\u0105 kontekst jej \u017cycia w \u015brodowisku rodzinnym, w latach s\u0142u\u017cby u zamo\u017cniejszych rodzin, a tak\u017ce w klasztorach Zgromadzenia Si\u00f3str Matki Bo\u017cej Mi\u0142osierdzia. Publikacja zawiera tak\u017ce indeksy os\u00f3b i miejscowo\u015bci, dzi\u0119ki czemu bardzo \u0142atwo b\u0119dzie mo\u017cna dotrze\u0107 do poszukiwanych wiadomo\u015bci, oraz bibliografi\u0119 najwa\u017cniejszych pozycji. Ksi\u0105\u017cka jest pi\u0119knie wydana i stanowi wyj\u0105tkow\u0105 pozycj\u0119 przede wszystkim dla os\u00f3b zainteresowanych jej \u017cyciem, misj\u0105 i duchowo\u015bci\u0105.<\/p>\n<p style=\"text-align: justify\">Ksi\u0105\u017cka dost\u0119pna w sklepie firmowym Wydawnictwa w Sanktuarium Bo\u017cego Mi\u0142osierdzia w Krakowie-\u0141agiewnikach oraz\u00a0<a href=\"https:\/\/www.misericordia.faustyna.net\/pl\/p\/PL-Zachwycona-milosierdziem-album\/8639\">w sklepie internetowym.<\/a><\/p>\n","protected":false},"excerpt":{"rendered":"<p>W Wydawnictwie Misericordia ukaza\u0142a si\u0119 d\u0142ugo oczekiwana nowa biografia \u015bw. Siostry Faustyny pi\u00f3ra s. M. El\u017cbiety Siepak ISMM, oparta wy\u0142\u0105cznie na materia\u0142ach \u017ar\u00f3d\u0142owych \u2013 jej pismach, wspomnieniach o niej i na zeznaniach \u015bwiadk\u00f3w z procesu beatyfikacyjnego. Wydanie albumowe biografii i dziedzictwa duchowego Aposto\u0142ki Bo\u017cego Mi\u0142osierdzia zawiera 385 zdj\u0119\u0107, wiele z nich dot\u0105d nigdzie nie publikowanych. [&hellip;]<\/p>\n","protected":false},"author":2,"featured_media":30786,"parent":0,"menu_order":-1627,"comment_status":"closed","ping_status":"closed","template":"","meta":{"footnotes":""},"categories":[4],"tags":[],"class_list":["post-30785","page","type-page","status-publish","has-post-thumbnail","hentry","category-aktualnosci"],"_links":{"self":[{"href":"https:\/\/www.faustyna.pl\/zmbm\/wp-json\/wp\/v2\/pages\/30785","targetHints":{"allow":["GET"]}}],"collection":[{"href":"https:\/\/www.faustyna.pl\/zmbm\/wp-json\/wp\/v2\/pages"}],"about":[{"href":"https:\/\/www.faustyna.pl\/zmbm\/wp-json\/wp\/v2\/types\/page"}],"author":[{"embeddable":true,"href":"https:\/\/www.faustyna.pl\/zmbm\/wp-json\/wp\/v2\/users\/2"}],"replies":[{"embeddable":true,"href":"https:\/\/www.faustyna.pl\/zmbm\/wp-json\/wp\/v2\/comments?post=30785"}],"version-history":[{"count":1,"href":"https:\/\/www.faustyna.pl\/zmbm\/wp-json\/wp\/v2\/pages\/30785\/revisions"}],"predecessor-version":[{"id":30787,"href":"https:\/\/www.faustyna.pl\/zmbm\/wp-json\/wp\/v2\/pages\/30785\/revisions\/30787"}],"wp:featuredmedia":[{"embeddable":true,"href":"https:\/\/www.faustyna.pl\/zmbm\/wp-json\/wp\/v2\/media\/30786"}],"wp:attachment":[{"href":"https:\/\/www.faustyna.pl\/zmbm\/wp-json\/wp\/v2\/media?parent=30785"}],"wp:term":[{"taxonomy":"category","embeddable":true,"href":"https:\/\/www.faustyna.pl\/zmbm\/wp-json\/wp\/v2\/categories?post=30785"},{"taxonomy":"post_tag","embeddable":true,"href":"https:\/\/www.faustyna.pl\/zmbm\/wp-json\/wp\/v2\/tags?post=30785"}],"curies":[{"name":"wp","href":"https:\/\/api.w.org\/{rel}","templated":true}]}}