



{"id":31229,"date":"2025-10-06T11:31:17","date_gmt":"2025-10-06T09:31:17","guid":{"rendered":"https:\/\/www.faustyna.pl\/zmbm\/?page_id=31229"},"modified":"2025-11-15T09:44:19","modified_gmt":"2025-11-15T08:44:19","slug":"nowe-i-prekursorskie-watki-w-pismach-sw-faustyny","status":"publish","type":"page","link":"https:\/\/www.faustyna.pl\/zmbm\/nowe-i-prekursorskie-watki-w-pismach-sw-faustyny\/","title":{"rendered":"Nowe i prekursorskie w\u0105tki w pismach \u015bw. Faustyny"},"content":{"rendered":"<p><a href=\"https:\/\/www.faustyna.pl\/zmbm\/wp-content\/uploads\/2025\/10\/Rekolekcje-en.jpg\" data-gallery><img loading=\"lazy\" decoding=\"async\" class=\"size-medium wp-image-31230 alignnone\" src=\"https:\/\/www.faustyna.pl\/zmbm\/wp-content\/uploads\/2025\/10\/Rekolekcje-en-560x333.jpg\" alt=\"\" width=\"560\" height=\"333\" srcset=\"https:\/\/www.faustyna.pl\/zmbm\/wp-content\/uploads\/2025\/10\/Rekolekcje-en-560x333.jpg 560w, https:\/\/www.faustyna.pl\/zmbm\/wp-content\/uploads\/2025\/10\/Rekolekcje-en-140x83.jpg 140w, https:\/\/www.faustyna.pl\/zmbm\/wp-content\/uploads\/2025\/10\/Rekolekcje-en.jpg 1024w\" sizes=\"auto, (max-width: 560px) 100vw, 560px\" \/><\/a><\/p>\n<p style=\"text-align: justify\">W Sanktuarium Bo\u017cego Mi\u0142osierdzia w Krakowie-\u0141agiewnikach odby\u0142a si\u0119 Mi\u0119dzynarodowa Konferencja pod has\u0142em: \u201eNowe i prekursorskie w\u0105tki w pismach \u015bw. Faustyny i jej wp\u0142yw na \u017cycie Ko\u015bcio\u0142a\u201d. Wzi\u0119li w niej udzia\u0142 wyk\u0142adowcy i prelegenci w r\u00f3\u017cnych o\u015brodk\u00f3w naukowych z Polski i Watykanu. Pe\u0142ne teksty ich wypowiedzi zosta\u0142y opublikowane przez Uniwersytet Jana Paw\u0142a II w Krakowie w formie testowej pod nast\u0119puj\u0105cymi adresami:<\/p>\n<p><strong><a href=\"https:\/\/monografie.upjp2.edu.pl\/wn\/catalog\/book\/183\">https:\/\/monografie.upjp2.edu.pl\/wn\/catalog\/book\/183<\/a><\/strong><\/p>\n<p><strong><a href=\"https:\/\/czasopisma.upjp2.edu.pl\/poloniasacra\/issue\/view\/412\">https:\/\/czasopisma.upjp2.edu.pl\/poloniasacra\/issue\/view\/412<\/a><\/strong><\/p>\n<p style=\"text-align: justify\">Skr\u00f3t tych opracowa\u0144 w formie video b\u0119dzie dost\u0119pny w p\u00f3\u017aniejszym terminie, o czym poinformujemy na naszej stronie internetowej.<\/p>\n<p style=\"text-align: justify\">Konferencj\u0119 organizowali: Uniwersytet Jana Paw\u0142a II w Krakowie, Zgromadzenie Si\u00f3str Matki Bo\u017cej Mi\u0142osierdzia, Rektorat Sanktuarium Bo\u017cego Mi\u0142osierdzia w Krakowie-\u0141agiewnikach oraz Stowarzyszenie Aposto\u0142\u00f3w Bo\u017cego Mi\u0142osierdzia \u201eFaustinum\u201d. Wzi\u0119li w niej udzia\u0142 czciciele Bo\u017cego Mi\u0142osierdzia i \u015bw. Faustyny nie tylko z ca\u0142ej Polski, ale tak\u017ce z wielu kraj\u00f3w \u015bwiata, m.in.: z Indii, Hongkongu, Palestyny, Jordanii, USA. Kanady, Australii, Francji, Hiszpanii, Szwecji, Walii, S\u0142owacji\u2026<\/p>\n<p><strong>Teksty na ten temat Konferencji w &#8222;Go\u015bciu Niedzielnym&#8221;:<\/strong><\/p>\n<p><span style=\"font-size: 10.0pt;font-family: 'Verdana',sans-serif\">To relacja z pi\u0105tku:\u00a0<a href=\"https:\/\/krakow.gosc.pl\/doc\/9446216.Przyjechalem-do-Polski-by-przypomniec-wam-ze-Bog-jest-wielki-i\">https:\/\/krakow.gosc.pl\/doc\/9446216.Przyjechalem-do-Polski-by-przypomniec-wam-ze-Bog-jest-wielki-i<\/a><!-- o ignored --><\/span><\/p>\n<p><span style=\"font-size: 10.0pt;font-family: 'Verdana',sans-serif\">To rozmowa z ks. prof. Henrykiem Witczykiem: <a href=\"https:\/\/krakow.gosc.pl\/doc\/9448001.Milosierdzie-naprawia-zerwana-relacje-milosci-pomiedzy\">https:\/\/krakow.gosc.pl\/doc\/9448001.Milosierdzie-naprawia-zerwana-relacje-milosci-pomiedzy<\/a><!-- o ignored --><\/span><\/p>\n<p>Tu rozmowa z s. M. El\u017cbiet\u0105 Siepak ISMM: <a href=\"https:\/\/krakow.gosc.pl\/doc\/9449288.Kto-pozna-Boga-nie-moze-Mu-nie-ufac\">https:\/\/krakow.gosc.pl\/doc\/9449288.Kto-pozna-Boga-nie-moze-Mu-nie-ufac\u00a0<\/a><\/p>\n<p><!-- o ignored --><\/p>\n","protected":false},"excerpt":{"rendered":"<p>W Sanktuarium Bo\u017cego Mi\u0142osierdzia w Krakowie-\u0141agiewnikach odby\u0142a si\u0119 Mi\u0119dzynarodowa Konferencja pod has\u0142em: \u201eNowe i prekursorskie w\u0105tki w pismach \u015bw. Faustyny i jej wp\u0142yw na \u017cycie Ko\u015bcio\u0142a\u201d. Wzi\u0119li w niej udzia\u0142 wyk\u0142adowcy i prelegenci w r\u00f3\u017cnych o\u015brodk\u00f3w naukowych z Polski i Watykanu. Pe\u0142ne teksty ich wypowiedzi zosta\u0142y opublikowane przez Uniwersytet Jana Paw\u0142a II w Krakowie w [&hellip;]<\/p>\n","protected":false},"author":2,"featured_media":31230,"parent":0,"menu_order":-1660,"comment_status":"closed","ping_status":"closed","template":"","meta":{"footnotes":""},"categories":[4],"tags":[],"class_list":["post-31229","page","type-page","status-publish","has-post-thumbnail","hentry","category-aktualnosci"],"_links":{"self":[{"href":"https:\/\/www.faustyna.pl\/zmbm\/wp-json\/wp\/v2\/pages\/31229","targetHints":{"allow":["GET"]}}],"collection":[{"href":"https:\/\/www.faustyna.pl\/zmbm\/wp-json\/wp\/v2\/pages"}],"about":[{"href":"https:\/\/www.faustyna.pl\/zmbm\/wp-json\/wp\/v2\/types\/page"}],"author":[{"embeddable":true,"href":"https:\/\/www.faustyna.pl\/zmbm\/wp-json\/wp\/v2\/users\/2"}],"replies":[{"embeddable":true,"href":"https:\/\/www.faustyna.pl\/zmbm\/wp-json\/wp\/v2\/comments?post=31229"}],"version-history":[{"count":5,"href":"https:\/\/www.faustyna.pl\/zmbm\/wp-json\/wp\/v2\/pages\/31229\/revisions"}],"predecessor-version":[{"id":31238,"href":"https:\/\/www.faustyna.pl\/zmbm\/wp-json\/wp\/v2\/pages\/31229\/revisions\/31238"}],"wp:featuredmedia":[{"embeddable":true,"href":"https:\/\/www.faustyna.pl\/zmbm\/wp-json\/wp\/v2\/media\/31230"}],"wp:attachment":[{"href":"https:\/\/www.faustyna.pl\/zmbm\/wp-json\/wp\/v2\/media?parent=31229"}],"wp:term":[{"taxonomy":"category","embeddable":true,"href":"https:\/\/www.faustyna.pl\/zmbm\/wp-json\/wp\/v2\/categories?post=31229"},{"taxonomy":"post_tag","embeddable":true,"href":"https:\/\/www.faustyna.pl\/zmbm\/wp-json\/wp\/v2\/tags?post=31229"}],"curies":[{"name":"wp","href":"https:\/\/api.w.org\/{rel}","templated":true}]}}