



{"id":31428,"date":"2025-12-09T09:25:25","date_gmt":"2025-12-09T08:25:25","guid":{"rendered":"https:\/\/www.faustyna.pl\/zmbm\/?page_id=31428"},"modified":"2026-01-10T09:41:47","modified_gmt":"2026-01-10T08:41:47","slug":"strona-sanktuarium-w-nowej-szacie","status":"publish","type":"page","link":"https:\/\/www.faustyna.pl\/zmbm\/strona-sanktuarium-w-nowej-szacie\/","title":{"rendered":"Strona Sanktuarium w nowej szacie"},"content":{"rendered":"<p><a href=\"https:\/\/www.faustyna.pl\/zmbm\/wp-content\/uploads\/2025\/12\/Sanktuarium-BM-w-Krakowie-Lagiewnikach-foto-Marek-Karnecki.jpg\" data-gallery><img loading=\"lazy\" decoding=\"async\" class=\"size-medium wp-image-31429 alignnone\" src=\"https:\/\/www.faustyna.pl\/zmbm\/wp-content\/uploads\/2025\/12\/Sanktuarium-BM-w-Krakowie-Lagiewnikach-foto-Marek-Karnecki-560x334.jpg\" alt=\"\" width=\"560\" height=\"334\" srcset=\"https:\/\/www.faustyna.pl\/zmbm\/wp-content\/uploads\/2025\/12\/Sanktuarium-BM-w-Krakowie-Lagiewnikach-foto-Marek-Karnecki-560x334.jpg 560w, https:\/\/www.faustyna.pl\/zmbm\/wp-content\/uploads\/2025\/12\/Sanktuarium-BM-w-Krakowie-Lagiewnikach-foto-Marek-Karnecki-140x83.jpg 140w, https:\/\/www.faustyna.pl\/zmbm\/wp-content\/uploads\/2025\/12\/Sanktuarium-BM-w-Krakowie-Lagiewnikach-foto-Marek-Karnecki.jpg 1024w\" sizes=\"auto, (max-width: 560px) 100vw, 560px\" \/><\/a><\/p>\n<p style=\"text-align: justify\">Strona: <a href=\"http:\/\/www.sanktuarium.faustyna.pl\">www.sanktuarium.faustyna.pl<\/a> prowadzona przez siostry ze Zgromadzenia Matki Bo\u017cej Mi\u0142osierdzia w Sanktuarium Bo\u017cego Mi\u0142osierdzia w Krakowie-\u0141agiewnikach jest ju\u017c w nowej szacie. S\u0105 na niej informacje dla pielgrzym\u00f3w (przewodnik \u00a0QR kod, zg\u0142aszanie pielgrzymek, noclegi, restauracja), transmisja z kaplicy \u0142askami s\u0142yn\u0105cego obrazu Jezusa Mi\u0142osiernego i grobu \u015bw. Faustyny, dzie\u0142a prowadzone przez siostry, aktualno\u015bci, galerie i materia\u0142y dotycz\u0105ce historii tego \u201emiejsca, kt\u00f3re wybra\u0142 B\u00f3g\u201d dla czci swego mi\u0142osierdzia.<\/p>\n","protected":false},"excerpt":{"rendered":"<p>Strona: www.sanktuarium.faustyna.pl prowadzona przez siostry ze Zgromadzenia Matki Bo\u017cej Mi\u0142osierdzia w Sanktuarium Bo\u017cego Mi\u0142osierdzia w Krakowie-\u0141agiewnikach jest ju\u017c w nowej szacie. S\u0105 na niej informacje dla pielgrzym\u00f3w (przewodnik \u00a0QR kod, zg\u0142aszanie pielgrzymek, noclegi, restauracja), transmisja z kaplicy \u0142askami s\u0142yn\u0105cego obrazu Jezusa Mi\u0142osiernego i grobu \u015bw. Faustyny, dzie\u0142a prowadzone przez siostry, aktualno\u015bci, galerie i materia\u0142y dotycz\u0105ce [&hellip;]<\/p>\n","protected":false},"author":2,"featured_media":31429,"parent":0,"menu_order":-1664,"comment_status":"closed","ping_status":"closed","template":"","meta":{"footnotes":""},"categories":[4],"tags":[],"class_list":["post-31428","page","type-page","status-publish","has-post-thumbnail","hentry","category-aktualnosci"],"_links":{"self":[{"href":"https:\/\/www.faustyna.pl\/zmbm\/wp-json\/wp\/v2\/pages\/31428","targetHints":{"allow":["GET"]}}],"collection":[{"href":"https:\/\/www.faustyna.pl\/zmbm\/wp-json\/wp\/v2\/pages"}],"about":[{"href":"https:\/\/www.faustyna.pl\/zmbm\/wp-json\/wp\/v2\/types\/page"}],"author":[{"embeddable":true,"href":"https:\/\/www.faustyna.pl\/zmbm\/wp-json\/wp\/v2\/users\/2"}],"replies":[{"embeddable":true,"href":"https:\/\/www.faustyna.pl\/zmbm\/wp-json\/wp\/v2\/comments?post=31428"}],"version-history":[{"count":1,"href":"https:\/\/www.faustyna.pl\/zmbm\/wp-json\/wp\/v2\/pages\/31428\/revisions"}],"predecessor-version":[{"id":31430,"href":"https:\/\/www.faustyna.pl\/zmbm\/wp-json\/wp\/v2\/pages\/31428\/revisions\/31430"}],"wp:featuredmedia":[{"embeddable":true,"href":"https:\/\/www.faustyna.pl\/zmbm\/wp-json\/wp\/v2\/media\/31429"}],"wp:attachment":[{"href":"https:\/\/www.faustyna.pl\/zmbm\/wp-json\/wp\/v2\/media?parent=31428"}],"wp:term":[{"taxonomy":"category","embeddable":true,"href":"https:\/\/www.faustyna.pl\/zmbm\/wp-json\/wp\/v2\/categories?post=31428"},{"taxonomy":"post_tag","embeddable":true,"href":"https:\/\/www.faustyna.pl\/zmbm\/wp-json\/wp\/v2\/tags?post=31428"}],"curies":[{"name":"wp","href":"https:\/\/api.w.org\/{rel}","templated":true}]}}