



{"id":31507,"date":"2025-12-31T10:17:21","date_gmt":"2025-12-31T09:17:21","guid":{"rendered":"https:\/\/www.faustyna.pl\/zmbm\/?page_id=31507"},"modified":"2026-01-10T09:42:02","modified_gmt":"2026-01-10T08:42:02","slug":"rocznice-w-2026-roku","status":"publish","type":"page","link":"https:\/\/www.faustyna.pl\/zmbm\/rocznice-w-2026-roku\/","title":{"rendered":"Rocznice w 2026 roku"},"content":{"rendered":"<p style=\"text-align: justify\"><a href=\"https:\/\/www.faustyna.pl\/zmbm\/wp-content\/uploads\/2025\/12\/Dzienniczek-publikacja.jpg\" data-gallery><img loading=\"lazy\" decoding=\"async\" class=\"size-medium wp-image-31508 alignnone\" src=\"https:\/\/www.faustyna.pl\/zmbm\/wp-content\/uploads\/2025\/12\/Dzienniczek-publikacja-560x333.jpg\" alt=\"\" width=\"560\" height=\"333\" srcset=\"https:\/\/www.faustyna.pl\/zmbm\/wp-content\/uploads\/2025\/12\/Dzienniczek-publikacja-560x333.jpg 560w, https:\/\/www.faustyna.pl\/zmbm\/wp-content\/uploads\/2025\/12\/Dzienniczek-publikacja-140x83.jpg 140w, https:\/\/www.faustyna.pl\/zmbm\/wp-content\/uploads\/2025\/12\/Dzienniczek-publikacja.jpg 1024w\" sizes=\"auto, (max-width: 560px) 100vw, 560px\" \/><\/a><\/p>\n<p style=\"text-align: justify\">Siostry ze Zgromadzenia Matki Bo\u017cej Mi\u0142osierdzia i aposto\u0142owie Bo\u017cego Mi\u0142osierdzia \u2013 pod\u0105\u017caj\u0105cy \u015bladami \u015bw. Faustyny oraz uczestnicz\u0105cy w jej misji g\u0142oszenia \u015bwiatu or\u0119dzia Mi\u0142osierdzia \u015bwiadectwem \u017cycia, czynem, s\u0142owem i modlitw\u0105 \u2013 w roku 2026 b\u0119d\u0105 prze\u017cywa\u0107 wspomina\u0107 i obchodzi\u0107 nast\u0119puj\u0105ce rocznice:<\/p>\n<p style=\"text-align: justify\"><strong><span style=\"color: #800000\">22 lutego \u2013<\/span> <span style=\"color: #800000\">95. rocznica objawienia obrazu Jezusa Mi\u0142osiernego \u015bw. Siostrze Faustynie Kowalskiej w klasztorze Zgromadzenia Matki Bo\u017cej Mi\u0142osierdzia w P\u0142ocku.<\/span><\/strong><\/p>\n<p style=\"text-align: justify\"><strong>22-24 lutego \u2013 \u00a0<\/strong>30. rocznica I Mi\u0119dzynarodowego Kongresu Aposto\u0142\u00f3w Bo\u017cego Mi\u0142osierdzia w Sanktuarium Bo\u017cego Mi\u0142osierdzia w Krakowie-\u0141agiewnikach. Temat: Apostolski Ruch Bo\u017cego Mi\u0142osierdzia.<\/p>\n<p style=\"text-align: justify\"><span style=\"color: #800000\"><strong>Maj<\/strong> \u2013 <strong>45. rocznica pierwszego krytycznego i pe\u0142nego wydania \u201eDzienniczka\u201d \u015bw. Siostry Faustyny Kowalskiej.<\/strong><\/span><\/p>\n<p style=\"text-align: justify\"><span style=\"color: #800000\"><strong>27 maja \u2013 20. rocznica pielgrzymki ojca \u015bw. Benedykta XVI do Sanktuarium Bo\u017cego Mi\u0142osierdzia w Krakowie-\u0141agiewnikach.<\/strong><\/span><\/p>\n<p style=\"text-align: justify\"><strong>18 czerwca <\/strong>\u2013 80. rocznica powstania domu Zgromadzenia Si\u00f3str Mastki Bo\u017cej Mi\u0142osierdzia w Zakopanem.<\/p>\n<p style=\"text-align: justify\"><strong>6 lipca\u00a0 \u2013 <\/strong>145. rocznica \u015bmierci za\u0142o\u017cycielki m. Teresy Potockiej w Wilanowie. Pochowana zosta\u0142a na Pow\u0105zkach w Warszawie (aleja T).<\/p>\n<p style=\"text-align: justify\"><strong>26-31 lipca \u2013 <\/strong>10. rocznica \u015awiatowych Dni M\u0142odzie\u017cy w Krakowie. Ich patronk\u0105 by\u0142a \u015bw. Siostra Faustyna i \u015bw. Jan Pawe\u0142 II. Przed spotkaniem w Krakowie m\u0142odzi ze 187 kraj\u00f3w \u015bwiata przebywali w r\u00f3\u017cnych diecezjach, a w dniach \u015aDM nawiedzili \u0142agiewnickie Sanktuarium Bo\u017cego Mi\u0142osierdzia, by modli\u0107 si\u0119 przed \u0142askami s\u0142yn\u0105cym obrazem Jezusa Mi\u0142osiernego i przy grobie Aposto\u0142ki Bo\u017cego Mi\u0142osierdzia.<strong>\u00a0<\/strong><\/p>\n<p style=\"text-align: justify\"><span style=\"color: #800000\"><strong>30 lipca <\/strong><strong>\u2013 <\/strong><strong>10. rocznica pielgrzymki<\/strong> <strong>papie\u017ca Franciszka do Sanktuarium Bo\u017cego Mi\u0142osierdzia w Krakowie-\u0141agiewnikach. Modlitwa Ojca \u015bw. przed \u0142askami s\u0142yn\u0105cym obrazem Jezusa Mi\u0142osiernego i przy grobie \u015bw. Siostry Faustyny oraz pos\u0142uga w konfesjonale w bazylice.<\/strong><\/span><\/p>\n<p style=\"text-align: justify\"><strong>1 sierpnia \u2013 <\/strong>15. rocznica dzie\u0142a \u201eNieustannej Koronki\u201d na stronie:\u00a0<a href=\"https:\/\/www.faustyna.pl\/\">www.faustyna.pl<\/a>\u00a0Dzi\u0119ki tej inicjatywie Koronka do Mi\u0142osierdzia Bo\u017cego odmawiana jest przez ca\u0142\u0105 dob\u0119, a do modlitwy si\u00f3str ze Zgromadzenia Matki Bo\u017cej Mi\u0142osierdzia codziennie do\u0142\u0105czaj\u0105 si\u0119 internauci z wielu kraj\u00f3w \u015bwiata.<\/p>\n<p style=\"text-align: justify\"><strong>15 sierpnia \u2013 <\/strong>25. rocznica pos\u0142ugi Zgromadzenia Si\u00f3str Matki Bo\u017cej Mi\u0142osierdzia w Postawach na Bia\u0142orusi.<\/p>\n<p style=\"text-align: justify\"><strong>25 sierpnia \u2013 <\/strong>25. rocznica pos\u0142ugi Zgromadzenia Si\u00f3str Matki Bo\u017cej Mi\u0142osierdzia \u00a0w\u00a0 \u015awinicach\u00a0Warckich.<\/p>\n<p style=\"text-align: justify\"><strong>16 listopada \u2013 <\/strong>80. rocznica powstania domu Zgromadzenia Si\u00f3str Matki Bo\u017cej Mi\u0142osierdzia we Wroc\u0142awiu.<\/p>\n<p style=\"text-align: justify\"><strong>4 grudnia \u2013 <\/strong>145. rocznica pos\u0142ugi Zgromadzenia Si\u00f3str Matki Bo\u017cej Mi\u0142osierdzia w Derdach ko\u0142o Warszawy.<\/p>\n<p style=\"text-align: justify\"><strong>2026 \u2013 <\/strong>100. rocznica powstania domu Zgromadzenia Si\u00f3str Matki Bo\u017cej Mi\u0142osierdzia na w Warszawie na Grochowie<\/p>\n","protected":false},"excerpt":{"rendered":"<p>Siostry ze Zgromadzenia Matki Bo\u017cej Mi\u0142osierdzia i aposto\u0142owie Bo\u017cego Mi\u0142osierdzia \u2013 pod\u0105\u017caj\u0105cy \u015bladami \u015bw. Faustyny oraz uczestnicz\u0105cy w jej misji g\u0142oszenia \u015bwiatu or\u0119dzia Mi\u0142osierdzia \u015bwiadectwem \u017cycia, czynem, s\u0142owem i modlitw\u0105 \u2013 w roku 2026 b\u0119d\u0105 prze\u017cywa\u0107 wspomina\u0107 i obchodzi\u0107 nast\u0119puj\u0105ce rocznice: 22 lutego \u2013 95. rocznica objawienia obrazu Jezusa Mi\u0142osiernego \u015bw. Siostrze Faustynie Kowalskiej w [&hellip;]<\/p>\n","protected":false},"author":2,"featured_media":31508,"parent":0,"menu_order":-1666,"comment_status":"closed","ping_status":"closed","template":"","meta":{"footnotes":""},"categories":[4],"tags":[],"class_list":["post-31507","page","type-page","status-publish","has-post-thumbnail","hentry","category-aktualnosci"],"_links":{"self":[{"href":"https:\/\/www.faustyna.pl\/zmbm\/wp-json\/wp\/v2\/pages\/31507","targetHints":{"allow":["GET"]}}],"collection":[{"href":"https:\/\/www.faustyna.pl\/zmbm\/wp-json\/wp\/v2\/pages"}],"about":[{"href":"https:\/\/www.faustyna.pl\/zmbm\/wp-json\/wp\/v2\/types\/page"}],"author":[{"embeddable":true,"href":"https:\/\/www.faustyna.pl\/zmbm\/wp-json\/wp\/v2\/users\/2"}],"replies":[{"embeddable":true,"href":"https:\/\/www.faustyna.pl\/zmbm\/wp-json\/wp\/v2\/comments?post=31507"}],"version-history":[{"count":1,"href":"https:\/\/www.faustyna.pl\/zmbm\/wp-json\/wp\/v2\/pages\/31507\/revisions"}],"predecessor-version":[{"id":31509,"href":"https:\/\/www.faustyna.pl\/zmbm\/wp-json\/wp\/v2\/pages\/31507\/revisions\/31509"}],"wp:featuredmedia":[{"embeddable":true,"href":"https:\/\/www.faustyna.pl\/zmbm\/wp-json\/wp\/v2\/media\/31508"}],"wp:attachment":[{"href":"https:\/\/www.faustyna.pl\/zmbm\/wp-json\/wp\/v2\/media?parent=31507"}],"wp:term":[{"taxonomy":"category","embeddable":true,"href":"https:\/\/www.faustyna.pl\/zmbm\/wp-json\/wp\/v2\/categories?post=31507"},{"taxonomy":"post_tag","embeddable":true,"href":"https:\/\/www.faustyna.pl\/zmbm\/wp-json\/wp\/v2\/tags?post=31507"}],"curies":[{"name":"wp","href":"https:\/\/api.w.org\/{rel}","templated":true}]}}