



{"id":32008,"date":"2026-03-04T10:48:29","date_gmt":"2026-03-04T09:48:29","guid":{"rendered":"https:\/\/www.faustyna.pl\/zmbm\/?page_id=32008"},"modified":"2026-03-18T15:45:13","modified_gmt":"2026-03-18T14:45:13","slug":"rekolekcje-o-bozym-milosierdziu-w-szkocji","status":"publish","type":"page","link":"https:\/\/www.faustyna.pl\/zmbm\/rekolekcje-o-bozym-milosierdziu-w-szkocji\/","title":{"rendered":"Rekolekcje o Bo\u017cym Mi\u0142osierdziu w Szkocji"},"content":{"rendered":"<p><a href=\"https:\/\/www.faustyna.pl\/zmbm\/wp-content\/uploads\/2026\/03\/Photo_Bill_Harrison.jpg\" data-gallery><img loading=\"lazy\" decoding=\"async\" class=\"size-medium wp-image-32009 alignnone\" src=\"https:\/\/www.faustyna.pl\/zmbm\/wp-content\/uploads\/2026\/03\/Photo_Bill_Harrison-560x334.jpg\" alt=\"\" width=\"560\" height=\"334\" srcset=\"https:\/\/www.faustyna.pl\/zmbm\/wp-content\/uploads\/2026\/03\/Photo_Bill_Harrison-560x334.jpg 560w, https:\/\/www.faustyna.pl\/zmbm\/wp-content\/uploads\/2026\/03\/Photo_Bill_Harrison-140x83.jpg 140w, https:\/\/www.faustyna.pl\/zmbm\/wp-content\/uploads\/2026\/03\/Photo_Bill_Harrison.jpg 1024w\" sizes=\"auto, (max-width: 560px) 100vw, 560px\" \/><\/a><\/p>\n<p style=\"text-align: justify\">W dniach 14-18 marca br. w Aberdeen, w Parafii Matki Bo\u017cej, odb\u0119d\u0105 si\u0119 wielkopostne rekolekcje o Bo\u017cym i ludzkim mi\u0142osierdziu w oparciu o s\u0142owo Bo\u017ce i duchowe dziedzictwo \u015bw. Siostry Faustyny. Rekolekcje dla wsp\u00f3lnoty polskiej i angloj\u0119zycznej poprowadz\u0105: s. Gaudia Skass i s. Tobiana Domiter z krakowskiej wsp\u00f3lnoty Zgromadzenia Matki Bo\u017cej Mi\u0142osierdzia. Foto: Bill Harrison.<\/p>\n","protected":false},"excerpt":{"rendered":"<p>W dniach 14-18 marca br. w Aberdeen, w Parafii Matki Bo\u017cej, odb\u0119d\u0105 si\u0119 wielkopostne rekolekcje o Bo\u017cym i ludzkim mi\u0142osierdziu w oparciu o s\u0142owo Bo\u017ce i duchowe dziedzictwo \u015bw. Siostry Faustyny. Rekolekcje dla wsp\u00f3lnoty polskiej i angloj\u0119zycznej poprowadz\u0105: s. Gaudia Skass i s. Tobiana Domiter z krakowskiej wsp\u00f3lnoty Zgromadzenia Matki Bo\u017cej Mi\u0142osierdzia. Foto: Bill Harrison.<\/p>\n","protected":false},"author":2,"featured_media":32009,"parent":0,"menu_order":-1566,"comment_status":"closed","ping_status":"closed","template":"","meta":{"footnotes":""},"categories":[104],"tags":[],"class_list":["post-32008","page","type-page","status-publish","has-post-thumbnail","hentry","category-archiwum"],"_links":{"self":[{"href":"https:\/\/www.faustyna.pl\/zmbm\/wp-json\/wp\/v2\/pages\/32008","targetHints":{"allow":["GET"]}}],"collection":[{"href":"https:\/\/www.faustyna.pl\/zmbm\/wp-json\/wp\/v2\/pages"}],"about":[{"href":"https:\/\/www.faustyna.pl\/zmbm\/wp-json\/wp\/v2\/types\/page"}],"author":[{"embeddable":true,"href":"https:\/\/www.faustyna.pl\/zmbm\/wp-json\/wp\/v2\/users\/2"}],"replies":[{"embeddable":true,"href":"https:\/\/www.faustyna.pl\/zmbm\/wp-json\/wp\/v2\/comments?post=32008"}],"version-history":[{"count":1,"href":"https:\/\/www.faustyna.pl\/zmbm\/wp-json\/wp\/v2\/pages\/32008\/revisions"}],"predecessor-version":[{"id":32010,"href":"https:\/\/www.faustyna.pl\/zmbm\/wp-json\/wp\/v2\/pages\/32008\/revisions\/32010"}],"wp:featuredmedia":[{"embeddable":true,"href":"https:\/\/www.faustyna.pl\/zmbm\/wp-json\/wp\/v2\/media\/32009"}],"wp:attachment":[{"href":"https:\/\/www.faustyna.pl\/zmbm\/wp-json\/wp\/v2\/media?parent=32008"}],"wp:term":[{"taxonomy":"category","embeddable":true,"href":"https:\/\/www.faustyna.pl\/zmbm\/wp-json\/wp\/v2\/categories?post=32008"},{"taxonomy":"post_tag","embeddable":true,"href":"https:\/\/www.faustyna.pl\/zmbm\/wp-json\/wp\/v2\/tags?post=32008"}],"curies":[{"name":"wp","href":"https:\/\/api.w.org\/{rel}","templated":true}]}}