



{"id":32029,"date":"2026-03-06T17:38:28","date_gmt":"2026-03-06T16:38:28","guid":{"rendered":"https:\/\/www.faustyna.pl\/zmbm\/?page_id=32029"},"modified":"2026-03-22T17:18:45","modified_gmt":"2026-03-22T16:18:45","slug":"rekolekcje-dla-osob-po-stracie-dziecka","status":"publish","type":"page","link":"https:\/\/www.faustyna.pl\/zmbm\/rekolekcje-dla-osob-po-stracie-dziecka\/","title":{"rendered":"Rekolekcje dla os\u00f3b po stracie dziecka"},"content":{"rendered":"<p><a href=\"https:\/\/www.faustyna.pl\/zmbm\/wp-content\/uploads\/2026\/03\/ChatGPT-Image-6-mar-2026-17_10_51.png\" data-gallery><img loading=\"lazy\" decoding=\"async\" class=\"size-medium wp-image-32030 alignnone\" src=\"https:\/\/www.faustyna.pl\/zmbm\/wp-content\/uploads\/2026\/03\/ChatGPT-Image-6-mar-2026-17_10_51-560x334.png\" alt=\"\" width=\"560\" height=\"334\" srcset=\"https:\/\/www.faustyna.pl\/zmbm\/wp-content\/uploads\/2026\/03\/ChatGPT-Image-6-mar-2026-17_10_51-560x334.png 560w, https:\/\/www.faustyna.pl\/zmbm\/wp-content\/uploads\/2026\/03\/ChatGPT-Image-6-mar-2026-17_10_51-140x83.png 140w, https:\/\/www.faustyna.pl\/zmbm\/wp-content\/uploads\/2026\/03\/ChatGPT-Image-6-mar-2026-17_10_51.png 1024w\" sizes=\"auto, (max-width: 560px) 100vw, 560px\" \/><\/a><\/p>\n<p style=\"text-align: justify\">W dniach 20-22 marca br. w Sanktuarium Bo\u017cego Mi\u0142osierdzia w Krakowie-\u0141agiewnikach odb\u0119d\u0105 si\u0119 rekolekcje dla os\u00f3b pod stracie dziecka pod has\u0142em: \u201eUzna\u0107 strat\u0119\u201d. Czas rekolekcji mo\u017ce by\u0107 pomoc\u0105, by\u00a0dobrze prze\u017cy\u0107 t\u0119\u00a0bolesn\u0105 strat\u0119, zanurzaj\u0105c w\u00a0Bo\u017cym mi\u0142osierdziu swoje poranione serce. Rekolekcje z\u00a0elementami pracy warsztatowej b\u0119d\u0105 czasem wsp\u00f3lnej modlitwy, okazj\u0105 do\u00a0uzyskania kompleksowej wiedzy i\u00a0wsparcia w\u00a0tym tak\u00a0delikatnym i trudnym do\u015bwiadczeniu.<\/p>\n<p style=\"text-align: justify\">Rekolekcje poprowadz\u0105: Anna Gandecka, \u017cona, matka, psychotraumatolog, pedagog specjalny, inicjatorka dzia\u0142aj\u0105cej w\u00a0Poznaniu poradni Carissima, kt\u00f3ra wspiera osoby po\u00a0stracie dziecka; Piotr Gandecki, m\u0105\u017c i\u00a0ojciec, pracuj\u0105cy w\u00a0redakcji czasopisma: \u201eTrwajcie w\u00a0mi\u0142o\u015bci\u201d; ks.\u00a0Marcin Skowron, kap\u0142an archidiecezji pozna\u0144skiej, wikariusz w Parafii \u015bw. Antoniego w\u00a0Poznaniu i katecheta w\u00a0pozna\u0144skim liceum.<\/p>\n","protected":false},"excerpt":{"rendered":"<p>W dniach 20-22 marca br. w Sanktuarium Bo\u017cego Mi\u0142osierdzia w Krakowie-\u0141agiewnikach odb\u0119d\u0105 si\u0119 rekolekcje dla os\u00f3b pod stracie dziecka pod has\u0142em: \u201eUzna\u0107 strat\u0119\u201d. Czas rekolekcji mo\u017ce by\u0107 pomoc\u0105, by\u00a0dobrze prze\u017cy\u0107 t\u0119\u00a0bolesn\u0105 strat\u0119, zanurzaj\u0105c w\u00a0Bo\u017cym mi\u0142osierdziu swoje poranione serce. Rekolekcje z\u00a0elementami pracy warsztatowej b\u0119d\u0105 czasem wsp\u00f3lnej modlitwy, okazj\u0105 do\u00a0uzyskania kompleksowej wiedzy i\u00a0wsparcia w\u00a0tym tak\u00a0delikatnym i trudnym [&hellip;]<\/p>\n","protected":false},"author":2,"featured_media":32030,"parent":0,"menu_order":-1569,"comment_status":"closed","ping_status":"closed","template":"","meta":{"footnotes":""},"categories":[104],"tags":[],"class_list":["post-32029","page","type-page","status-publish","has-post-thumbnail","hentry","category-archiwum"],"_links":{"self":[{"href":"https:\/\/www.faustyna.pl\/zmbm\/wp-json\/wp\/v2\/pages\/32029","targetHints":{"allow":["GET"]}}],"collection":[{"href":"https:\/\/www.faustyna.pl\/zmbm\/wp-json\/wp\/v2\/pages"}],"about":[{"href":"https:\/\/www.faustyna.pl\/zmbm\/wp-json\/wp\/v2\/types\/page"}],"author":[{"embeddable":true,"href":"https:\/\/www.faustyna.pl\/zmbm\/wp-json\/wp\/v2\/users\/2"}],"replies":[{"embeddable":true,"href":"https:\/\/www.faustyna.pl\/zmbm\/wp-json\/wp\/v2\/comments?post=32029"}],"version-history":[{"count":1,"href":"https:\/\/www.faustyna.pl\/zmbm\/wp-json\/wp\/v2\/pages\/32029\/revisions"}],"predecessor-version":[{"id":32031,"href":"https:\/\/www.faustyna.pl\/zmbm\/wp-json\/wp\/v2\/pages\/32029\/revisions\/32031"}],"wp:featuredmedia":[{"embeddable":true,"href":"https:\/\/www.faustyna.pl\/zmbm\/wp-json\/wp\/v2\/media\/32030"}],"wp:attachment":[{"href":"https:\/\/www.faustyna.pl\/zmbm\/wp-json\/wp\/v2\/media?parent=32029"}],"wp:term":[{"taxonomy":"category","embeddable":true,"href":"https:\/\/www.faustyna.pl\/zmbm\/wp-json\/wp\/v2\/categories?post=32029"},{"taxonomy":"post_tag","embeddable":true,"href":"https:\/\/www.faustyna.pl\/zmbm\/wp-json\/wp\/v2\/tags?post=32029"}],"curies":[{"name":"wp","href":"https:\/\/api.w.org\/{rel}","templated":true}]}}