



{"id":32033,"date":"2026-03-07T12:20:42","date_gmt":"2026-03-07T11:20:42","guid":{"rendered":"https:\/\/www.faustyna.pl\/zmbm\/?page_id=32033"},"modified":"2026-03-20T19:50:04","modified_gmt":"2026-03-20T18:50:04","slug":"rekolekcje-dla-dzieci-w-warszawie","status":"publish","type":"page","link":"https:\/\/www.faustyna.pl\/zmbm\/rekolekcje-dla-dzieci-w-warszawie\/","title":{"rendered":"Rekolekcje dla dzieci w Warszawie"},"content":{"rendered":"<p><a href=\"https:\/\/www.faustyna.pl\/zmbm\/wp-content\/uploads\/2026\/03\/Zytnia_ISMM.jpg\" data-gallery><img loading=\"lazy\" decoding=\"async\" class=\"size-medium wp-image-32034 alignnone\" src=\"https:\/\/www.faustyna.pl\/zmbm\/wp-content\/uploads\/2026\/03\/Zytnia_ISMM-560x333.jpg\" alt=\"\" width=\"560\" height=\"333\" srcset=\"https:\/\/www.faustyna.pl\/zmbm\/wp-content\/uploads\/2026\/03\/Zytnia_ISMM-560x333.jpg 560w, https:\/\/www.faustyna.pl\/zmbm\/wp-content\/uploads\/2026\/03\/Zytnia_ISMM-140x83.jpg 140w, https:\/\/www.faustyna.pl\/zmbm\/wp-content\/uploads\/2026\/03\/Zytnia_ISMM.jpg 1024w\" sizes=\"auto, (max-width: 560px) 100vw, 560px\" \/><\/a><\/p>\n<p style=\"text-align: justify\">W dniach 18-20 marca br.\u00a0 s. Terezjana i s. Agnes ze wsp\u00f3lnoty krakowskiej b\u0119d\u0105 g\u0142osi\u0107 rekolekcje w \u00a0Sanktuarium \u015bw. Faustyny na ul. \u017bytniej w Warszawie dla dzieci ze Szko\u0142y Podstawowej nr 221. Siostry zaprosz\u0105 najm\u0142odszych do \u201eOgrodu Mi\u0142osierdzia\u201d, a m\u0142odzie\u017c na spotkanie z Jezusem Mi\u0142osiernym na modlitwie i w codzienno\u015bci.<\/p>\n","protected":false},"excerpt":{"rendered":"<p>W dniach 18-20 marca br.\u00a0 s. Terezjana i s. Agnes ze wsp\u00f3lnoty krakowskiej b\u0119d\u0105 g\u0142osi\u0107 rekolekcje w \u00a0Sanktuarium \u015bw. Faustyny na ul. \u017bytniej w Warszawie dla dzieci ze Szko\u0142y Podstawowej nr 221. Siostry zaprosz\u0105 najm\u0142odszych do \u201eOgrodu Mi\u0142osierdzia\u201d, a m\u0142odzie\u017c na spotkanie z Jezusem Mi\u0142osiernym na modlitwie i w codzienno\u015bci.<\/p>\n","protected":false},"author":2,"featured_media":32034,"parent":0,"menu_order":-1567,"comment_status":"closed","ping_status":"closed","template":"","meta":{"footnotes":""},"categories":[104],"tags":[],"class_list":["post-32033","page","type-page","status-publish","has-post-thumbnail","hentry","category-archiwum"],"_links":{"self":[{"href":"https:\/\/www.faustyna.pl\/zmbm\/wp-json\/wp\/v2\/pages\/32033","targetHints":{"allow":["GET"]}}],"collection":[{"href":"https:\/\/www.faustyna.pl\/zmbm\/wp-json\/wp\/v2\/pages"}],"about":[{"href":"https:\/\/www.faustyna.pl\/zmbm\/wp-json\/wp\/v2\/types\/page"}],"author":[{"embeddable":true,"href":"https:\/\/www.faustyna.pl\/zmbm\/wp-json\/wp\/v2\/users\/2"}],"replies":[{"embeddable":true,"href":"https:\/\/www.faustyna.pl\/zmbm\/wp-json\/wp\/v2\/comments?post=32033"}],"version-history":[{"count":1,"href":"https:\/\/www.faustyna.pl\/zmbm\/wp-json\/wp\/v2\/pages\/32033\/revisions"}],"predecessor-version":[{"id":32035,"href":"https:\/\/www.faustyna.pl\/zmbm\/wp-json\/wp\/v2\/pages\/32033\/revisions\/32035"}],"wp:featuredmedia":[{"embeddable":true,"href":"https:\/\/www.faustyna.pl\/zmbm\/wp-json\/wp\/v2\/media\/32034"}],"wp:attachment":[{"href":"https:\/\/www.faustyna.pl\/zmbm\/wp-json\/wp\/v2\/media?parent=32033"}],"wp:term":[{"taxonomy":"category","embeddable":true,"href":"https:\/\/www.faustyna.pl\/zmbm\/wp-json\/wp\/v2\/categories?post=32033"},{"taxonomy":"post_tag","embeddable":true,"href":"https:\/\/www.faustyna.pl\/zmbm\/wp-json\/wp\/v2\/tags?post=32033"}],"curies":[{"name":"wp","href":"https:\/\/api.w.org\/{rel}","templated":true}]}}